{"id":15115,"date":"2020-09-08T04:43:26","date_gmt":"2020-09-08T04:43:26","guid":{"rendered":"https:\/\/wpbingosite.com\/wordpress\/kowine\/?page_id=15115"},"modified":"2024-11-15T08:10:37","modified_gmt":"2024-11-15T08:10:37","slug":"contact","status":"publish","type":"page","link":"https:\/\/twine.vn\/index.php\/contact\/","title":{"rendered":"Contact"},"content":{"rendered":"\t\t<div data-elementor-type=\"wp-page\" data-elementor-id=\"15115\" class=\"elementor elementor-15115\">\n\t\t\t\t\t\t<section class=\"elementor-section elementor-top-section elementor-element elementor-element-7c56f50 elementor-section-full_width elementor-section-height-default elementor-section-height-default\" data-id=\"7c56f50\" data-element_type=\"section\">\n\t\t\t\t\t\t<div class=\"elementor-container elementor-column-gap-default\">\n\t\t\t\t\t<div class=\"elementor-column elementor-col-100 elementor-top-column elementor-element elementor-element-6e29adc\" data-id=\"6e29adc\" data-element_type=\"column\">\n\t\t\t<div class=\"elementor-widget-wrap elementor-element-populated\">\n\t\t\t\t\t\t<div class=\"elementor-element elementor-element-12e6a61 elementor-widget elementor-widget-bwp_google_maps\" data-id=\"12e6a61\" data-element_type=\"widget\" data-widget_type=\"bwp_google_maps.default\">\n\t\t\t\t<div class=\"elementor-widget-container\">\n\t\t\t<div class=\"elementor-custom-embed\"><iframe src=\"https:\/\/maps.google.com\/maps?q=R%C6%B0%E1%BB%A3u%20ngo%E1%BA%A1i%20T-Wine%20%E6%B4%8B%E9%85%92%E5%BA%97&amp;t=m&amp;z=12&amp;output=embed&amp;iwloc=near\" aria-label=\"R\u01b0\u1ee3u ngo\u1ea1i T-Wine \u6d0b\u9152\u5e97\"><\/iframe><\/div>\t\t<\/div>\n\t\t\t\t<\/div>\n\t\t\t\t\t<\/div>\n\t\t<\/div>\n\t\t\t\t\t<\/div>\n\t\t<\/section>\n\t\t\t\t<section class=\"elementor-section elementor-top-section elementor-element elementor-element-21ddf1a elementor-section-boxed elementor-section-height-default elementor-section-height-default\" data-id=\"21ddf1a\" data-element_type=\"section\">\n\t\t\t\t\t\t<div class=\"elementor-container elementor-column-gap-extended\">\n\t\t\t\t\t<div class=\"elementor-column elementor-col-50 elementor-top-column elementor-element elementor-element-e64cff7\" data-id=\"e64cff7\" data-element_type=\"column\">\n\t\t\t<div class=\"elementor-widget-wrap elementor-element-populated\">\n\t\t\t\t\t\t<div class=\"elementor-element elementor-element-b00a11e elementor-widget elementor-widget-heading\" data-id=\"b00a11e\" data-element_type=\"widget\" data-widget_type=\"heading.default\">\n\t\t\t\t<div class=\"elementor-widget-container\">\n\t\t\t<h2 class=\"elementor-heading-title elementor-size-default\">R\u01af\u1ee2U NGO\u1ea0I TWINE<\/h2>\t\t<\/div>\n\t\t\t\t<\/div>\n\t\t\t\t<div class=\"elementor-element elementor-element-1268ad0 elementor-widget elementor-widget-text-editor\" data-id=\"1268ad0\" data-element_type=\"widget\" data-widget_type=\"text-editor.default\">\n\t\t\t\t<div class=\"elementor-widget-container\">\n\t\t\t\t\t\t\t<div dir=\"auto\">\u00a0<\/div><div dir=\"auto\"><span class=\"html-span xexx8yu x4uap5 x18d9i69 xkhd6sd x1hl2dhg x16tdsg8 x1vvkbs x3nfvp2 x1j61x8r x1fcty0u xdj266r xat24cr xgzva0m xhhsvwb xxymvpz xlup9mm x1kky2od\"><img decoding=\"async\" class=\"xz74otr\" src=\"https:\/\/static.xx.fbcdn.net\/images\/emoji.php\/v9\/t4d\/1\/16\/1f4de.png\" alt=\"\ud83d\udcde\" width=\"16\" height=\"16\" \/><\/span> Hotline: 0989.819.859 &#8211; 0898.683.465<\/div><div dir=\"auto\"><span class=\"html-span xexx8yu x4uap5 x18d9i69 xkhd6sd x1hl2dhg x16tdsg8 x1vvkbs x3nfvp2 x1j61x8r x1fcty0u xdj266r xat24cr xgzva0m xhhsvwb xxymvpz xlup9mm x1kky2od\"><img decoding=\"async\" class=\"xz74otr\" src=\"https:\/\/static.xx.fbcdn.net\/images\/emoji.php\/v9\/taa\/1\/16\/1f310.png\" alt=\"\ud83c\udf10\" width=\"16\" height=\"16\" \/><\/span> Website: <span class=\"html-span xdj266r x11i5rnm xat24cr x1mh8g0r xexx8yu x4uap5 x18d9i69 xkhd6sd x1hl2dhg x16tdsg8 x1vvkbs\"><a class=\"x1i10hfl xjbqb8w x1ejq31n xd10rxx x1sy0etr x17r0tee x972fbf xcfux6l x1qhh985 xm0m39n x9f619 x1ypdohk xt0psk2 xe8uvvx xdj266r x11i5rnm xat24cr x1mh8g0r xexx8yu x4uap5 x18d9i69 xkhd6sd x16tdsg8 x1hl2dhg xggy1nq x1a2a7pz x1sur9pj xkrqix3 x1fey0fg x1s688f\" tabindex=\"0\" role=\"link\" href=\"https:\/\/twine.vn\/?fbclid=IwZXh0bgNhZW0CMTAAAR0BjtOp4ClEXVh4utnhF_RAdhqpnqK8OYZ8cfrvgsiG8fB8ldv1FSBMntI_aem_D0174OHUdJokm0vBoYjo_g\" target=\"_blank\" rel=\"nofollow noopener noreferrer\">twine.vn<\/a><\/span><\/div><div dir=\"auto\"><span class=\"html-span xexx8yu x4uap5 x18d9i69 xkhd6sd x1hl2dhg x16tdsg8 x1vvkbs x3nfvp2 x1j61x8r x1fcty0u xdj266r xat24cr xgzva0m xhhsvwb xxymvpz xlup9mm x1kky2od\"><img decoding=\"async\" class=\"xz74otr\" src=\"https:\/\/static.xx.fbcdn.net\/images\/emoji.php\/v9\/t57\/1\/16\/1f4f1.png\" alt=\"\ud83d\udcf1\" width=\"16\" height=\"16\" \/><\/span> Fanpage: <span class=\"html-span xdj266r x11i5rnm xat24cr x1mh8g0r xexx8yu x4uap5 x18d9i69 xkhd6sd x1hl2dhg x16tdsg8 x1vvkbs\"><a class=\"x1i10hfl xjbqb8w x1ejq31n xd10rxx x1sy0etr x17r0tee x972fbf xcfux6l x1qhh985 xm0m39n x9f619 x1ypdohk xt0psk2 xe8uvvx xdj266r x11i5rnm xat24cr x1mh8g0r xexx8yu x4uap5 x18d9i69 xkhd6sd x16tdsg8 x1hl2dhg xggy1nq x1a2a7pz x1sur9pj xkrqix3 x1fey0fg x1s688f\" tabindex=\"0\" role=\"link\" href=\"http:\/\/fb.com\/ruoungoaitwine\" target=\"_blank\" rel=\"nofollow noopener noreferrer\">fb.com\/ruoungoaitwine<\/a><\/span> | <span class=\"html-span xdj266r x11i5rnm xat24cr x1mh8g0r xexx8yu x4uap5 x18d9i69 xkhd6sd x1hl2dhg x16tdsg8 x1vvkbs\"><a class=\"x1i10hfl xjbqb8w x1ejq31n xd10rxx x1sy0etr x17r0tee x972fbf xcfux6l x1qhh985 xm0m39n x9f619 x1ypdohk xt0psk2 xe8uvvx xdj266r x11i5rnm xat24cr x1mh8g0r xexx8yu x4uap5 x18d9i69 xkhd6sd x16tdsg8 x1hl2dhg xggy1nq x1a2a7pz x1sur9pj xkrqix3 x1fey0fg x1s688f\" tabindex=\"0\" role=\"link\" href=\"http:\/\/fb.com\/ruouvangtwine\" target=\"_blank\" rel=\"nofollow noopener noreferrer\">fb.com\/ruouvangtwine<\/a><\/span><\/div><div dir=\"auto\"><span class=\"html-span xexx8yu x4uap5 x18d9i69 xkhd6sd x1hl2dhg x16tdsg8 x1vvkbs x3nfvp2 x1j61x8r x1fcty0u xdj266r xat24cr xgzva0m xhhsvwb xxymvpz xlup9mm x1kky2od\"><img loading=\"lazy\" decoding=\"async\" class=\"xz74otr\" src=\"https:\/\/static.xx.fbcdn.net\/images\/emoji.php\/v9\/t33\/1\/16\/2705.png\" alt=\"\u2705\" width=\"16\" height=\"16\" \/><\/span> H\u00e0ng ch\u00ednh h\u00e3ng, ch\u1ea5t l\u01b0\u1ee3ng cao, xu\u1ea5t h\u00f3a \u0111\u01a1n VAT \u0111\u1ea7y \u0111\u1ee7<\/div><div dir=\"auto\"><span class=\"html-span xexx8yu x4uap5 x18d9i69 xkhd6sd x1hl2dhg x16tdsg8 x1vvkbs x3nfvp2 x1j61x8r x1fcty0u xdj266r xat24cr xgzva0m xhhsvwb xxymvpz xlup9mm x1kky2od\"><img loading=\"lazy\" decoding=\"async\" class=\"xz74otr\" src=\"https:\/\/static.xx.fbcdn.net\/images\/emoji.php\/v9\/tbd\/1\/16\/26d4.png\" alt=\"\u26d4\" width=\"16\" height=\"16\" \/><\/span> R\u01b0\u1ee3u ngo\u1ea1i Twine &#8211; Th\u01b0\u01a1ng hi\u1ec7u t\u1eeb n\u0103m 2021<\/div>\t\t\t\t\t\t<\/div>\n\t\t\t\t<\/div>\n\t\t\t\t<div class=\"elementor-element elementor-element-d6c0d09 elementor-view-framed elementor-position-left elementor-vertical-align-middle policy-contact elementor-shape-square elementor-mobile-position-top elementor-widget elementor-widget-icon-box\" data-id=\"d6c0d09\" data-element_type=\"widget\" data-widget_type=\"icon-box.default\">\n\t\t\t\t<div class=\"elementor-widget-container\">\n\t\t\t\t\t<div class=\"elementor-icon-box-wrapper\">\n\n\t\t\t\t\t\t<div class=\"elementor-icon-box-icon\">\n\t\t\t\t<span  class=\"elementor-icon elementor-animation-\">\n\t\t\t\t<svg xmlns=\"http:\/\/www.w3.org\/2000\/svg\" viewBox=\"0 0 368.16 368.16\"><path d=\"M184.08 0c-75 0-136 61-136 136 0 24.69 11.07 51.24 11.54 52.36a219.32 219.32 0 0015.72 29.4l93.24 141.29c3.82 5.79 9.47 9.11 15.5 9.11s11.68-3.32 15.5-9.1l93.25-141.3a218.41 218.41 0 0015.72-29.4c.47-1.11 11.53-27.66 11.53-52.36 0-75-61-136-136-136zM293.8 182.15c-3.2 7.61-9.76 19.87-14.33 26.8l-93.25 141.3c-1.84 2.79-2.43 2.79-4.27 0L88.7 208.95a201.05 201.05 0 01-14.33-26.8c-.14-.33-10.29-24.77-10.29-46.15 0-66.17 53.83-120 120-120s120 53.83 120 120c0 21.4-10.18 45.91-10.28 46.15z\"><\/path><path d=\"M184.08 64c-39.7 0-72 32.31-72 72 0 39.7 32.3 72 72 72s72-32.3 72-72c0-39.69-32.3-72-72-72zm0 128c-30.87 0-56-25.11-56-56s25.13-56 56-56 56 25.13 56 56-25.13 56-56 56z\"><\/path><\/svg>\t\t\t\t<\/span>\n\t\t\t<\/div>\n\t\t\t\n\t\t\t\t\t\t<div class=\"elementor-icon-box-content\">\n\n\t\t\t\t\t\t\t\t\t<div class=\"elementor-icon-box-title\">\n\t\t\t\t\t\t<span  >\n\t\t\t\t\t\t\t\u0110\u1ecba ch\u1ec9:\t\t\t\t\t\t<\/span>\n\t\t\t\t\t<\/div>\n\t\t\t\t\n\t\t\t\t\t\t\t\t\t<p class=\"elementor-icon-box-description\">\n\t\t\t\t\t\t144, \u0111\u01b0\u1eddng D1, KDC Ph\u00fa Ho\u00e0 1, ph\u01b0\u1eddng Ph\u00fa Ho\u00e0, th\u00e0nh ph\u1ed1 Th\u1ee7 D\u1ea7u M\u1ed9t, t\u1ec9nh B\u00ecnh D\u01b0\u01a1ng\t\t\t\t\t<\/p>\n\t\t\t\t\n\t\t\t<\/div>\n\t\t\t\n\t\t<\/div>\n\t\t\t\t<\/div>\n\t\t\t\t<\/div>\n\t\t\t\t<div class=\"elementor-element elementor-element-5ac4bbe elementor-view-framed elementor-position-left elementor-vertical-align-middle policy-contact elementor-shape-square elementor-mobile-position-top elementor-widget elementor-widget-icon-box\" data-id=\"5ac4bbe\" data-element_type=\"widget\" data-widget_type=\"icon-box.default\">\n\t\t\t\t<div class=\"elementor-widget-container\">\n\t\t\t\t\t<div class=\"elementor-icon-box-wrapper\">\n\n\t\t\t\t\t\t<div class=\"elementor-icon-box-icon\">\n\t\t\t\t<span  class=\"elementor-icon elementor-animation-\">\n\t\t\t\t<svg xmlns=\"http:\/\/www.w3.org\/2000\/svg\" xmlns:xlink=\"http:\/\/www.w3.org\/1999\/xlink\" id=\"Capa_1\" x=\"0px\" y=\"0px\" viewBox=\"0 0 511.999 511.999\" style=\"enable-background:new 0 0 511.999 511.999;\" xml:space=\"preserve\"><g>\t<g>\t\t<path d=\"M498.827,377.633l-63.649-63.649c-17.548-17.547-46.102-17.547-63.649,0l-28.931,28.931    c-13.294,13.294-34.926,13.29-48.215,0.005l-125.4-125.507c-13.325-13.325-13.327-34.892,0-48.219    c4.66-4.66,18.041-18.041,28.931-28.931c17.471-17.47,17.715-45.935-0.017-63.665l-63.632-63.432    C116.717-4.381,88.164-4.381,70.663,13.12C57.567,26.102,53.343,30.29,47.471,36.111c-63.28,63.279-63.28,166.242-0.003,229.519    l198.692,198.796c63.428,63.429,166.088,63.434,229.521,0l23.146-23.145C516.375,423.733,516.375,395.181,498.827,377.633z     M91.833,34.382c5.849-5.849,15.365-5.85,21.233,0.016l63.632,63.432c5.863,5.863,5.863,15.352,0,21.216l-10.609,10.608    l-84.81-84.81L91.833,34.382z M267.38,443.213L68.687,244.415c-48.958-48.958-51.649-125.833-8.276-178.006l84.564,84.564    c-22.22,25.189-21.294,63.572,2.787,87.653l125.396,125.501c0.001,0.001,0.003,0.003,0.004,0.004    c24.055,24.056,62.436,25.042,87.656,2.792l84.566,84.566C393.377,494.787,316.675,492.508,267.38,443.213z M477.612,420.065    l-10.609,10.609l-84.865-84.866l10.607-10.608c5.85-5.849,15.367-5.85,21.217,0l63.649,63.649    C483.461,404.699,483.461,414.217,477.612,420.065z\"><\/path>\t<\/g><\/g><g><\/g><g><\/g><g><\/g><g><\/g><g><\/g><g><\/g><g><\/g><g><\/g><g><\/g><g><\/g><g><\/g><g><\/g><g><\/g><g><\/g><g><\/g><\/svg>\t\t\t\t<\/span>\n\t\t\t<\/div>\n\t\t\t\n\t\t\t\t\t\t<div class=\"elementor-icon-box-content\">\n\n\t\t\t\t\t\t\t\t\t<div class=\"elementor-icon-box-title\">\n\t\t\t\t\t\t<span  >\n\t\t\t\t\t\t\tHotline\t\t\t\t\t\t<\/span>\n\t\t\t\t\t<\/div>\n\t\t\t\t\n\t\t\t\t\t\t\t\t\t<p class=\"elementor-icon-box-description\">\n\t\t\t\t\t\t0898.683.465\t\t\t\t\t<\/p>\n\t\t\t\t\n\t\t\t<\/div>\n\t\t\t\n\t\t<\/div>\n\t\t\t\t<\/div>\n\t\t\t\t<\/div>\n\t\t\t\t<div class=\"elementor-element elementor-element-556629b elementor-view-framed elementor-position-left elementor-vertical-align-middle policy-contact elementor-shape-square elementor-mobile-position-top elementor-widget elementor-widget-icon-box\" data-id=\"556629b\" data-element_type=\"widget\" data-widget_type=\"icon-box.default\">\n\t\t\t\t<div class=\"elementor-widget-container\">\n\t\t\t\t\t<div class=\"elementor-icon-box-wrapper\">\n\n\t\t\t\t\t\t<div class=\"elementor-icon-box-icon\">\n\t\t\t\t<span  class=\"elementor-icon elementor-animation-\">\n\t\t\t\t<svg xmlns=\"http:\/\/www.w3.org\/2000\/svg\" xmlns:xlink=\"http:\/\/www.w3.org\/1999\/xlink\" id=\"Capa_1\" x=\"0px\" y=\"0px\" viewBox=\"0 0 477.867 477.867\" style=\"enable-background:new 0 0 477.867 477.867;\" xml:space=\"preserve\"><g>\t<g>\t\t<path d=\"M460.8,68.267H17.067C7.641,68.267,0,75.908,0,85.333v307.2c0,9.426,7.641,17.067,17.067,17.067H460.8    c9.426,0,17.067-7.641,17.067-17.067v-307.2C477.867,75.908,470.226,68.267,460.8,68.267z M432.811,102.4L238.933,251.529    L45.056,102.4H432.811z M443.733,375.467h-409.6V137.062L228.54,286.6c6.13,4.707,14.657,4.707,20.787,0l194.406-149.538V375.467z    \"><\/path>\t<\/g><\/g><g><\/g><g><\/g><g><\/g><g><\/g><g><\/g><g><\/g><g><\/g><g><\/g><g><\/g><g><\/g><g><\/g><g><\/g><g><\/g><g><\/g><g><\/g><\/svg>\t\t\t\t<\/span>\n\t\t\t<\/div>\n\t\t\t\n\t\t\t\t\t\t<div class=\"elementor-icon-box-content\">\n\n\t\t\t\t\t\t\t\t\t<div class=\"elementor-icon-box-title\">\n\t\t\t\t\t\t<span  >\n\t\t\t\t\t\t\tEmail\t\t\t\t\t\t<\/span>\n\t\t\t\t\t<\/div>\n\t\t\t\t\n\t\t\t\t\t\t\t\t\t<p class=\"elementor-icon-box-description\">\n\t\t\t\t\t\truoungoaitwine@gmail.com\t\t\t\t\t<\/p>\n\t\t\t\t\n\t\t\t<\/div>\n\t\t\t\n\t\t<\/div>\n\t\t\t\t<\/div>\n\t\t\t\t<\/div>\n\t\t\t\t\t<\/div>\n\t\t<\/div>\n\t\t\t\t<div class=\"elementor-column elementor-col-50 elementor-top-column elementor-element elementor-element-bf34dcf\" data-id=\"bf34dcf\" data-element_type=\"column\" data-settings=\"{&quot;background_background&quot;:&quot;classic&quot;}\">\n\t\t\t<div class=\"elementor-widget-wrap elementor-element-populated\">\n\t\t\t\t\t\t<div class=\"elementor-element elementor-element-081dfe7 elementor-view-default elementor-widget elementor-widget-icon\" data-id=\"081dfe7\" data-element_type=\"widget\" data-widget_type=\"icon.default\">\n\t\t\t\t<div class=\"elementor-widget-container\">\n\t\t\t\t\t<div class=\"elementor-icon-wrapper\">\n\t\t\t<div class=\"elementor-icon\">\n\t\t\t<svg xmlns=\"http:\/\/www.w3.org\/2000\/svg\" height=\"511pt\" viewBox=\"-9 0 511 511.99965\" width=\"511pt\"><path d=\"m490.96875 463.679688-30.644531-39.507813c-28.933594-37.300781-65.699219-67.578125-107.554688-88.800781 22.59375-22.472656 37.71875-51.621094 42.976563-83.226563l25.179687-151.386719c.6875-4.113281-1.253906-8.21875-4.863281-10.300781l-154.351562-89.117187c-3.613282-2.085938-8.136719-1.710938-11.355469.9375l-118.515625 97.503906c-31.863282 26.214844-51.988282 64.839844-55.21875 105.976562-.027344.347657-.039063.691407-.066406 1.035157-3.476563-10.542969-6.453126-21.285157-8.882813-32.203125-3.488281-15.664063-17.132813-26.601563-33.179687-26.601563-9.75 0-19.042969 4.195313-25.492188 11.507813s-9.453125 17.054687-8.234375 26.730468c9.863281 78.367188 42.015625 151.6875 92.976563 212.035157 5.96875 7.070312 12.320312 13.816406 18.972656 20.25l-19.574219 33.90625-53.554687-30.921875c-4.785157-2.761719-10.902344-1.121094-13.660157 3.660156-2.761719 4.785156-1.125 10.898438 3.660157 13.660156l124.429687 71.839844c1.574219.910156 3.292969 1.339844 4.988281 1.339844 3.457032 0 6.820313-1.792969 8.671875-5 2.761719-4.78125 1.121094-10.898438-3.660156-13.660156l-53.554687-30.917969 17.453124-30.230469c21.078126 17.578125 44.742188 32.066406 70.03125 42.726562l86.097657 36.296876c1.269531.535156 2.585937.789062 3.882812.789062 3.898438 0 7.609375-2.296875 9.21875-6.117188 2.144531-5.089843-.242187-10.953124-5.328125-13.101562l-86.101562-36.292969c-37.207032-15.6875-70.644532-40.28125-96.691406-71.128906-48.460938-57.386719-79.035157-127.109375-88.414063-201.628906-.511719-4.042969.695313-7.949219 3.390625-11.003907 2.691406-3.054687 6.417969-4.738281 10.492188-4.738281 6.605468 0 12.222656 4.503907 13.65625 10.953125 9.859374 44.261719 27.992187 85.890625 53.292968 122.921875 1.351563 2.046875 2.765625 4.058594 4.21875 6.046875 11.328125 15.855469 23.984375 30.832032 37.90625 44.753906l38.023438 38.027344c6.054687 6.054688 14.105468 9.386719 22.664062 9.386719s16.609375-3.332031 22.664063-9.386719c12.492187-12.496094 12.492187-32.828125 0-45.324218l-64.1875-64.1875c-3.621094-3.621094-5.613281-8.433594-5.613281-13.550782 0-5.117187 1.992187-9.929687 5.613281-13.546875 7.46875-7.472656 19.625-7.472656 27.097656 0l14.425781 14.425781c31.804688 31.808594 69.234375 56.09375 111.242188 72.179688 50.960937 19.519531 95.578125 52.625 129.023437 95.746094l30.648438 39.507812c3.382812 4.363282 9.667969 5.15625 14.03125 1.769532 4.363281-3.386719 5.15625-9.667969 1.769531-14.03125zm-346.421875-348.453126 113.164063-93.101562 25.394531 14.660156-53.71875 44.191406c-4.261719 3.511719-4.875 9.8125-1.367188 14.078126 1.976563 2.402343 4.839844 3.644531 7.730469 3.644531 2.234375 0 4.484375-.746094 6.347656-2.277344l59.507813-48.957031 98.453125 56.84375-16.839844 101.242187c-7.574219 5.414063-58.617188 37.761719-140.234375-6.175781-51.859375-27.921875-92.917969-26.933594-118.230469-21.1875-9.882812 2.242188-18.210937 5.367188-24.890625 8.492188 6.734375-27.808594 22.402344-53.125 44.683594-71.453126zm59.707031 264.851563c-3.21875 0-6.246094-1.253906-8.519531-3.53125l-7.921875-7.917969c.835938.332032 1.671875.667969 2.511719.992188 7.339843 2.824218 14.933593 5.074218 22.625 6.734375-.0625.0625-.113281.132812-.175781.195312-2.273438 2.273438-5.300782 3.527344-8.519532 3.527344zm14.140625-125.714844-14.425781-14.425781c-15.269531-15.269531-40.113281-15.269531-55.382812 0-7.394532 7.394531-11.472657 17.230469-11.472657 27.691406 0 10.460938 4.074219 20.292969 11.472657 27.691406l59.058593 59.058594c-3.425781-1.007812-6.816406-2.144531-10.144531-3.425781-18.863281-7.253906-36.394531-17.375-52.109375-30.085937-8.929687-7.222657-16.757813-15.488282-23.410156-24.519532-1.324219-1.855468-2.628907-3.726562-3.914063-5.605468-15.269531-23.160157-23.074218-50.804688-21.769531-79.128907 11.609375-8.105469 60.492187-35.925781 137.207031 5.371094 35.898438 19.324219 66.746094 25.097656 90.792969 25.097656 10.628906 0 19.933594-1.125 27.75-2.710937 10.894531-2.207032 19.9375-5.460938 26.992187-8.664063l-3.023437 18.15625c-4.976563 29.921875-20.128906 57.316407-42.765625 77.429688-3.503906-1.488281-7.039062-2.917969-10.601562-4.285157-39.371094-15.078124-74.445313-37.835937-104.253907-67.644531zm0 0\"><\/path><path d=\"m208.722656 120.929688c2.628906 0 5.210938-1.070313 7.070313-2.929688s2.929687-4.441406 2.929687-7.070312c0-2.628907-1.070312-5.210938-2.929687-7.070313-1.863281-1.859375-4.429688-2.929687-7.070313-2.929687-2.628906 0-5.210937 1.070312-7.070312 2.929687s-2.929688 4.441406-2.929688 7.070313c0 2.628906 1.070313 5.210937 2.929688 7.070312s4.441406 2.929688 7.070312 2.929688zm0 0\"><\/path><\/svg>\t\t\t<\/div>\n\t\t<\/div>\n\t\t\t\t<\/div>\n\t\t\t\t<\/div>\n\t\t\t\t<div class=\"elementor-element elementor-element-d61af38 elementor-widget elementor-widget-heading\" data-id=\"d61af38\" data-element_type=\"widget\" data-widget_type=\"heading.default\">\n\t\t\t\t<div class=\"elementor-widget-container\">\n\t\t\t<h2 class=\"elementor-heading-title elementor-size-default\">Send us a message<\/h2>\t\t<\/div>\n\t\t\t\t<\/div>\n\t\t\t\t<div class=\"elementor-element elementor-element-4994da7 elementor-widget elementor-widget-spacer\" data-id=\"4994da7\" data-element_type=\"widget\" data-widget_type=\"spacer.default\">\n\t\t\t\t<div class=\"elementor-widget-container\">\n\t\t\t\t\t<div class=\"elementor-spacer\">\n\t\t\t<div class=\"elementor-spacer-inner\"><\/div>\n\t\t<\/div>\n\t\t\t\t<\/div>\n\t\t\t\t<\/div>\n\t\t\t\t<div class=\"elementor-element elementor-element-672b46a elementor-widget elementor-widget-shortcode\" data-id=\"672b46a\" data-element_type=\"widget\" data-widget_type=\"shortcode.default\">\n\t\t\t\t<div class=\"elementor-widget-container\">\n\t\t\t\t\t<div class=\"elementor-shortcode\">\n<div class=\"wpcf7 no-js\" id=\"wpcf7-f8-o1\" lang=\"vi\" dir=\"ltr\" data-wpcf7-id=\"8\">\n<div class=\"screen-reader-response\"><p role=\"status\" aria-live=\"polite\" aria-atomic=\"true\"><\/p> <ul><\/ul><\/div>\n<form action=\"\/index.php\/wp-json\/wp\/v2\/pages\/15115#wpcf7-f8-o1\" method=\"post\" class=\"wpcf7-form init\" aria-label=\"Form li\u00ean h\u1ec7\" novalidate=\"novalidate\" data-status=\"init\">\n<div style=\"display: none;\">\n<input type=\"hidden\" name=\"_wpcf7\" value=\"8\" \/>\n<input type=\"hidden\" name=\"_wpcf7_version\" value=\"6.0.1\" \/>\n<input type=\"hidden\" name=\"_wpcf7_locale\" value=\"vi\" \/>\n<input type=\"hidden\" name=\"_wpcf7_unit_tag\" value=\"wpcf7-f8-o1\" \/>\n<input type=\"hidden\" name=\"_wpcf7_container_post\" value=\"0\" \/>\n<input type=\"hidden\" name=\"_wpcf7_posted_data_hash\" value=\"\" \/>\n<\/div>\n<p><label> Your name<br \/>\n<span class=\"wpcf7-form-control-wrap\" data-name=\"your-name\"><input size=\"40\" maxlength=\"400\" class=\"wpcf7-form-control wpcf7-text wpcf7-validates-as-required\" autocomplete=\"name\" aria-required=\"true\" aria-invalid=\"false\" value=\"\" type=\"text\" name=\"your-name\" \/><\/span> <\/label>\n<\/p>\n<p><label> Your email<br \/>\n<span class=\"wpcf7-form-control-wrap\" data-name=\"your-email\"><input size=\"40\" maxlength=\"400\" class=\"wpcf7-form-control wpcf7-email wpcf7-validates-as-required wpcf7-text wpcf7-validates-as-email\" autocomplete=\"email\" aria-required=\"true\" aria-invalid=\"false\" value=\"\" type=\"email\" name=\"your-email\" \/><\/span> <\/label>\n<\/p>\n<p><label> Subject<br \/>\n<span class=\"wpcf7-form-control-wrap\" data-name=\"your-subject\"><input size=\"40\" maxlength=\"400\" class=\"wpcf7-form-control wpcf7-text wpcf7-validates-as-required\" aria-required=\"true\" aria-invalid=\"false\" value=\"\" type=\"text\" name=\"your-subject\" \/><\/span> <\/label>\n<\/p>\n<p><label> Your message (optional)<br \/>\n<span class=\"wpcf7-form-control-wrap\" data-name=\"your-message\"><textarea cols=\"40\" rows=\"10\" maxlength=\"2000\" class=\"wpcf7-form-control wpcf7-textarea\" aria-invalid=\"false\" name=\"your-message\"><\/textarea><\/span> <\/label>\n<\/p>\n<p><input class=\"wpcf7-form-control wpcf7-submit has-spinner\" type=\"submit\" value=\"Submit\" \/>\n<\/p><div class=\"wpcf7-response-output\" aria-hidden=\"true\"><\/div>\n<\/form>\n<\/div>\n<\/div>\n\t\t\t\t<\/div>\n\t\t\t\t<\/div>\n\t\t\t\t\t<\/div>\n\t\t<\/div>\n\t\t\t\t\t<\/div>\n\t\t<\/section>\n\t\t\t\t<section class=\"elementor-section elementor-top-section elementor-element elementor-element-a91ee2e elementor-section-boxed elementor-section-height-default elementor-section-height-default\" data-id=\"a91ee2e\" data-element_type=\"section\" data-settings=\"{&quot;background_background&quot;:&quot;classic&quot;}\">\n\t\t\t\t\t\t<div class=\"elementor-container elementor-column-gap-extended\">\n\t\t\t\t\t<div class=\"elementor-column elementor-col-50 elementor-top-column elementor-element elementor-element-aeb4c41\" data-id=\"aeb4c41\" data-element_type=\"column\">\n\t\t\t<div class=\"elementor-widget-wrap elementor-element-populated\">\n\t\t\t\t\t\t<div class=\"elementor-element elementor-element-58985eb text-block-wapper-2 elementor-widget-tablet__width-auto elementor-widget elementor-widget-text-editor\" data-id=\"58985eb\" data-element_type=\"widget\" data-widget_type=\"text-editor.default\">\n\t\t\t\t<div class=\"elementor-widget-container\">\n\t\t\t\t\t\t\t<h2>Th\u01b0\u1edfng th\u1ee9c c\u00f3 tr\u00e1ch nhi\u1ec7m.\u00a0<\/h2><p>Kh\u00f4ng chia s\u1ebb n\u1ed9i dung n\u00e0y cho ng\u01b0\u1eddi d\u01b0\u1edbi 18 tu\u1ed5i<\/p>\t\t\t\t\t\t<\/div>\n\t\t\t\t<\/div>\n\t\t\t\t\t<\/div>\n\t\t<\/div>\n\t\t\t\t<div class=\"elementor-column elementor-col-50 elementor-top-column elementor-element elementor-element-6575b92\" data-id=\"6575b92\" data-element_type=\"column\">\n\t\t\t<div class=\"elementor-widget-wrap elementor-element-populated\">\n\t\t\t\t\t\t<div class=\"elementor-element elementor-element-6615f0b elementor-widget__width-inherit elementor-widget elementor-widget-shortcode\" data-id=\"6615f0b\" data-element_type=\"widget\" data-widget_type=\"shortcode.default\">\n\t\t\t\t<div class=\"elementor-widget-container\">\n\t\t\t\t\t<div class=\"elementor-shortcode\">\n<div class=\"wpcf7 no-js\" id=\"wpcf7-f1287-o2\" lang=\"en-US\" dir=\"ltr\" data-wpcf7-id=\"1287\">\n<div class=\"screen-reader-response\"><p role=\"status\" aria-live=\"polite\" aria-atomic=\"true\"><\/p> <ul><\/ul><\/div>\n<form action=\"\/index.php\/wp-json\/wp\/v2\/pages\/15115#wpcf7-f1287-o2\" method=\"post\" class=\"wpcf7-form init\" aria-label=\"Contact form\" novalidate=\"novalidate\" data-status=\"init\">\n<div style=\"display: none;\">\n<input type=\"hidden\" name=\"_wpcf7\" value=\"1287\" \/>\n<input type=\"hidden\" name=\"_wpcf7_version\" value=\"6.0.1\" \/>\n<input type=\"hidden\" name=\"_wpcf7_locale\" value=\"en_US\" \/>\n<input type=\"hidden\" name=\"_wpcf7_unit_tag\" value=\"wpcf7-f1287-o2\" \/>\n<input type=\"hidden\" name=\"_wpcf7_container_post\" value=\"0\" \/>\n<input type=\"hidden\" name=\"_wpcf7_posted_data_hash\" value=\"\" \/>\n<\/div>\n<div class=\"wpbingo-newsletter newsletter-default\">\n\t<div class=\"content-newsletter\">\n\t\t<p><span class=\"wpcf7-form-control-wrap\" data-name=\"your-email\"><input size=\"40\" maxlength=\"400\" class=\"wpcf7-form-control wpcf7-email wpcf7-validates-as-required wpcf7-text wpcf7-validates-as-email\" aria-required=\"true\" aria-invalid=\"false\" placeholder=\"Your email address...\" value=\"\" type=\"email\" name=\"your-email\" \/><\/span><span class=\"clearfix\"><input class=\"wpcf7-form-control wpcf7-submit has-spinner\" type=\"submit\" value=\"SUBMIT\" \/><\/span>\n\t\t<\/p>\n\t<\/div>\n<\/div><div class=\"wpcf7-response-output\" aria-hidden=\"true\"><\/div>\n<\/form>\n<\/div>\n<\/div>\n\t\t\t\t<\/div>\n\t\t\t\t<\/div>\n\t\t\t\t\t<\/div>\n\t\t<\/div>\n\t\t\t\t\t<\/div>\n\t\t<\/section>\n\t\t\t\t<\/div>\n\t\t","protected":false},"excerpt":{"rendered":"<p>R\u01af\u1ee2U NGO\u1ea0I TWINE \u00a0 Hotline: 0989.819.859 &#8211; 0898.683.465 Website: twine.vn Fanpage: fb.com\/ruoungoaitwine | fb.com\/ruouvangtwine H\u00e0ng ch\u00ednh h\u00e3ng, ch\u1ea5t l\u01b0\u1ee3ng cao, xu\u1ea5t h\u00f3a \u0111\u01a1n VAT \u0111\u1ea7y \u0111\u1ee7 R\u01b0\u1ee3u ngo\u1ea1i Twine &#8211; Th\u01b0\u01a1ng hi\u1ec7u t\u1eeb n\u0103m 2021 \u0110\u1ecba ch\u1ec9: 144, \u0111\u01b0\u1eddng D1, KDC Ph\u00fa Ho\u00e0 1, ph\u01b0\u1eddng Ph\u00fa Ho\u00e0, th\u00e0nh ph\u1ed1 Th\u1ee7 D\u1ea7u M\u1ed9t, t\u1ec9nh B\u00ecnh D\u01b0\u01a1ng [&hellip;]<\/p>\n","protected":false},"author":1,"featured_media":0,"parent":0,"menu_order":0,"comment_status":"closed","ping_status":"closed","template":"","meta":{"footnotes":""},"class_list":["post-15115","page","type-page","status-publish","hentry"],"_links":{"self":[{"href":"https:\/\/twine.vn\/index.php\/wp-json\/wp\/v2\/pages\/15115","targetHints":{"allow":["GET"]}}],"collection":[{"href":"https:\/\/twine.vn\/index.php\/wp-json\/wp\/v2\/pages"}],"about":[{"href":"https:\/\/twine.vn\/index.php\/wp-json\/wp\/v2\/types\/page"}],"author":[{"embeddable":true,"href":"https:\/\/twine.vn\/index.php\/wp-json\/wp\/v2\/users\/1"}],"replies":[{"embeddable":true,"href":"https:\/\/twine.vn\/index.php\/wp-json\/wp\/v2\/comments?post=15115"}],"version-history":[{"count":9,"href":"https:\/\/twine.vn\/index.php\/wp-json\/wp\/v2\/pages\/15115\/revisions"}],"predecessor-version":[{"id":24588,"href":"https:\/\/twine.vn\/index.php\/wp-json\/wp\/v2\/pages\/15115\/revisions\/24588"}],"wp:attachment":[{"href":"https:\/\/twine.vn\/index.php\/wp-json\/wp\/v2\/media?parent=15115"}],"curies":[{"name":"wp","href":"https:\/\/api.w.org\/{rel}","templated":true}]}}