{"id":24828,"date":"2024-12-16T15:07:50","date_gmt":"2024-12-16T15:07:50","guid":{"rendered":"https:\/\/twine.vn\/?post_type=product&#038;p=24828"},"modified":"2024-12-23T16:03:53","modified_gmt":"2024-12-23T16:03:53","slug":"jagermeister","status":"publish","type":"product","link":"https:\/\/twine.vn\/index.php\/product\/jagermeister\/","title":{"rendered":"J\u00e4germeister"},"content":{"rendered":"<p><span style=\"font-family: helvetica, arial, sans-serif;\">Ra \u0111\u1eddi t\u1eeb n\u0103m 1934 t\u1ea1i Wolfenb\u00fcttel, \u0110\u1ee9c, J\u00e4germeister l\u00e0 m\u1ed9t trong nh\u1eefng lo\u1ea1i r\u01b0\u1ee3u th\u1ea3o m\u1ed9c n\u1ed5i ti\u1ebfng nh\u1ea5t tr\u00ean th\u1ebf gi\u1edbi. \u0110\u01b0\u1ee3c t\u1ea1o n\u00ean t\u1eeb 56 lo\u1ea1i th\u1ea3o m\u1ed9c, hoa, r\u1ec5 c\u00e2y v\u00e0 tr\u00e1i c\u00e2y kh\u00e1c nhau, J\u00e4germeister l\u00e0 bi\u1ec3u t\u01b0\u1ee3ng c\u1ee7a s\u1ef1 c\u00e2n b\u1eb1ng ho\u00e0n h\u1ea3o gi\u1eefa truy\u1ec1n th\u1ed1ng v\u00e0 h\u01b0\u01a1ng v\u1ecb \u0111\u1ed9c \u0111\u00e1o.<\/span><\/p>\n<p><span style=\"font-family: helvetica, arial, sans-serif;\"><strong>H\u01b0\u01a1ng V\u1ecb \u0110\u1ed9c \u0110\u00e1o<\/strong><\/span><\/p>\n<ul>\n<li><span style=\"font-family: helvetica, arial, sans-serif;\"><strong>M\u0169i (Nose):<\/strong> H\u01b0\u01a1ng th\u01a1m c\u1ee7a cam th\u1ea3o, qu\u1ebf, cam, g\u1eebng v\u00e0 c\u00e1c lo\u1ea1i th\u1ea3o m\u1ed9c.<\/span><\/li>\n<li><span style=\"font-family: helvetica, arial, sans-serif;\"><strong>V\u1ecb (Palate):<\/strong> S\u1ef1 h\u00f2a quy\u1ec7n tinh t\u1ebf gi\u1eefa th\u1ea3o m\u1ed9c \u0111\u1eafng nh\u1eb9, ng\u1ecdt d\u1ecbu c\u1ee7a caramel v\u00e0 ch\u00fat cay \u1ea5m t\u1eeb g\u1eebng.<\/span><\/li>\n<li><span style=\"font-family: helvetica, arial, sans-serif;\"><strong>D\u01b0 v\u1ecb (Finish):<\/strong> \u0110\u1eadm \u0111\u00e0, k\u00e9o d\u00e0i v\u1edbi c\u1ea3m gi\u00e1c \u1ea5m \u00e1p v\u00e0 d\u1ec5 ch\u1ecbu.<\/span><\/li>\n<\/ul>\n<p><span style=\"font-family: helvetica, arial, sans-serif;\"><strong>\u0110\u1eb7c \u0110i\u1ec3m S\u1ea3n Ph\u1ea9m<\/strong><\/span><\/p>\n<ul>\n<li><span style=\"font-family: helvetica, arial, sans-serif;\"><strong>Dung t\u00edch:<\/strong> 700ml<\/span><\/li>\n<li><span style=\"font-family: helvetica, arial, sans-serif;\"><strong>N\u1ed3ng \u0111\u1ed9 c\u1ed3n:<\/strong> 35% ABV<\/span><\/li>\n<li><span style=\"font-family: helvetica, arial, sans-serif;\"><strong>Xu\u1ea5t x\u1ee9:<\/strong> \u0110\u1ee9c<\/span><\/li>\n<\/ul>\n<p><span style=\"font-family: helvetica, arial, sans-serif;\">J\u00e4germeister l\u00e0 l\u1ef1a ch\u1ecdn ho\u00e0n h\u1ea3o \u0111\u1ec3 th\u01b0\u1edfng th\u1ee9c tr\u1ef1c ti\u1ebfp khi \u0111\u01b0\u1ee3c \u01b0\u1edbp l\u1ea1nh ho\u1eb7c d\u00f9ng l\u00e0m nguy\u00ean li\u1ec7u ch\u00ednh trong c\u00e1c lo\u1ea1i cocktail s\u00e1ng t\u1ea1o nh\u01b0 J\u00e4gerbomb.<\/span><\/p>\n<p><span style=\"font-family: helvetica, arial, sans-serif;\"><strong>R\u01b0\u1ee3u Ngo\u1ea1i Twine \u2013 Th\u01b0\u01a1ng Hi\u1ec7u T\u1eeb N\u0103m 2021<\/strong><\/span><\/p>\n<ul>\n<li><span style=\"font-family: helvetica, arial, sans-serif;\"><strong>\u0110\u1ecba ch\u1ec9:<\/strong> 144, \u0110\u01b0\u1eddng D1, KDC Ph\u00fa H\u00f2a 1, TP. Th\u1ee7 D\u1ea7u M\u1ed9t, B\u00ecnh D\u01b0\u01a1ng<\/span><\/li>\n<li><span style=\"font-family: helvetica, arial, sans-serif;\"><strong>Hotline:<\/strong> 0989.819.859 \u2013 0898.683.465<\/span><\/li>\n<li><span style=\"font-family: helvetica, arial, sans-serif;\"><strong>Fanpage:<\/strong> fb.com\/ruoungoaitwine | fb.com\/ruouvangtwine<\/span><\/li>\n<\/ul>\n<p><span style=\"font-family: helvetica, arial, sans-serif;\">Twine \u2013 \u0110\u01b0a nh\u1eefng tinh hoa r\u01b0\u1ee3u ngo\u1ea1i ch\u00ednh h\u00e3ng \u0111\u1ebfn tay b\u1ea1n!<\/span><\/p>\n","protected":false},"excerpt":{"rendered":"<p><span style=\"font-family: helvetica, arial, sans-serif;\">Ra \u0111\u1eddi t\u1eeb n\u0103m 1934 t\u1ea1i Wolfenb\u00fcttel, \u0110\u1ee9c, J\u00e4germeister l\u00e0 m\u1ed9t trong nh\u1eefng lo\u1ea1i r\u01b0\u1ee3u th\u1ea3o m\u1ed9c n\u1ed5i ti\u1ebfng nh\u1ea5t tr\u00ean th\u1ebf gi\u1edbi. \u0110\u01b0\u1ee3c t\u1ea1o n\u00ean t\u1eeb 56 lo\u1ea1i th\u1ea3o m\u1ed9c, hoa, r\u1ec5 c\u00e2y v\u00e0 tr\u00e1i c\u00e2y kh\u00e1c nhau, J\u00e4germeister l\u00e0 bi\u1ec3u t\u01b0\u1ee3ng c\u1ee7a s\u1ef1 c\u00e2n b\u1eb1ng ho\u00e0n h\u1ea3o gi\u1eefa truy\u1ec1n th\u1ed1ng v\u00e0 h\u01b0\u01a1ng v\u1ecb \u0111\u1ed9c \u0111\u00e1o.<\/span><\/p>\n","protected":false},"featured_media":24947,"comment_status":"open","ping_status":"closed","template":"","meta":[],"product_cat":[148],"product_tag":[],"class_list":{"0":"post-24828","1":"product","2":"type-product","3":"status-publish","4":"has-post-thumbnail","6":"product_cat-ruou-manh","9":"first","10":"instock","11":"shipping-taxable","12":"product-type-simple"},"_links":{"self":[{"href":"https:\/\/twine.vn\/index.php\/wp-json\/wp\/v2\/product\/24828","targetHints":{"allow":["GET"]}}],"collection":[{"href":"https:\/\/twine.vn\/index.php\/wp-json\/wp\/v2\/product"}],"about":[{"href":"https:\/\/twine.vn\/index.php\/wp-json\/wp\/v2\/types\/product"}],"replies":[{"embeddable":true,"href":"https:\/\/twine.vn\/index.php\/wp-json\/wp\/v2\/comments?post=24828"}],"wp:featuredmedia":[{"embeddable":true,"href":"https:\/\/twine.vn\/index.php\/wp-json\/wp\/v2\/media\/24947"}],"wp:attachment":[{"href":"https:\/\/twine.vn\/index.php\/wp-json\/wp\/v2\/media?parent=24828"}],"wp:term":[{"taxonomy":"product_cat","embeddable":true,"href":"https:\/\/twine.vn\/index.php\/wp-json\/wp\/v2\/product_cat?post=24828"},{"taxonomy":"product_tag","embeddable":true,"href":"https:\/\/twine.vn\/index.php\/wp-json\/wp\/v2\/product_tag?post=24828"}],"curies":[{"name":"wp","href":"https:\/\/api.w.org\/{rel}","templated":true}]}}