{"id":24876,"date":"2024-12-20T15:17:20","date_gmt":"2024-12-20T15:17:20","guid":{"rendered":"https:\/\/twine.vn\/?post_type=product&#038;p=24876"},"modified":"2024-12-20T15:33:15","modified_gmt":"2024-12-20T15:33:15","slug":"mortlach-16-years-old","status":"publish","type":"product","link":"https:\/\/twine.vn\/index.php\/product\/mortlach-16-years-old\/","title":{"rendered":"Mortlach 16 Years Old"},"content":{"rendered":"<div class=\"flex max-w-full flex-col flex-grow\">\n<div class=\"min-h-8 text-message flex w-full flex-col items-end gap-2 whitespace-normal break-words text-start [.text-message+&amp;]:mt-5\" dir=\"auto\" data-message-author-role=\"assistant\" data-message-id=\"71c1e71b-1bb1-4a36-86aa-18c18e3b6acb\" data-message-model-slug=\"gpt-4o\">\n<div class=\"flex w-full flex-col gap-1 empty:hidden first:pt-[3px]\">\n<div class=\"markdown prose w-full break-words dark:prose-invert light\">\n<div class=\"flex max-w-full flex-col flex-grow\">\n<div class=\"min-h-8 text-message flex w-full flex-col items-end gap-2 whitespace-normal break-words text-start [.text-message+&amp;]:mt-5\" dir=\"auto\" data-message-author-role=\"assistant\" data-message-id=\"e923900f-4aa9-4617-b360-d4c611ef6118\" data-message-model-slug=\"gpt-4o\">\n<div class=\"flex w-full flex-col gap-1 empty:hidden first:pt-[3px]\">\n<div class=\"markdown prose w-full break-words dark:prose-invert light\">\n<p><span style=\"font-family: helvetica, arial, sans-serif;\"><strong>L\u1ecbch S\u1eed &amp; Ngu\u1ed3n G\u1ed1c<\/strong><\/span><br \/>\n<span style=\"font-family: helvetica, arial, sans-serif;\">Mortlach 16 Years Old l\u00e0 d\u00f2ng Single Malt Scotch Whisky \u0111\u1ebfn t\u1eeb nh\u00e0 m\u00e1y ch\u01b0ng c\u1ea5t Mortlach, \u0111\u01b0\u1ee3c th\u00e0nh l\u1eadp t\u1eeb n\u0103m 1823 t\u1ea1i v\u00f9ng Dufftown, Scotland. \u0110\u00e2y l\u00e0 nh\u00e0 m\u00e1y ch\u01b0ng c\u1ea5t \u0111\u1ea7u ti\u00ean c\u1ee7a Dufftown, n\u1ed5i ti\u1ebfng v\u1edbi ph\u01b0\u01a1ng ph\u00e1p ch\u01b0ng c\u1ea5t \u0111\u1ed9c quy\u1ec1n \u201c2.81 Distillation\u201d \u2013 t\u1ea1o n\u00ean h\u01b0\u01a1ng v\u1ecb ph\u1ee9c h\u1ee3p v\u00e0 \u0111\u1eadm \u0111\u00e0.<\/span><\/p>\n<h2><span style=\"font-family: helvetica, arial, sans-serif;\">V\u1edbi h\u01a1n 200 n\u0103m l\u1ecbch s\u1eed, Mortlach 16 \u0111\u01b0\u1ee3c m\u1ec7nh danh l\u00e0 \u201cThe Beast of Dufftown\u201d nh\u1edd c\u1ea5u tr\u00fac m\u1ea1nh m\u1ebd, phong ph\u00fa nh\u01b0ng v\u1eabn gi\u1eef \u0111\u01b0\u1ee3c s\u1ef1 tinh t\u1ebf \u0111\u1eb7c tr\u01b0ng.<\/span><\/h2>\n<p><span style=\"font-family: helvetica, arial, sans-serif;\"><strong>H\u01b0\u01a1ng V\u1ecb \u0110\u1ed9c \u0110\u00e1o<\/strong><\/span><\/p>\n<ul>\n<li><span style=\"font-family: helvetica, arial, sans-serif;\"><strong>M\u0169i (Nose):<\/strong> H\u01b0\u01a1ng th\u01a1m c\u1ee7a tr\u00e1i c\u00e2y kh\u00f4, m\u1eadt ong, g\u1ed7 s\u1ed3i c\u00f9ng ch\u00fat gia v\u1ecb nh\u01b0 \u0111inh h\u01b0\u01a1ng v\u00e0 qu\u1ebf.<\/span><\/li>\n<li><span style=\"font-family: helvetica, arial, sans-serif;\"><strong>V\u1ecb (Palate):<\/strong> S\u1ef1 c\u00e2n b\u1eb1ng ho\u00e0n h\u1ea3o gi\u1eefa tr\u00e1i c\u00e2y kh\u00f4, chocolate \u0111en, cam caramel v\u00e0 nh\u1ee5c \u0111\u1eadu kh\u1ea5u.<\/span><\/li>\n<li><span style=\"font-family: helvetica, arial, sans-serif;\"><strong>D\u01b0 v\u1ecb (Finish):<\/strong> K\u00e9o d\u00e0i, \u0111\u1eadm \u0111\u00e0 v\u1edbi h\u1eadu v\u1ecb g\u1ed7 s\u1ed3i, vani v\u00e0 ch\u00fat cay nh\u1eb9 c\u1ee7a gia v\u1ecb.<\/span><\/li>\n<\/ul>\n<hr \/>\n<p><span style=\"font-family: helvetica, arial, sans-serif;\"><strong>\u0110\u1eb7c \u0110i\u1ec3m S\u1ea3n Ph\u1ea9m<\/strong><\/span><\/p>\n<ul>\n<li><span style=\"font-family: helvetica, arial, sans-serif;\">Dung t\u00edch: 700ml<\/span><\/li>\n<li><span style=\"font-family: helvetica, arial, sans-serif;\">N\u1ed3ng \u0111\u1ed9 c\u1ed3n: 43.4% ABV<\/span><\/li>\n<li><span style=\"font-family: helvetica, arial, sans-serif;\">Xu\u1ea5t x\u1ee9: Scotland<\/span><\/li>\n<li><span style=\"font-family: helvetica, arial, sans-serif;\">Tu\u1ed5i r\u01b0\u1ee3u: 16 n\u0103m<\/span><\/li>\n<\/ul>\n<hr \/>\n<p><span style=\"font-family: helvetica, arial, sans-serif;\"><strong>Th\u01b0\u1edfng Th\u1ee9c &amp; K\u1ebft H\u1ee3p M\u00f3n \u0102n<\/strong><\/span><br \/>\n<span style=\"font-family: helvetica, arial, sans-serif;\">Mortlach 16 l\u00fd t\u01b0\u1edfng \u0111\u1ec3 th\u01b0\u1edfng th\u1ee9c nguy\u00ean ch\u1ea5t, th\u00eam \u0111\u00e1 l\u1ea1nh ho\u1eb7c pha lo\u00e3ng v\u1edbi ch\u00fat n\u01b0\u1edbc. K\u1ebft h\u1ee3p tuy\u1ec7t v\u1eddi c\u00f9ng:<\/span><\/p>\n<ul>\n<li><span style=\"font-family: helvetica, arial, sans-serif;\">Th\u1ecbt b\u00f2 n\u01b0\u1edbng, b\u00edt t\u1ebft ho\u1eb7c s\u01b0\u1eddn c\u1eebu.<\/span><\/li>\n<li><span style=\"font-family: helvetica, arial, sans-serif;\">Ph\u00f4 mai tr\u01b0\u1edfng th\u00e0nh nh\u01b0 Cheddar, Stilton.<\/span><\/li>\n<li><span style=\"font-family: helvetica, arial, sans-serif;\">Chocolate \u0111en h\u1ea3o h\u1ea1ng.<\/span><\/li>\n<\/ul>\n<hr \/>\n<p><span style=\"font-family: helvetica, arial, sans-serif;\"><strong>R\u01b0\u1ee3u Ngo\u1ea1i Twine \u2013 Th\u01b0\u01a1ng Hi\u1ec7u T\u1eeb N\u0103m 2021<\/strong><\/span><\/p>\n<ul>\n<li><span style=\"font-family: helvetica, arial, sans-serif;\"><strong>\u0110\u1ecba ch\u1ec9:<\/strong> 144, \u0110\u01b0\u1eddng D1, KDC Ph\u00fa H\u00f2a 1, TP. Th\u1ee7 D\u1ea7u M\u1ed9t, B\u00ecnh D\u01b0\u01a1ng<\/span><\/li>\n<li><span style=\"font-family: helvetica, arial, sans-serif;\"><strong>Hotline:<\/strong> 0989.819.859 \u2013 0898.683.465<\/span><\/li>\n<li><span style=\"font-family: helvetica, arial, sans-serif;\"><strong>Fanpage:<\/strong> fb.com\/ruoungoaitwine | fb.com\/ruouvangtwine<\/span><\/li>\n<\/ul>\n<\/div>\n<\/div>\n<\/div>\n<\/div>\n<div class=\"mb-2 flex gap-3 empty:hidden -ml-2\">\n<div class=\"items-center justify-start rounded-xl p-1 flex\">\n<div class=\"flex items-center\"><\/div>\n<\/div>\n<\/div>\n<\/div>\n<\/div>\n<\/div>\n<\/div>\n","protected":false},"excerpt":{"rendered":"<p><span style=\"font-family: helvetica, arial, sans-serif;\">Mortlach 16 Years Old l\u00e0 d\u00f2ng Single Malt Scotch Whisky \u0111\u1ebfn t\u1eeb nh\u00e0 m\u00e1y ch\u01b0ng c\u1ea5t Mortlach, \u0111\u01b0\u1ee3c th\u00e0nh l\u1eadp t\u1eeb n\u0103m 1823 t\u1ea1i v\u00f9ng Dufftown, Scotland. \u0110\u00e2y l\u00e0 nh\u00e0 m\u00e1y ch\u01b0ng c\u1ea5t \u0111\u1ea7u ti\u00ean c\u1ee7a Dufftown, n\u1ed5i ti\u1ebfng v\u1edbi ph\u01b0\u01a1ng ph\u00e1p ch\u01b0ng c\u1ea5t \u0111\u1ed9c quy\u1ec1n \u201c2.81 Distillation\u201d \u2013 t\u1ea1o n\u00ean h\u01b0\u01a1ng v\u1ecb ph\u1ee9c h\u1ee3p v\u00e0 \u0111\u1eadm \u0111\u00e0.<\/span><\/p>\n","protected":false},"featured_media":24877,"comment_status":"open","ping_status":"closed","template":"","meta":[],"product_cat":[145,155],"product_tag":[],"class_list":{"0":"post-24876","1":"product","2":"type-product","3":"status-publish","4":"has-post-thumbnail","6":"product_cat-ruou-whisky","7":"product_cat-single-malt-scotch-whisky","10":"first","11":"instock","12":"shipping-taxable","13":"product-type-simple"},"_links":{"self":[{"href":"https:\/\/twine.vn\/index.php\/wp-json\/wp\/v2\/product\/24876","targetHints":{"allow":["GET"]}}],"collection":[{"href":"https:\/\/twine.vn\/index.php\/wp-json\/wp\/v2\/product"}],"about":[{"href":"https:\/\/twine.vn\/index.php\/wp-json\/wp\/v2\/types\/product"}],"replies":[{"embeddable":true,"href":"https:\/\/twine.vn\/index.php\/wp-json\/wp\/v2\/comments?post=24876"}],"wp:featuredmedia":[{"embeddable":true,"href":"https:\/\/twine.vn\/index.php\/wp-json\/wp\/v2\/media\/24877"}],"wp:attachment":[{"href":"https:\/\/twine.vn\/index.php\/wp-json\/wp\/v2\/media?parent=24876"}],"wp:term":[{"taxonomy":"product_cat","embeddable":true,"href":"https:\/\/twine.vn\/index.php\/wp-json\/wp\/v2\/product_cat?post=24876"},{"taxonomy":"product_tag","embeddable":true,"href":"https:\/\/twine.vn\/index.php\/wp-json\/wp\/v2\/product_tag?post=24876"}],"curies":[{"name":"wp","href":"https:\/\/api.w.org\/{rel}","templated":true}]}}