{"id":24913,"date":"2024-12-23T15:01:10","date_gmt":"2024-12-23T15:01:10","guid":{"rendered":"https:\/\/twine.vn\/?post_type=product&#038;p=24913"},"modified":"2024-12-23T15:01:11","modified_gmt":"2024-12-23T15:01:11","slug":"choya-umeshu","status":"publish","type":"product","link":"https:\/\/twine.vn\/index.php\/product\/choya-umeshu\/","title":{"rendered":"Choya Umeshu"},"content":{"rendered":"<h3><span style=\"font-family: helvetica, arial, sans-serif;\"><strong>L\u1ecbch S\u1eed &amp; Ngu\u1ed3n G\u1ed1c<\/strong><\/span><\/h3>\n<p><span style=\"font-family: helvetica, arial, sans-serif;\"><strong>Choya Umeshu<\/strong> l\u00e0 d\u00f2ng r\u01b0\u1ee3u truy\u1ec1n th\u1ed1ng n\u1ed5i ti\u1ebfng c\u1ee7a Nh\u1eadt B\u1ea3n, \u0111\u01b0\u1ee3c l\u00e0m t\u1eeb tr\u00e1i m\u01a1 Ume t\u01b0\u01a1i ngon v\u00e0 c\u00e1c nguy\u00ean li\u1ec7u t\u1ef1 nhi\u00ean. V\u1edbi l\u1ecbch s\u1eed l\u00e2u \u0111\u1eddi, Choya \u0111\u00e3 t\u1ea1o n\u00ean danh ti\u1ebfng nh\u01b0 m\u1ed9t trong nh\u1eefng th\u01b0\u01a1ng hi\u1ec7u h\u00e0ng \u0111\u1ea7u trong l\u0129nh v\u1ef1c r\u01b0\u1ee3u m\u01a1, mang l\u1ea1i h\u01b0\u01a1ng v\u1ecb tinh t\u1ebf v\u00e0 truy\u1ec1n th\u1ed1ng v\u0103n h\u00f3a Nh\u1eadt B\u1ea3n. \u0110\u01b0\u1ee3c s\u1ea3n xu\u1ea5t b\u1eb1ng quy tr\u00ecnh l\u00ean men t\u1ec9 m\u1ec9, r\u01b0\u1ee3u Choya kh\u00f4ng ch\u1ec9 l\u00e0 th\u1ee9c u\u1ed1ng m\u00e0 c\u00f2n l\u00e0 m\u1ed9t ph\u1ea7n di s\u1ea3n \u0111\u1ed9c \u0111\u00e1o c\u1ee7a \u1ea9m th\u1ef1c Nh\u1eadt B\u1ea3n.<\/span><\/p>\n<hr \/>\n<h3><span style=\"font-family: helvetica, arial, sans-serif;\"><strong>H\u01b0\u01a1ng V\u1ecb \u0110\u1ed9c \u0110\u00e1o<\/strong><\/span><\/h3>\n<ul>\n<li><span style=\"font-family: helvetica, arial, sans-serif;\"><strong>M\u0169i (Nose):<\/strong> H\u01b0\u01a1ng th\u01a1m quy\u1ebfn r\u0169 t\u1eeb m\u01a1 ch\u00edn, k\u00e8m theo ch\u00fat ng\u1ecdt ng\u00e0o c\u1ee7a m\u1eadt ong v\u00e0 s\u1ef1 t\u01b0\u01a1i m\u1edbi c\u1ee7a th\u1ea3o m\u1ed9c.<\/span><\/li>\n<li><span style=\"font-family: helvetica, arial, sans-serif;\"><strong>V\u1ecb (Palate):<\/strong> V\u1ecb ng\u1ecdt d\u1ecbu, m\u1ec1m m\u1ea1i h\u00f2a quy\u1ec7n v\u1edbi ch\u00fat chua nh\u1eb9 t\u1eeb tr\u00e1i m\u01a1, t\u1ea1o n\u00ean s\u1ef1 c\u00e2n b\u1eb1ng ho\u00e0n h\u1ea3o.<\/span><\/li>\n<li><span style=\"font-family: helvetica, arial, sans-serif;\"><strong>D\u01b0 v\u1ecb (Finish):<\/strong> L\u00e2u d\u00e0i v\u00e0 \u00eam d\u1ecbu, \u0111\u1ec3 l\u1ea1i ch\u00fat ng\u1ecdt thanh tho\u1ea3ng qua \u0111\u1ea7u l\u01b0\u1ee1i, k\u1ebft h\u1ee3p v\u1edbi h\u1eadu v\u1ecb nh\u1eb9 nh\u00e0ng c\u1ee7a r\u01b0\u1ee3u l\u00ean men t\u1ef1 nhi\u00ean.<\/span><\/li>\n<\/ul>\n<hr \/>\n<h3><span style=\"font-family: helvetica, arial, sans-serif;\"><strong>\u0110\u1eb7c \u0110i\u1ec3m S\u1ea3n Ph\u1ea9m<\/strong><\/span><\/h3>\n<ul>\n<li><span style=\"font-family: helvetica, arial, sans-serif;\"><strong>Dung t\u00edch:<\/strong> 650ml<\/span><\/li>\n<li><span style=\"font-family: helvetica, arial, sans-serif;\"><strong>N\u1ed3ng \u0111\u1ed9 c\u1ed3n:<\/strong> 10% ABV<\/span><\/li>\n<li><span style=\"font-family: helvetica, arial, sans-serif;\"><strong>Xu\u1ea5t x\u1ee9:<\/strong> Nh\u1eadt B\u1ea3n<\/span><\/li>\n<\/ul>\n<p><span style=\"font-family: helvetica, arial, sans-serif;\">Choya Umeshu l\u00e0 l\u1ef1a ch\u1ecdn l\u00fd t\u01b0\u1edfng cho nh\u1eefng bu\u1ed5i h\u1ecdp m\u1eb7t gia \u0111\u00ecnh, th\u01b0\u1edfng th\u1ee9c th\u01b0 gi\u00e3n sau b\u1eefa \u0103n, ho\u1eb7c l\u00e0m qu\u00e0 t\u1eb7ng trang nh\u00e3 v\u00e0 \u00fd ngh\u0129a. D\u00f2ng r\u01b0\u1ee3u n\u00e0y c\u0169ng c\u00f3 th\u1ec3 \u0111\u01b0\u1ee3c d\u00f9ng nguy\u00ean ch\u1ea5t (neat), k\u00e8m \u0111\u00e1 (on the rocks) ho\u1eb7c pha ch\u1ebf c\u00e1c lo\u1ea1i cocktail s\u00e1ng t\u1ea1o.<\/span><\/p>\n<hr \/>\n<h3><span style=\"font-family: helvetica, arial, sans-serif;\"><strong>R\u01b0\u1ee3u Ngo\u1ea1i Twine \u2013 Th\u01b0\u01a1ng Hi\u1ec7u T\u1eeb N\u0103m 2021<\/strong><\/span><\/h3>\n<ul>\n<li><span style=\"font-family: helvetica, arial, sans-serif;\"><strong>\u0110\u1ecba ch\u1ec9:<\/strong> 144, \u0110\u01b0\u1eddng D1, KDC Ph\u00fa H\u00f2a 1, TP. Th\u1ee7 D\u1ea7u M\u1ed9t, B\u00ecnh D\u01b0\u01a1ng<\/span><\/li>\n<li><span style=\"font-family: helvetica, arial, sans-serif;\"><strong>Hotline:<\/strong> 0989.819.859 \u2013 0898.683.465<\/span><\/li>\n<li><span style=\"font-family: helvetica, arial, sans-serif;\"><strong>Fanpage:<\/strong> <a href=\"https:\/\/fb.com\/ruoungoaitwine\" target=\"_new\" rel=\"noopener\">fb.com\/ruoungoaitwine<\/a> | <a href=\"https:\/\/fb.com\/ruouvangtwine\" target=\"_new\" rel=\"noopener\">fb.com\/ruouvangtwine<\/a><\/span><\/li>\n<\/ul>\n<p><span style=\"font-family: helvetica, arial, sans-serif;\"><strong>Twine \u2013 \u0110\u1ed3ng h\u00e0nh c\u00f9ng b\u1ea1n n\u00e2ng t\u1ea7m phong c\u00e1ch s\u1ed1ng v\u1edbi nh\u1eefng d\u00f2ng r\u01b0\u1ee3u ngo\u1ea1i th\u01b0\u1ee3ng h\u1ea1ng!<\/strong><\/span><\/p>\n","protected":false},"excerpt":{"rendered":"<p><span style=\"font-family: helvetica, arial, sans-serif;\">L\u00e0 d\u00f2ng r\u01b0\u1ee3u truy\u1ec1n th\u1ed1ng n\u1ed5i ti\u1ebfng c\u1ee7a Nh\u1eadt B\u1ea3n, \u0111\u01b0\u1ee3c l\u00e0m t\u1eeb tr\u00e1i m\u01a1 Ume t\u01b0\u01a1i ngon v\u00e0 c\u00e1c nguy\u00ean li\u1ec7u t\u1ef1 nhi\u00ean. V\u1edbi l\u1ecbch s\u1eed l\u00e2u \u0111\u1eddi, Choya \u0111\u00e3 t\u1ea1o n\u00ean danh ti\u1ebfng nh\u01b0 m\u1ed9t trong nh\u1eefng th\u01b0\u01a1ng hi\u1ec7u h\u00e0ng \u0111\u1ea7u trong l\u0129nh v\u1ef1c r\u01b0\u1ee3u m\u01a1, mang l\u1ea1i h\u01b0\u01a1ng v\u1ecb tinh t\u1ebf v\u00e0 truy\u1ec1n th\u1ed1ng v\u0103n h\u00f3a Nh\u1eadt B\u1ea3n. \u0110\u01b0\u1ee3c s\u1ea3n xu\u1ea5t b\u1eb1ng quy tr\u00ecnh l\u00ean men t\u1ec9 m\u1ec9, r\u01b0\u1ee3u Choya kh\u00f4ng ch\u1ec9 l\u00e0 th\u1ee9c u\u1ed1ng m\u00e0 c\u00f2n l\u00e0 m\u1ed9t ph\u1ea7n di s\u1ea3n \u0111\u1ed9c \u0111\u00e1o c\u1ee7a \u1ea9m th\u1ef1c Nh\u1eadt B\u1ea3n.<\/span><\/p>\n","protected":false},"featured_media":24916,"comment_status":"open","ping_status":"closed","template":"","meta":[],"product_cat":[157],"product_tag":[],"class_list":{"0":"post-24913","1":"product","2":"type-product","3":"status-publish","4":"has-post-thumbnail","6":"product_cat-ruou-mo","9":"first","10":"instock","11":"shipping-taxable","12":"product-type-simple"},"_links":{"self":[{"href":"https:\/\/twine.vn\/index.php\/wp-json\/wp\/v2\/product\/24913","targetHints":{"allow":["GET"]}}],"collection":[{"href":"https:\/\/twine.vn\/index.php\/wp-json\/wp\/v2\/product"}],"about":[{"href":"https:\/\/twine.vn\/index.php\/wp-json\/wp\/v2\/types\/product"}],"replies":[{"embeddable":true,"href":"https:\/\/twine.vn\/index.php\/wp-json\/wp\/v2\/comments?post=24913"}],"wp:featuredmedia":[{"embeddable":true,"href":"https:\/\/twine.vn\/index.php\/wp-json\/wp\/v2\/media\/24916"}],"wp:attachment":[{"href":"https:\/\/twine.vn\/index.php\/wp-json\/wp\/v2\/media?parent=24913"}],"wp:term":[{"taxonomy":"product_cat","embeddable":true,"href":"https:\/\/twine.vn\/index.php\/wp-json\/wp\/v2\/product_cat?post=24913"},{"taxonomy":"product_tag","embeddable":true,"href":"https:\/\/twine.vn\/index.php\/wp-json\/wp\/v2\/product_tag?post=24913"}],"curies":[{"name":"wp","href":"https:\/\/api.w.org\/{rel}","templated":true}]}}