{"id":24923,"date":"2024-12-23T15:18:05","date_gmt":"2024-12-23T15:18:05","guid":{"rendered":"https:\/\/twine.vn\/?post_type=product&#038;p=24923"},"modified":"2024-12-23T15:18:05","modified_gmt":"2024-12-23T15:18:05","slug":"white-horse-blended-scotch-whisky","status":"publish","type":"product","link":"https:\/\/twine.vn\/index.php\/product\/white-horse-blended-scotch-whisky\/","title":{"rendered":"White Horse Blended Scotch Whisky"},"content":{"rendered":"<h3><span style=\"font-family: helvetica, arial, sans-serif;\"><strong>L\u1ecbch S\u1eed &amp; Ngu\u1ed3n G\u1ed1c<\/strong><\/span><\/h3>\n<p><span style=\"font-family: helvetica, arial, sans-serif;\"><strong>White Horse Blended Scotch Whisky<\/strong> l\u00e0 m\u1ed9t d\u00f2ng whisky c\u1ed5 \u0111i\u1ec3n, ra \u0111\u1eddi t\u1eeb n\u0103m <strong>1890<\/strong> t\u1ea1i Edinburgh, Scotland. Th\u01b0\u01a1ng hi\u1ec7u White Horse mang \u0111\u1eadm n\u00e9t truy\u1ec1n th\u1ed1ng c\u1ee7a ngh\u1ec7 thu\u1eadt pha tr\u1ed9n Scotch Whisky v\u1edbi h\u01a1n 130 n\u0103m l\u1ecbch s\u1eed. V\u1edbi bi\u1ec3u t\u01b0\u1ee3ng ch\u00fa ng\u1ef1a tr\u1eafng n\u1ed5i b\u1eadt, d\u00f2ng r\u01b0\u1ee3u n\u00e0y g\u1ee3i l\u00ean h\u00ecnh \u1ea3nh m\u1ea1nh m\u1ebd v\u00e0 tinh t\u1ebf, t\u01b0\u1ee3ng tr\u01b0ng cho ch\u1ea5t l\u01b0\u1ee3ng v\u00e0 s\u1ef1 b\u1ec1n b\u1ec9 qua th\u1eddi gian.<\/span><\/p>\n<hr \/>\n<h3><span style=\"font-family: helvetica, arial, sans-serif;\"><strong>H\u01b0\u01a1ng V\u1ecb \u0110\u1ed9c \u0110\u00e1o<\/strong><\/span><\/h3>\n<ul>\n<li><span style=\"font-family: helvetica, arial, sans-serif;\"><strong>M\u0169i (Nose):<\/strong> H\u01b0\u01a1ng th\u01a1m nh\u1eb9 nh\u00e0ng c\u1ee7a m\u1eadt ong, t\u00e1o ch\u00edn, v\u00e0 ch\u00fat kh\u00f3i m\u1edd \u0111\u1eb7c tr\u01b0ng c\u1ee7a r\u01b0\u1ee3u Scotch.<\/span><\/li>\n<li><span style=\"font-family: helvetica, arial, sans-serif;\"><strong>V\u1ecb (Palate):<\/strong> S\u1ef1 k\u1ebft h\u1ee3p tinh t\u1ebf gi\u1eefa m\u1ea1ch nha v\u00e0 ng\u0169 c\u1ed1c, mang l\u1ea1i v\u1ecb ng\u1ecdt \u00eam d\u1ecbu c\u1ee7a vani v\u00e0 ch\u00fat cay nh\u1eb9 t\u1eeb g\u1ed7 s\u1ed3i.<\/span><\/li>\n<li><span style=\"font-family: helvetica, arial, sans-serif;\"><strong>D\u01b0 v\u1ecb (Finish):<\/strong> H\u1eadu v\u1ecb k\u00e9o d\u00e0i v\u1edbi h\u01b0\u01a1ng kh\u00f3i nh\u1eb9 v\u00e0 \u0111\u1ed9 \u1ea5m \u00e1p c\u00e2n b\u1eb1ng.<\/span><\/li>\n<\/ul>\n<hr \/>\n<h3><span style=\"font-family: helvetica, arial, sans-serif;\"><strong>\u0110\u1eb7c \u0110i\u1ec3m S\u1ea3n Ph\u1ea9m<\/strong><\/span><\/h3>\n<ul>\n<li><span style=\"font-family: helvetica, arial, sans-serif;\"><strong>Dung t\u00edch:<\/strong> 700ml<\/span><\/li>\n<li><span style=\"font-family: helvetica, arial, sans-serif;\"><strong>N\u1ed3ng \u0111\u1ed9 c\u1ed3n:<\/strong> 40% ABV<\/span><\/li>\n<li><span style=\"font-family: helvetica, arial, sans-serif;\"><strong>Xu\u1ea5t x\u1ee9:<\/strong> Scotland<\/span><\/li>\n<li><span style=\"font-family: helvetica, arial, sans-serif;\"><strong>Lo\u1ea1i:<\/strong> Blended Scotch Whisky<\/span><\/li>\n<\/ul>\n<p><span style=\"font-family: helvetica, arial, sans-serif;\">White Horse Blended Scotch Whisky l\u00e0 l\u1ef1a ch\u1ecdn l\u00fd t\u01b0\u1edfng cho nh\u1eefng ai y\u00eau th\u00edch m\u1ed9t d\u00f2ng whisky c\u00e2n b\u1eb1ng v\u00e0 d\u1ec5 ti\u1ebfp c\u1eadn. D\u00f2ng r\u01b0\u1ee3u n\u00e0y ph\u00f9 h\u1ee3p \u0111\u1ec3 u\u1ed1ng nguy\u00ean ch\u1ea5t (neat), k\u00e8m \u0111\u00e1 (on the rocks), ho\u1eb7c pha ch\u1ebf c\u00e1c lo\u1ea1i cocktail c\u1ed5 \u0111i\u1ec3n nh\u01b0 Whisky Sour hay Old Fashioned.<\/span><\/p>\n<hr \/>\n<h3><span style=\"font-family: helvetica, arial, sans-serif;\"><strong>R\u01b0\u1ee3u Ngo\u1ea1i Twine \u2013 Th\u01b0\u01a1ng Hi\u1ec7u T\u1eeb N\u0103m 2021<\/strong><\/span><\/h3>\n<ul>\n<li><span style=\"font-family: helvetica, arial, sans-serif;\"><strong>\u0110\u1ecba ch\u1ec9:<\/strong> 144, \u0110\u01b0\u1eddng D1, KDC Ph\u00fa H\u00f2a 1, TP. Th\u1ee7 D\u1ea7u M\u1ed9t, B\u00ecnh D\u01b0\u01a1ng<\/span><\/li>\n<li><span style=\"font-family: helvetica, arial, sans-serif;\"><strong>Hotline:<\/strong> 0989.819.859 \u2013 0898.683.465<\/span><\/li>\n<li><span style=\"font-family: helvetica, arial, sans-serif;\"><strong>Fanpage:<\/strong> <a href=\"https:\/\/fb.com\/ruoungoaitwine\" target=\"_new\" rel=\"noopener\">fb.com\/ruoungoaitwine<\/a> | <a href=\"https:\/\/fb.com\/ruouvangtwine\" target=\"_new\" rel=\"noopener\">fb.com\/ruouvangtwine<\/a><\/span><\/li>\n<\/ul>\n<p><span style=\"font-family: helvetica, arial, sans-serif;\"><strong>Twine \u2013 \u0110\u1ed3ng h\u00e0nh c\u00f9ng b\u1ea1n n\u00e2ng t\u1ea7m phong c\u00e1ch s\u1ed1ng v\u1edbi nh\u1eefng d\u00f2ng r\u01b0\u1ee3u ngo\u1ea1i th\u01b0\u1ee3ng h\u1ea1ng!<\/strong><\/span><\/p>\n","protected":false},"excerpt":{"rendered":"<p><span style=\"font-family: helvetica, arial, sans-serif;\"><strong>White Horse Blended Scotch Whisky<\/strong> l\u00e0 m\u1ed9t d\u00f2ng whisky c\u1ed5 \u0111i\u1ec3n, ra \u0111\u1eddi t\u1eeb n\u0103m <strong>1890<\/strong> t\u1ea1i Edinburgh, Scotland. Th\u01b0\u01a1ng hi\u1ec7u White Horse mang \u0111\u1eadm n\u00e9t truy\u1ec1n th\u1ed1ng c\u1ee7a ngh\u1ec7 thu\u1eadt pha tr\u1ed9n Scotch Whisky v\u1edbi h\u01a1n 130 n\u0103m l\u1ecbch s\u1eed. V\u1edbi bi\u1ec3u t\u01b0\u1ee3ng ch\u00fa ng\u1ef1a tr\u1eafng n\u1ed5i b\u1eadt, d\u00f2ng r\u01b0\u1ee3u n\u00e0y g\u1ee3i l\u00ean h\u00ecnh \u1ea3nh m\u1ea1nh m\u1ebd v\u00e0 tinh t\u1ebf, t\u01b0\u1ee3ng tr\u01b0ng cho ch\u1ea5t l\u01b0\u1ee3ng v\u00e0 s\u1ef1 b\u1ec1n b\u1ec9 qua th\u1eddi gian.<\/span><\/p>\n","protected":false},"featured_media":24918,"comment_status":"open","ping_status":"closed","template":"","meta":[],"product_cat":[154,145],"product_tag":[],"class_list":{"0":"post-24923","1":"product","2":"type-product","3":"status-publish","4":"has-post-thumbnail","6":"product_cat-blended-scotch-whisky","7":"product_cat-ruou-whisky","10":"first","11":"instock","12":"shipping-taxable","13":"product-type-simple"},"_links":{"self":[{"href":"https:\/\/twine.vn\/index.php\/wp-json\/wp\/v2\/product\/24923","targetHints":{"allow":["GET"]}}],"collection":[{"href":"https:\/\/twine.vn\/index.php\/wp-json\/wp\/v2\/product"}],"about":[{"href":"https:\/\/twine.vn\/index.php\/wp-json\/wp\/v2\/types\/product"}],"replies":[{"embeddable":true,"href":"https:\/\/twine.vn\/index.php\/wp-json\/wp\/v2\/comments?post=24923"}],"wp:featuredmedia":[{"embeddable":true,"href":"https:\/\/twine.vn\/index.php\/wp-json\/wp\/v2\/media\/24918"}],"wp:attachment":[{"href":"https:\/\/twine.vn\/index.php\/wp-json\/wp\/v2\/media?parent=24923"}],"wp:term":[{"taxonomy":"product_cat","embeddable":true,"href":"https:\/\/twine.vn\/index.php\/wp-json\/wp\/v2\/product_cat?post=24923"},{"taxonomy":"product_tag","embeddable":true,"href":"https:\/\/twine.vn\/index.php\/wp-json\/wp\/v2\/product_tag?post=24923"}],"curies":[{"name":"wp","href":"https:\/\/api.w.org\/{rel}","templated":true}]}}