{"id":24938,"date":"2024-12-23T15:31:25","date_gmt":"2024-12-23T15:31:25","guid":{"rendered":"https:\/\/twine.vn\/?post_type=product&#038;p=24938"},"modified":"2024-12-23T15:31:25","modified_gmt":"2024-12-23T15:31:25","slug":"bacardi-carta-blanca-superior-white-rum","status":"publish","type":"product","link":"https:\/\/twine.vn\/index.php\/product\/bacardi-carta-blanca-superior-white-rum\/","title":{"rendered":"Bacardi Carta Blanca Superior White Rum"},"content":{"rendered":"<article class=\"w-full scroll-mb-[var(--thread-trailing-height,150px)] text-token-text-primary focus-visible:outline-2 focus-visible:outline-offset-[-4px]\" dir=\"auto\" data-testid=\"conversation-turn-13\" data-scroll-anchor=\"false\">\n<div class=\"m-auto text-base py-[18px] px-3 md:px-4 w-full md:px-5 lg:px-4 xl:px-5\">\n<div class=\"mx-auto flex flex-1 gap-4 text-base md:gap-5 lg:gap-6 md:max-w-3xl lg:max-w-[40rem] xl:max-w-[48rem]\">\n<div class=\"group\/conversation-turn relative flex w-full min-w-0 flex-col agent-turn\">\n<div class=\"flex-col gap-1 md:gap-3\">\n<div class=\"flex max-w-full flex-col flex-grow\">\n<div class=\"min-h-8 text-message flex w-full flex-col items-end gap-2 whitespace-normal break-words text-start [.text-message+&amp;]:mt-5\" dir=\"auto\" data-message-author-role=\"assistant\" data-message-id=\"78407b20-9aca-4257-8e49-92fc262d12b4\" data-message-model-slug=\"gpt-4o\">\n<div class=\"flex w-full flex-col gap-1 empty:hidden first:pt-[3px]\">\n<div class=\"markdown prose w-full break-words dark:prose-invert light\">\n<h3><span style=\"font-family: helvetica, arial, sans-serif;\"><strong>L\u1ecbch S\u1eed &amp; Ngu\u1ed3n G\u1ed1c<\/strong><\/span><\/h3>\n<p><span style=\"font-family: helvetica, arial, sans-serif;\"><strong>Bacardi Carta Blanca Superior White Rum<\/strong> l\u00e0 bi\u1ec3u t\u01b0\u1ee3ng c\u1ee7a d\u00f2ng rum tr\u1eafng n\u1ed5i ti\u1ebfng to\u00e0n c\u1ea7u. \u0110\u01b0\u1ee3c th\u00e0nh l\u1eadp v\u00e0o n\u0103m <strong>1862<\/strong> t\u1ea1i Santiago de Cuba b\u1edfi gia \u0111\u00ecnh Bacardi, d\u00f2ng rum n\u00e0y \u0111\u1ea1i di\u1ec7n cho s\u1ef1 s\u00e1ng t\u1ea1o, ch\u1ea5t l\u01b0\u1ee3ng v\u00e0 l\u1ecbch s\u1eed l\u00e2u \u0111\u1eddi c\u1ee7a th\u01b0\u01a1ng hi\u1ec7u Bacardi. V\u1edbi h\u01a1n <strong>160 n\u0103m kinh nghi\u1ec7m<\/strong>, Bacardi Carta Blanca \u0111\u00e3 tr\u1edf th\u00e0nh l\u1ef1a ch\u1ecdn h\u00e0ng \u0111\u1ea7u cho c\u00e1c bartender v\u00e0 ng\u01b0\u1eddi y\u00eau th\u00edch cocktail tr\u00ean to\u00e0n th\u1ebf gi\u1edbi.<\/span><\/p>\n<h3><span style=\"font-family: helvetica, arial, sans-serif;\"><strong>H\u01b0\u01a1ng V\u1ecb \u0110\u1ed9c \u0110\u00e1o<\/strong><\/span><\/h3>\n<ul>\n<li><span style=\"font-family: helvetica, arial, sans-serif;\"><strong>M\u0169i (Nose):<\/strong> H\u01b0\u01a1ng th\u01a1m nh\u1eb9 nh\u00e0ng c\u1ee7a h\u1ea1nh nh\u00e2n v\u00e0 vani.<\/span><\/li>\n<li><span style=\"font-family: helvetica, arial, sans-serif;\"><strong>V\u1ecb (Palate):<\/strong> V\u1ecb \u00eam d\u1ecbu, tinh khi\u1ebft v\u1edbi ch\u00fat ng\u1ecdt d\u1ecbu c\u1ee7a \u0111\u01b0\u1eddng m\u00eda v\u00e0 v\u1ecb chanh thoang tho\u1ea3ng.<\/span><\/li>\n<li><span style=\"font-family: helvetica, arial, sans-serif;\"><strong>D\u01b0 v\u1ecb (Finish):<\/strong> K\u00e9o d\u00e0i, s\u1ea1ch v\u00e0 nh\u1eb9 nh\u00e0ng, mang \u0111\u1ebfn c\u1ea3m gi\u00e1c d\u1ec5 ch\u1ecbu.<\/span><\/li>\n<\/ul>\n<h3><span style=\"font-family: helvetica, arial, sans-serif;\"><strong>\u0110\u1eb7c \u0110i\u1ec3m S\u1ea3n Ph\u1ea9m<\/strong><\/span><\/h3>\n<ul>\n<li><span style=\"font-family: helvetica, arial, sans-serif;\"><strong>Dung t\u00edch:<\/strong> 700ml<\/span><\/li>\n<li><span style=\"font-family: helvetica, arial, sans-serif;\"><strong>N\u1ed3ng \u0111\u1ed9 c\u1ed3n:<\/strong> 37.5% ABV<\/span><\/li>\n<li><span style=\"font-family: helvetica, arial, sans-serif;\"><strong>Xu\u1ea5t x\u1ee9:<\/strong> Puerto Rico<\/span><\/li>\n<\/ul>\n<p><span style=\"font-family: helvetica, arial, sans-serif;\"><strong>Bacardi Carta Blanca Superior White Rum<\/strong> l\u00e0 l\u1ef1a ch\u1ecdn ho\u00e0n h\u1ea3o cho c\u00e1c m\u00f3n cocktail nh\u01b0 <strong>Mojito<\/strong>, <strong>Daiquiri<\/strong>, <strong>Cuba Libre<\/strong> hay th\u1eadm ch\u00ed \u0111\u1ec3 th\u01b0\u1edfng th\u1ee9c nguy\u00ean ch\u1ea5t. \u0110\u00e2y l\u00e0 d\u00f2ng rum ph\u00f9 h\u1ee3p trong c\u00e1c bu\u1ed5i ti\u1ec7c t\u00f9ng, g\u1eb7p g\u1ee1 b\u1ea1n b\u00e8 ho\u1eb7c l\u00e0m qu\u00e0 t\u1eb7ng \u00fd ngh\u0129a.<\/span><\/p>\n<hr \/>\n<h3><span style=\"font-family: helvetica, arial, sans-serif;\"><strong>R\u01b0\u1ee3u Ngo\u1ea1i Twine \u2013 Th\u01b0\u01a1ng Hi\u1ec7u T\u1eeb N\u0103m 2021<\/strong><\/span><\/h3>\n<ul>\n<li><span style=\"font-family: helvetica, arial, sans-serif;\"><strong>\u0110\u1ecba ch\u1ec9:<\/strong> 144, \u0110\u01b0\u1eddng D1, KDC Ph\u00fa H\u00f2a 1, TP. Th\u1ee7 D\u1ea7u M\u1ed9t, B\u00ecnh D\u01b0\u01a1ng<\/span><\/li>\n<li><span style=\"font-family: helvetica, arial, sans-serif;\"><strong>Hotline:<\/strong> 0989.819.859 \u2013 0898.683.465<\/span><\/li>\n<li><span style=\"font-family: helvetica, arial, sans-serif;\"><strong>Fanpage:<\/strong> <a href=\"https:\/\/fb.com\/ruoungoaitwine\" target=\"_new\" rel=\"noopener\">fb.com\/ruoungoaitwine<\/a> | <a href=\"https:\/\/fb.com\/ruouvangtwine\" target=\"_new\" rel=\"noopener\">fb.com\/ruouvangtwine<\/a><\/span><\/li>\n<\/ul>\n<p><span style=\"font-family: helvetica, arial, sans-serif;\"><strong>Twine \u2013 \u0110\u1ed3ng h\u00e0nh c\u00f9ng b\u1ea1n n\u00e2ng t\u1ea7m phong c\u00e1ch s\u1ed1ng v\u1edbi nh\u1eefng d\u00f2ng r\u01b0\u1ee3u ngo\u1ea1i th\u01b0\u1ee3ng h\u1ea1ng!<\/strong><\/span><\/p>\n<\/div>\n<\/div>\n<\/div>\n<\/div>\n<\/div>\n<\/div>\n<\/div>\n<\/div>\n<\/article>\n","protected":false},"excerpt":{"rendered":"<p><span style=\"font-family: helvetica, arial, sans-serif;\"><strong>Bacardi Carta Blanca Superior White Rum<\/strong> l\u00e0 bi\u1ec3u t\u01b0\u1ee3ng c\u1ee7a d\u00f2ng rum tr\u1eafng n\u1ed5i ti\u1ebfng to\u00e0n c\u1ea7u. \u0110\u01b0\u1ee3c th\u00e0nh l\u1eadp v\u00e0o n\u0103m <strong>1862<\/strong> t\u1ea1i Santiago de Cuba b\u1edfi gia \u0111\u00ecnh Bacardi, d\u00f2ng rum n\u00e0y \u0111\u1ea1i di\u1ec7n cho s\u1ef1 s\u00e1ng t\u1ea1o, ch\u1ea5t l\u01b0\u1ee3ng v\u00e0 l\u1ecbch s\u1eed l\u00e2u \u0111\u1eddi c\u1ee7a th\u01b0\u01a1ng hi\u1ec7u Bacardi. V\u1edbi h\u01a1n <strong>160 n\u0103m kinh nghi\u1ec7m<\/strong>, Bacardi Carta Blanca \u0111\u00e3 tr\u1edf th\u00e0nh l\u1ef1a ch\u1ecdn h\u00e0ng \u0111\u1ea7u cho c\u00e1c bartender v\u00e0 ng\u01b0\u1eddi y\u00eau th\u00edch cocktail tr\u00ean to\u00e0n th\u1ebf gi\u1edbi.<\/span><\/p>\n","protected":false},"featured_media":24939,"comment_status":"open","ping_status":"closed","template":"","meta":[],"product_cat":[146],"product_tag":[],"class_list":{"0":"post-24938","1":"product","2":"type-product","3":"status-publish","4":"has-post-thumbnail","6":"product_cat-ruou-rum","9":"first","10":"instock","11":"shipping-taxable","12":"product-type-simple"},"_links":{"self":[{"href":"https:\/\/twine.vn\/index.php\/wp-json\/wp\/v2\/product\/24938","targetHints":{"allow":["GET"]}}],"collection":[{"href":"https:\/\/twine.vn\/index.php\/wp-json\/wp\/v2\/product"}],"about":[{"href":"https:\/\/twine.vn\/index.php\/wp-json\/wp\/v2\/types\/product"}],"replies":[{"embeddable":true,"href":"https:\/\/twine.vn\/index.php\/wp-json\/wp\/v2\/comments?post=24938"}],"wp:featuredmedia":[{"embeddable":true,"href":"https:\/\/twine.vn\/index.php\/wp-json\/wp\/v2\/media\/24939"}],"wp:attachment":[{"href":"https:\/\/twine.vn\/index.php\/wp-json\/wp\/v2\/media?parent=24938"}],"wp:term":[{"taxonomy":"product_cat","embeddable":true,"href":"https:\/\/twine.vn\/index.php\/wp-json\/wp\/v2\/product_cat?post=24938"},{"taxonomy":"product_tag","embeddable":true,"href":"https:\/\/twine.vn\/index.php\/wp-json\/wp\/v2\/product_tag?post=24938"}],"curies":[{"name":"wp","href":"https:\/\/api.w.org\/{rel}","templated":true}]}}