{"id":24960,"date":"2024-12-26T05:19:14","date_gmt":"2024-12-26T05:19:14","guid":{"rendered":"https:\/\/twine.vn\/?post_type=product&#038;p=24960"},"modified":"2024-12-26T05:19:14","modified_gmt":"2024-12-26T05:19:14","slug":"korta-k-premium","status":"publish","type":"product","link":"https:\/\/twine.vn\/index.php\/product\/korta-k-premium\/","title":{"rendered":"Korta K Premium"},"content":{"rendered":"<h4><span style=\"font-family: helvetica, arial, sans-serif;\"><strong>L\u1ecbch S\u1eed &amp; Ngu\u1ed3n G\u1ed1c<\/strong><\/span><\/h4>\n<p><span style=\"font-family: helvetica, arial, sans-serif;\">Korta K Premium l\u00e0 m\u1ed9t trong nh\u1eefng d\u00f2ng r\u01b0\u1ee3u vang \u0111\u1ecf \u0111\u1eb3ng c\u1ea5p \u0111\u1ebfn t\u1eeb Chile, n\u01a1i \u0111\u01b0\u1ee3c m\u1ec7nh danh l\u00e0 thi\u00ean \u0111\u01b0\u1eddng c\u1ee7a nh\u1eefng v\u01b0\u1eddn nho b\u1ea1t ng\u00e0n v\u00e0 ngh\u1ec7 thu\u1eadt l\u00e0m r\u01b0\u1ee3u tinh t\u1ebf. \u0110\u01b0\u1ee3c s\u1ea3n xu\u1ea5t b\u1edfi Korta Winery \u2013 nh\u00e0 l\u00e0m vang danh ti\u1ebfng v\u1edbi quy tr\u00ecnh s\u1ea3n xu\u1ea5t hi\u1ec7n \u0111\u1ea1i nh\u01b0ng v\u1eabn gi\u1eef \u0111\u01b0\u1ee3c n\u00e9t truy\u1ec1n th\u1ed1ng, Korta K Premium ch\u00ednh l\u00e0 bi\u1ec3u t\u01b0\u1ee3ng cho s\u1ef1 ho\u00e0n h\u1ea3o v\u00e0 \u0111\u1eb3ng c\u1ea5p trong th\u1ebf gi\u1edbi r\u01b0\u1ee3u vang.<\/span><\/p>\n<hr \/>\n<h4><span style=\"font-family: helvetica, arial, sans-serif;\"><strong>\u0110\u1eb7c \u0110i\u1ec3m H\u01b0\u01a1ng V\u1ecb<\/strong><\/span><\/h4>\n<ul>\n<li><span style=\"font-family: helvetica, arial, sans-serif;\"><strong>M\u0169i (Nose):<\/strong> H\u01b0\u01a1ng th\u01a1m ph\u1ee9c h\u1ee3p c\u1ee7a tr\u00e1i c\u00e2y ch\u00edn m\u1ecdng nh\u01b0 m\u1eadn, anh \u0111\u00e0o, h\u00f2a quy\u1ec7n v\u1edbi g\u1ee3i \u00fd c\u1ee7a g\u1ed7 s\u1ed3i, vani, v\u00e0 chocolate.<\/span><\/li>\n<li><span style=\"font-family: helvetica, arial, sans-serif;\"><strong>V\u1ecb (Palate):<\/strong> K\u1ebft c\u1ea5u \u0111\u1eadm \u0111\u00e0 v\u00e0 tr\u00f2n tr\u1ecba v\u1edbi v\u1ecb ch\u00e1t tannin m\u01b0\u1ee3t m\u00e0, v\u1ecb ng\u1ecdt nh\u1eb9 nh\u00e0ng c\u00f9ng ch\u00fat gia v\u1ecb tinh t\u1ebf.<\/span><\/li>\n<li><span style=\"font-family: helvetica, arial, sans-serif;\"><strong>D\u01b0 v\u1ecb (Finish):<\/strong> K\u00e9o d\u00e0i, s\u00e2u l\u1eafng, \u0111\u1ec3 l\u1ea1i c\u1ea3m gi\u00e1c \u1ea5m \u00e1p v\u00e0 sang tr\u1ecdng trong m\u1ed7i ng\u1ee5m th\u01b0\u1edfng th\u1ee9c.<\/span><\/li>\n<\/ul>\n<hr \/>\n<h4><span style=\"font-family: helvetica, arial, sans-serif;\"><strong>Th\u00f4ng Tin S\u1ea3n Ph\u1ea9m<\/strong><\/span><\/h4>\n<ul>\n<li><span style=\"font-family: helvetica, arial, sans-serif;\"><strong>Lo\u1ea1i r\u01b0\u1ee3u:<\/strong> Vang \u0111\u1ecf<\/span><\/li>\n<li><span style=\"font-family: helvetica, arial, sans-serif;\"><strong>Dung t\u00edch:<\/strong> 750ml<\/span><\/li>\n<li><span style=\"font-family: helvetica, arial, sans-serif;\"><strong>N\u1ed3ng \u0111\u1ed9 c\u1ed3n:<\/strong> 14.5% ABV<\/span><\/li>\n<li><span style=\"font-family: helvetica, arial, sans-serif;\"><strong>Xu\u1ea5t x\u1ee9:<\/strong> Chile<\/span><\/li>\n<li><span style=\"font-family: helvetica, arial, sans-serif;\"><strong>Ni\u00ean v\u1ee5:<\/strong> 2017<\/span><\/li>\n<\/ul>\n<hr \/>\n<h4><span style=\"font-family: helvetica, arial, sans-serif;\"><strong>Ho\u00e0n H\u1ea3o Cho M\u1ecdi D\u1ecbp<\/strong><\/span><\/h4>\n<p><span style=\"font-family: helvetica, arial, sans-serif;\">Korta K Premium l\u00e0 l\u1ef1a ch\u1ecdn tuy\u1ec7t v\u1eddi khi k\u1ebft h\u1ee3p c\u00f9ng:<\/span><\/p>\n<ul>\n<li><span style=\"font-family: helvetica, arial, sans-serif;\">C\u00e1c m\u00f3n th\u1ecbt \u0111\u1ecf nh\u01b0 b\u00f2 b\u00edt t\u1ebft, c\u1eebu n\u01b0\u1edbng ho\u1eb7c v\u1ecbt quay.<\/span><\/li>\n<li><span style=\"font-family: helvetica, arial, sans-serif;\">Pasta s\u1ed1t \u0111\u1eadm v\u1ecb ho\u1eb7c ph\u00f4 mai tr\u01b0\u1edfng th\u00e0nh.<\/span><br \/>\n<span style=\"font-family: helvetica, arial, sans-serif;\">Chai r\u01b0\u1ee3u n\u00e0y c\u0169ng l\u00e0 m\u00f3n qu\u00e0 sang tr\u1ecdng d\u00e0nh t\u1eb7ng ng\u01b0\u1eddi th\u00e2n, b\u1ea1n b\u00e8 ho\u1eb7c \u0111\u1ed1i t\u00e1c trong nh\u1eefng d\u1ecbp \u0111\u1eb7c bi\u1ec7t.<\/span><\/li>\n<\/ul>\n<hr \/>\n<h4><span style=\"font-family: helvetica, arial, sans-serif;\"><strong>R\u01b0\u1ee3u Ngo\u1ea1i Twine \u2013 Uy T\u00edn Trong T\u1eebng S\u1ea3n Ph\u1ea9m<\/strong><\/span><\/h4>\n<ul>\n<li><span style=\"font-family: helvetica, arial, sans-serif;\"><strong>\u0110\u1ecba ch\u1ec9:<\/strong> 144, \u0110\u01b0\u1eddng D1, KDC Ph\u00fa H\u00f2a 1, TP. Th\u1ee7 D\u1ea7u M\u1ed9t, B\u00ecnh D\u01b0\u01a1ng<\/span><\/li>\n<li><span style=\"font-family: helvetica, arial, sans-serif;\"><strong>Hotline:<\/strong> 0989.819.859 \u2013 0898.683.465<\/span><\/li>\n<li><span style=\"font-family: helvetica, arial, sans-serif;\"><strong>Fanpage:<\/strong> <a href=\"https:\/\/fb.com\/ruoungoaitwine\" target=\"_new\" rel=\"noopener\">fb.com\/ruoungoaitwine<\/a> | <a href=\"https:\/\/fb.com\/ruouvangtwine\" target=\"_new\" rel=\"noopener\">fb.com\/ruouvangtwine<\/a><\/span><\/li>\n<\/ul>\n<hr \/>\n<p><span style=\"font-family: helvetica, arial, sans-serif;\"><strong>Twine \u2013 \u0110\u1ed3ng h\u00e0nh c\u00f9ng b\u1ea1n n\u00e2ng t\u1ea7m tr\u1ea3i nghi\u1ec7m v\u1edbi nh\u1eefng d\u00f2ng r\u01b0\u1ee3u vang th\u01b0\u1ee3ng h\u1ea1ng!<\/strong><\/span><\/p>\n","protected":false},"excerpt":{"rendered":"<p><span style=\"font-family: helvetica, arial, sans-serif;\">Korta K Premium l\u00e0 m\u1ed9t trong nh\u1eefng d\u00f2ng r\u01b0\u1ee3u vang \u0111\u1ecf \u0111\u1eb3ng c\u1ea5p \u0111\u1ebfn t\u1eeb Chile, n\u01a1i \u0111\u01b0\u1ee3c m\u1ec7nh danh l\u00e0 thi\u00ean \u0111\u01b0\u1eddng c\u1ee7a nh\u1eefng v\u01b0\u1eddn nho b\u1ea1t ng\u00e0n v\u00e0 ngh\u1ec7 thu\u1eadt l\u00e0m r\u01b0\u1ee3u tinh t\u1ebf. \u0110\u01b0\u1ee3c s\u1ea3n xu\u1ea5t b\u1edfi Korta Winery \u2013 nh\u00e0 l\u00e0m vang danh ti\u1ebfng v\u1edbi quy tr\u00ecnh s\u1ea3n xu\u1ea5t hi\u1ec7n \u0111\u1ea1i nh\u01b0ng v\u1eabn gi\u1eef \u0111\u01b0\u1ee3c n\u00e9t truy\u1ec1n th\u1ed1ng, Korta K Premium ch\u00ednh l\u00e0 bi\u1ec3u t\u01b0\u1ee3ng cho s\u1ef1 ho\u00e0n h\u1ea3o v\u00e0 \u0111\u1eb3ng c\u1ea5p trong th\u1ebf gi\u1edbi r\u01b0\u1ee3u vang.<\/span><\/p>\n","protected":false},"featured_media":24963,"comment_status":"open","ping_status":"closed","template":"","meta":[],"product_cat":[15,103],"product_tag":[],"class_list":{"0":"post-24960","1":"product","2":"type-product","3":"status-publish","4":"has-post-thumbnail","6":"product_cat-ruou-vang","7":"product_cat-red-wines","10":"first","11":"instock","12":"shipping-taxable","13":"product-type-simple"},"_links":{"self":[{"href":"https:\/\/twine.vn\/index.php\/wp-json\/wp\/v2\/product\/24960","targetHints":{"allow":["GET"]}}],"collection":[{"href":"https:\/\/twine.vn\/index.php\/wp-json\/wp\/v2\/product"}],"about":[{"href":"https:\/\/twine.vn\/index.php\/wp-json\/wp\/v2\/types\/product"}],"replies":[{"embeddable":true,"href":"https:\/\/twine.vn\/index.php\/wp-json\/wp\/v2\/comments?post=24960"}],"wp:featuredmedia":[{"embeddable":true,"href":"https:\/\/twine.vn\/index.php\/wp-json\/wp\/v2\/media\/24963"}],"wp:attachment":[{"href":"https:\/\/twine.vn\/index.php\/wp-json\/wp\/v2\/media?parent=24960"}],"wp:term":[{"taxonomy":"product_cat","embeddable":true,"href":"https:\/\/twine.vn\/index.php\/wp-json\/wp\/v2\/product_cat?post=24960"},{"taxonomy":"product_tag","embeddable":true,"href":"https:\/\/twine.vn\/index.php\/wp-json\/wp\/v2\/product_tag?post=24960"}],"curies":[{"name":"wp","href":"https:\/\/api.w.org\/{rel}","templated":true}]}}