{"id":24996,"date":"2024-12-28T19:38:12","date_gmt":"2024-12-28T19:38:12","guid":{"rendered":"https:\/\/twine.vn\/?post_type=product&#038;p=24996"},"modified":"2024-12-28T19:38:12","modified_gmt":"2024-12-28T19:38:12","slug":"seagrams-extra-smooth-vodka","status":"publish","type":"product","link":"https:\/\/twine.vn\/index.php\/product\/seagrams-extra-smooth-vodka\/","title":{"rendered":"Seagram&#8217;s Extra Smooth Vodka"},"content":{"rendered":"<p><span style=\"font-family: helvetica, arial, sans-serif;\"><strong>L\u1ecbch S\u1eed &amp; Ngu\u1ed3n G\u1ed1c<\/strong><\/span><br \/>\n<span style=\"font-family: helvetica, arial, sans-serif;\">Seagram&#8217;s Extra Smooth Vodka l\u00e0 s\u1ea3n ph\u1ea9m \u0111\u1eb7c tr\u01b0ng c\u1ee7a th\u01b0\u01a1ng hi\u1ec7u Seagram, ra \u0111\u1eddi t\u1eeb n\u0103m 1857 t\u1ea1i Canada. V\u1edbi h\u01a1n 160 n\u0103m kinh nghi\u1ec7m trong ng\u00e0nh s\u1ea3n xu\u1ea5t r\u01b0\u1ee3u, Seagram&#8217;s \u0111\u00e3 t\u1ea1o d\u1ef1ng danh ti\u1ebfng to\u00e0n c\u1ea7u nh\u1edd ch\u1ea5t l\u01b0\u1ee3ng v\u00e0 s\u1ef1 tinh khi\u1ebft v\u01b0\u1ee3t tr\u1ed9i. Lo\u1ea1i vodka n\u00e0y \u0111\u01b0\u1ee3c ch\u01b0ng c\u1ea5t n\u0103m l\u1ea7n t\u1eeb nh\u1eefng nguy\u00ean li\u1ec7u t\u1ed1t nh\u1ea5t, mang l\u1ea1i tr\u1ea3i nghi\u1ec7m h\u01b0\u01a1ng v\u1ecb m\u01b0\u1ee3t m\u00e0 v\u00e0 \u1ea5n t\u01b0\u1ee3ng.<\/span><\/p>\n<p><span style=\"font-family: helvetica, arial, sans-serif;\"><strong>H\u01b0\u01a1ng V\u1ecb \u0110\u1ed9c \u0110\u00e1o<\/strong><\/span><\/p>\n<ul>\n<li><span style=\"font-family: helvetica, arial, sans-serif;\"><strong>M\u0169i (Nose):<\/strong> H\u01b0\u01a1ng th\u01a1m nh\u1eb9 nh\u00e0ng, trong tr\u1ebbo, v\u1edbi ch\u00fat ng\u1ecdt t\u1ef1 nhi\u00ean t\u1eeb ng\u0169 c\u1ed1c ch\u1ea5t l\u01b0\u1ee3ng cao.<\/span><\/li>\n<li><span style=\"font-family: helvetica, arial, sans-serif;\"><strong>V\u1ecb (Palate):<\/strong> \u00cam d\u1ecbu, trung t\u00ednh v\u00e0 m\u01b0\u1ee3t m\u00e0, d\u1ec5 d\u00e0ng l\u00e0m h\u00e0i l\u00f2ng c\u1ea3 nh\u1eefng ng\u01b0\u1eddi th\u01b0\u1edfng th\u1ee9c kh\u00f3 t\u00ednh nh\u1ea5t.<\/span><\/li>\n<li><span style=\"font-family: helvetica, arial, sans-serif;\"><strong>D\u01b0 v\u1ecb (Finish):<\/strong> K\u00e9o d\u00e0i, thanh khi\u1ebft v\u00e0 \u1ea5m \u00e1p.<\/span><\/li>\n<\/ul>\n<p><span style=\"font-family: helvetica, arial, sans-serif;\"><strong>\u0110\u1eb7c \u0110i\u1ec3m S\u1ea3n Ph\u1ea9m<\/strong><\/span><\/p>\n<ul>\n<li><span style=\"font-family: helvetica, arial, sans-serif;\"><strong>Dung t\u00edch:<\/strong> 500ml<\/span><\/li>\n<li><span style=\"font-family: helvetica, arial, sans-serif;\"><strong>N\u1ed3ng \u0111\u1ed9 c\u1ed3n:<\/strong> 30% ABV<\/span><\/li>\n<li><span style=\"font-family: helvetica, arial, sans-serif;\"><strong>Xu\u1ea5t x\u1ee9:<\/strong> Canada<\/span><\/li>\n<li><span style=\"font-family: helvetica, arial, sans-serif;\"><strong>Lo\u1ea1i:<\/strong> Vodka<\/span><\/li>\n<\/ul>\n<p><span style=\"font-family: helvetica, arial, sans-serif;\">Seagram&#8217;s Extra Smooth Vodka l\u00e0 l\u1ef1a ch\u1ecdn l\u00fd t\u01b0\u1edfng cho m\u1ecdi d\u1ecbp. B\u1ea1n c\u00f3 th\u1ec3 th\u01b0\u1edfng th\u1ee9c nguy\u00ean ch\u1ea5t, th\u00eam \u0111\u00e1 ho\u1eb7c d\u00f9ng \u0111\u1ec3 pha ch\u1ebf c\u00e1c lo\u1ea1i cocktail nh\u01b0 Martini, Cosmopolitan, v\u00e0 Vodka Tonic.<\/span><\/p>\n<p><span style=\"font-family: helvetica, arial, sans-serif;\"><strong>R\u01b0\u1ee3u Ngo\u1ea1i Twine \u2013 Th\u01b0\u01a1ng Hi\u1ec7u T\u1eeb N\u0103m 2021<\/strong><\/span><\/p>\n<ul>\n<li><span style=\"font-family: helvetica, arial, sans-serif;\"><strong>\u0110\u1ecba ch\u1ec9:<\/strong> 144, \u0110\u01b0\u1eddng D1, KDC Ph\u00fa H\u00f2a 1, TP. Th\u1ee7 D\u1ea7u M\u1ed9t, B\u00ecnh D\u01b0\u01a1ng<\/span><\/li>\n<li><span style=\"font-family: helvetica, arial, sans-serif;\"><strong>Hotline:<\/strong> 0989.819.859 \u2013 0898.683.465<\/span><\/li>\n<li><span style=\"font-family: helvetica, arial, sans-serif;\"><strong>Fanpage:<\/strong> <a href=\"https:\/\/fb.com\/ruoungoaitwine\" target=\"_new\" rel=\"noopener\">fb.com\/ruoungoaitwine<\/a> | <a href=\"https:\/\/fb.com\/ruouvangtwine\" target=\"_new\" rel=\"noopener\">fb.com\/ruouvangtwine<\/a><\/span><\/li>\n<\/ul>\n<p><span style=\"font-family: helvetica, arial, sans-serif;\">Twine \u2013 \u0110\u1ed3ng h\u00e0nh c\u00f9ng b\u1ea1n n\u00e2ng t\u1ea7m phong c\u00e1ch s\u1ed1ng v\u1edbi nh\u1eefng d\u00f2ng r\u01b0\u1ee3u ngo\u1ea1i th\u01b0\u1ee3ng h\u1ea1ng!<\/span><\/p>\n","protected":false},"excerpt":{"rendered":"<p><span style=\"font-family: helvetica, arial, sans-serif;\">Seagram&#8217;s Extra Smooth Vodka l\u00e0 s\u1ea3n ph\u1ea9m \u0111\u1eb7c tr\u01b0ng c\u1ee7a th\u01b0\u01a1ng hi\u1ec7u Seagram, ra \u0111\u1eddi t\u1eeb n\u0103m 1857 t\u1ea1i Canada. V\u1edbi h\u01a1n 160 n\u0103m kinh nghi\u1ec7m trong ng\u00e0nh s\u1ea3n xu\u1ea5t r\u01b0\u1ee3u, Seagram&#8217;s \u0111\u00e3 t\u1ea1o d\u1ef1ng danh ti\u1ebfng to\u00e0n c\u1ea7u nh\u1edd ch\u1ea5t l\u01b0\u1ee3ng v\u00e0 s\u1ef1 tinh khi\u1ebft v\u01b0\u1ee3t tr\u1ed9i. Lo\u1ea1i vodka n\u00e0y \u0111\u01b0\u1ee3c ch\u01b0ng c\u1ea5t n\u0103m l\u1ea7n t\u1eeb nh\u1eefng nguy\u00ean li\u1ec7u t\u1ed1t nh\u1ea5t, mang l\u1ea1i tr\u1ea3i nghi\u1ec7m h\u01b0\u01a1ng v\u1ecb m\u01b0\u1ee3t m\u00e0 v\u00e0 \u1ea5n t\u01b0\u1ee3ng.<\/span><\/p>\n<p>&nbsp;<\/p>\n","protected":false},"featured_media":25005,"comment_status":"open","ping_status":"closed","template":"","meta":[],"product_cat":[159],"product_tag":[],"class_list":{"0":"post-24996","1":"product","2":"type-product","3":"status-publish","4":"has-post-thumbnail","6":"product_cat-vodka","9":"first","10":"instock","11":"shipping-taxable","12":"product-type-simple"},"_links":{"self":[{"href":"https:\/\/twine.vn\/index.php\/wp-json\/wp\/v2\/product\/24996","targetHints":{"allow":["GET"]}}],"collection":[{"href":"https:\/\/twine.vn\/index.php\/wp-json\/wp\/v2\/product"}],"about":[{"href":"https:\/\/twine.vn\/index.php\/wp-json\/wp\/v2\/types\/product"}],"replies":[{"embeddable":true,"href":"https:\/\/twine.vn\/index.php\/wp-json\/wp\/v2\/comments?post=24996"}],"wp:featuredmedia":[{"embeddable":true,"href":"https:\/\/twine.vn\/index.php\/wp-json\/wp\/v2\/media\/25005"}],"wp:attachment":[{"href":"https:\/\/twine.vn\/index.php\/wp-json\/wp\/v2\/media?parent=24996"}],"wp:term":[{"taxonomy":"product_cat","embeddable":true,"href":"https:\/\/twine.vn\/index.php\/wp-json\/wp\/v2\/product_cat?post=24996"},{"taxonomy":"product_tag","embeddable":true,"href":"https:\/\/twine.vn\/index.php\/wp-json\/wp\/v2\/product_tag?post=24996"}],"curies":[{"name":"wp","href":"https:\/\/api.w.org\/{rel}","templated":true}]}}