{"id":25010,"date":"2024-12-28T19:52:42","date_gmt":"2024-12-28T19:52:42","guid":{"rendered":"https:\/\/twine.vn\/?post_type=product&#038;p=25010"},"modified":"2024-12-28T19:52:42","modified_gmt":"2024-12-28T19:52:42","slug":"absolut-vodka","status":"publish","type":"product","link":"https:\/\/twine.vn\/index.php\/product\/absolut-vodka\/","title":{"rendered":"Absolut Vodka"},"content":{"rendered":"<p><span style=\"font-family: helvetica, arial, sans-serif;\"><strong>L\u1ecbch S\u1eed &amp; Ngu\u1ed3n G\u1ed1c<\/strong><\/span><br \/>\n<span style=\"font-family: helvetica, arial, sans-serif;\">Absolut Vodka l\u00e0 d\u00f2ng vodka cao c\u1ea5p \u0111\u01b0\u1ee3c s\u1ea3n xu\u1ea5t t\u1ea1i l\u00e0ng \u00c5hus, Th\u1ee5y \u0110i\u1ec3n, v\u1edbi l\u1ecbch s\u1eed b\u1eaft \u0111\u1ea7u t\u1eeb n\u0103m 1879. \u0110\u01b0\u1ee3c ch\u1ebf t\u00e1c t\u1eeb l\u00faa m\u00ec m\u00f9a \u0111\u00f4ng Th\u1ee5y \u0110i\u1ec3n v\u00e0 ngu\u1ed3n n\u01b0\u1edbc tinh khi\u1ebft t\u1eeb gi\u1ebfng s\u00e2u, Absolut Vodka n\u1ed5i b\u1eadt v\u1edbi quy tr\u00ecnh ch\u01b0ng c\u1ea5t li\u00ean t\u1ee5c hi\u1ec7n \u0111\u1ea1i, mang l\u1ea1i ch\u1ea5t l\u01b0\u1ee3ng v\u01b0\u1ee3t tr\u1ed9i v\u00e0 \u0111\u1ed9 tinh khi\u1ebft \u0111\u00e1ng kinh ng\u1ea1c.<\/span><\/p>\n<p><span style=\"font-family: helvetica, arial, sans-serif;\"><strong>H\u01b0\u01a1ng V\u1ecb \u0110\u1ed9c \u0110\u00e1o<\/strong><\/span><\/p>\n<ul>\n<li><span style=\"font-family: helvetica, arial, sans-serif;\"><strong>M\u0169i (Nose):<\/strong> H\u01b0\u01a1ng th\u01a1m thanh tho\u00e1t v\u00e0 d\u1ecbu nh\u1eb9 v\u1edbi ch\u00fat ng\u1ecdt ng\u00e0o t\u1ef1 nhi\u00ean t\u1eeb l\u00faa m\u00ec.<\/span><\/li>\n<li><span style=\"font-family: helvetica, arial, sans-serif;\"><strong>V\u1ecb (Palate):<\/strong> M\u01b0\u1ee3t m\u00e0, c\u00e2n b\u1eb1ng v\u1edbi h\u01b0\u01a1ng v\u1ecb trung t\u00ednh, ph\u00f9 h\u1ee3p v\u1edbi m\u1ecdi lo\u1ea1i cocktail.<\/span><\/li>\n<li><span style=\"font-family: helvetica, arial, sans-serif;\"><strong>D\u01b0 v\u1ecb (Finish):<\/strong> D\u01b0 v\u1ecb k\u00e9o d\u00e0i, thanh khi\u1ebft, v\u00e0 \u1ea5m \u00e1p.<\/span><\/li>\n<\/ul>\n<p><span style=\"font-family: helvetica, arial, sans-serif;\"><strong>\u0110\u1eb7c \u0110i\u1ec3m S\u1ea3n Ph\u1ea9m<\/strong><\/span><\/p>\n<ul>\n<li><span style=\"font-family: helvetica, arial, sans-serif;\">Dung t\u00edch: 750ml<\/span><\/li>\n<li><span style=\"font-family: helvetica, arial, sans-serif;\">N\u1ed3ng \u0111\u1ed9 c\u1ed3n: 40% ABV<\/span><\/li>\n<li><span style=\"font-family: helvetica, arial, sans-serif;\">Xu\u1ea5t x\u1ee9: Th\u1ee5y \u0110i\u1ec3n<\/span><\/li>\n<li><span style=\"font-family: helvetica, arial, sans-serif;\">Lo\u1ea1i: Vodka<\/span><\/li>\n<\/ul>\n<p><span style=\"font-family: helvetica, arial, sans-serif;\"><strong>H\u01b0\u1edbng D\u1eabn Th\u01b0\u1edfng Th\u1ee9c<\/strong><\/span><br \/>\n<span style=\"font-family: helvetica, arial, sans-serif;\">Absolut Vodka l\u00e0 l\u1ef1a ch\u1ecdn ho\u00e0n h\u1ea3o cho m\u1ecdi d\u1ecbp. B\u1ea1n c\u00f3 th\u1ec3:<\/span><\/p>\n<ul>\n<li><span style=\"font-family: helvetica, arial, sans-serif;\">Nguy\u00ean ch\u1ea5t: Th\u01b0\u1edfng th\u1ee9c tr\u1ef1c ti\u1ebfp ho\u1eb7c th\u00eam \u0111\u00e1 \u0111\u1ec3 c\u1ea3m nh\u1eadn s\u1ef1 tinh khi\u1ebft tuy\u1ec7t \u0111\u1ed1i.<\/span><\/li>\n<li><span style=\"font-family: helvetica, arial, sans-serif;\">Pha ch\u1ebf: T\u1ea1o n\u00ean nh\u1eefng lo\u1ea1i cocktail kinh \u0111i\u1ec3n nh\u01b0 Vodka Tonic, Martini, ho\u1eb7c Bloody Mary.<\/span><\/li>\n<\/ul>\n<p><span style=\"font-family: helvetica, arial, sans-serif;\">R\u01b0\u1ee3u Ngo\u1ea1i Twine \u2013 Th\u01b0\u01a1ng Hi\u1ec7u T\u1eeb N\u0103m 2021<\/span><\/p>\n<ul>\n<li><span style=\"font-family: helvetica, arial, sans-serif;\">\u0110\u1ecba ch\u1ec9: 144, \u0110\u01b0\u1eddng D1, KDC Ph\u00fa H\u00f2a 1, TP. Th\u1ee7 D\u1ea7u M\u1ed9t, B\u00ecnh D\u01b0\u01a1ng<\/span><\/li>\n<li><span style=\"font-family: helvetica, arial, sans-serif;\">Hotline: 0989.819.859 \u2013 0898.683.465<\/span><\/li>\n<li><span style=\"font-family: helvetica, arial, sans-serif;\">Fanpage: <a href=\"https:\/\/fb.com\/ruoungoaitwine\" target=\"_new\" rel=\"noopener\">fb.com\/ruoungoaitwine<\/a> | <a href=\"https:\/\/fb.com\/ruouvangtwine\" target=\"_new\" rel=\"noopener\">fb.com\/ruouvangtwine<\/a><\/span><\/li>\n<\/ul>\n<p><span style=\"font-family: helvetica, arial, sans-serif;\">Twine \u2013 \u0110\u1ed3ng h\u00e0nh c\u00f9ng b\u1ea1n n\u00e2ng t\u1ea7m phong c\u00e1ch s\u1ed1ng v\u1edbi nh\u1eefng d\u00f2ng r\u01b0\u1ee3u ngo\u1ea1i th\u01b0\u1ee3ng h\u1ea1ng!<\/span><\/p>\n<p><span style=\"font-family: helvetica, arial, sans-serif;\">Th\u01b0\u1edfng th\u1ee9c c\u00f3 tr\u00e1ch nhi\u1ec7m. Kh\u00f4ng chia s\u1ebb n\u1ed9i dung n\u00e0y cho ng\u01b0\u1eddi d\u01b0\u1edbi 18 tu\u1ed5i.<\/span><\/p>\n","protected":false},"excerpt":{"rendered":"<p><span style=\"font-family: helvetica, arial, sans-serif;\">Absolut Vodka l\u00e0 d\u00f2ng vodka cao c\u1ea5p \u0111\u01b0\u1ee3c s\u1ea3n xu\u1ea5t t\u1ea1i l\u00e0ng \u00c5hus, Th\u1ee5y \u0110i\u1ec3n, v\u1edbi l\u1ecbch s\u1eed b\u1eaft \u0111\u1ea7u t\u1eeb n\u0103m 1879. \u0110\u01b0\u1ee3c ch\u1ebf t\u00e1c t\u1eeb l\u00faa m\u00ec m\u00f9a \u0111\u00f4ng Th\u1ee5y \u0110i\u1ec3n v\u00e0 ngu\u1ed3n n\u01b0\u1edbc tinh khi\u1ebft t\u1eeb gi\u1ebfng s\u00e2u, Absolut Vodka n\u1ed5i b\u1eadt v\u1edbi quy tr\u00ecnh ch\u01b0ng c\u1ea5t li\u00ean t\u1ee5c hi\u1ec7n \u0111\u1ea1i, mang l\u1ea1i ch\u1ea5t l\u01b0\u1ee3ng v\u01b0\u1ee3t tr\u1ed9i v\u00e0 \u0111\u1ed9 tinh khi\u1ebft \u0111\u00e1ng kinh ng\u1ea1c.<\/span><\/p>\n","protected":false},"featured_media":25013,"comment_status":"open","ping_status":"closed","template":"","meta":[],"product_cat":[159],"product_tag":[],"class_list":{"0":"post-25010","1":"product","2":"type-product","3":"status-publish","4":"has-post-thumbnail","6":"product_cat-vodka","9":"first","10":"instock","11":"shipping-taxable","12":"product-type-simple"},"_links":{"self":[{"href":"https:\/\/twine.vn\/index.php\/wp-json\/wp\/v2\/product\/25010","targetHints":{"allow":["GET"]}}],"collection":[{"href":"https:\/\/twine.vn\/index.php\/wp-json\/wp\/v2\/product"}],"about":[{"href":"https:\/\/twine.vn\/index.php\/wp-json\/wp\/v2\/types\/product"}],"replies":[{"embeddable":true,"href":"https:\/\/twine.vn\/index.php\/wp-json\/wp\/v2\/comments?post=25010"}],"wp:featuredmedia":[{"embeddable":true,"href":"https:\/\/twine.vn\/index.php\/wp-json\/wp\/v2\/media\/25013"}],"wp:attachment":[{"href":"https:\/\/twine.vn\/index.php\/wp-json\/wp\/v2\/media?parent=25010"}],"wp:term":[{"taxonomy":"product_cat","embeddable":true,"href":"https:\/\/twine.vn\/index.php\/wp-json\/wp\/v2\/product_cat?post=25010"},{"taxonomy":"product_tag","embeddable":true,"href":"https:\/\/twine.vn\/index.php\/wp-json\/wp\/v2\/product_tag?post=25010"}],"curies":[{"name":"wp","href":"https:\/\/api.w.org\/{rel}","templated":true}]}}