{"id":25063,"date":"2025-01-06T13:36:23","date_gmt":"2025-01-06T13:36:23","guid":{"rendered":"https:\/\/twine.vn\/?post_type=product&#038;p=25063"},"modified":"2025-01-06T13:36:23","modified_gmt":"2025-01-06T13:36:23","slug":"cote-mas-pezenas","status":"publish","type":"product","link":"https:\/\/twine.vn\/index.php\/product\/cote-mas-pezenas\/","title":{"rendered":"C\u00f4t\u00e9 Mas P\u00e9zenas"},"content":{"rendered":"<div class=\"flex max-w-full flex-col flex-grow\">\n<div class=\"min-h-8 text-message flex w-full flex-col items-end gap-2 whitespace-normal break-words text-start [.text-message+&amp;]:mt-5\" dir=\"auto\" data-message-author-role=\"assistant\" data-message-id=\"6f6fcc0d-a540-47a1-9603-730a5f6b5553\" data-message-model-slug=\"gpt-4o\">\n<div class=\"flex w-full flex-col gap-1 empty:hidden first:pt-[3px]\">\n<div class=\"markdown prose w-full break-words dark:prose-invert dark\">\n<p><span style=\"font-family: helvetica, arial, sans-serif;\"><strong>L\u1ecbch s\u1eed &amp; ngu\u1ed3n g\u1ed1c<\/strong><\/span><br \/>\n<span style=\"font-family: helvetica, arial, sans-serif;\">C\u00f4t\u00e9 Mas P\u00e9zenas l\u00e0 m\u1ed9t chai r\u01b0\u1ee3u vang \u0111\u1ecf \u0111\u1ebfn t\u1eeb v\u00f9ng Languedoc, mi\u1ec1n Nam n\u01b0\u1edbc Ph\u00e1p \u2013 n\u01a1i n\u1ed5i ti\u1ebfng v\u1edbi nh\u1eefng c\u00e1nh \u0111\u1ed3ng nho tr\u00e0n ng\u1eadp n\u1eafng v\u00e0 truy\u1ec1n th\u1ed1ng l\u00e0m vang l\u00e2u \u0111\u1eddi. Nh\u00e0 s\u1ea3n xu\u1ea5t Jean-Claude Mas, ng\u01b0\u1eddi s\u00e1ng l\u1eadp th\u01b0\u01a1ng hi\u1ec7u C\u00f4t\u00e9 Mas, \u0111\u00e3 k\u1ebft h\u1ee3p gi\u1eefa ph\u01b0\u01a1ng ph\u00e1p l\u00e0m vang truy\u1ec1n th\u1ed1ng v\u00e0 phong c\u00e1ch hi\u1ec7n \u0111\u1ea1i \u0111\u1ec3 t\u1ea1o ra d\u00f2ng s\u1ea3n ph\u1ea9m n\u00e0y. V\u1edbi s\u1ef1 ch\u0103m ch\u00fat t\u1eeb kh\u00e2u ch\u1ecdn l\u1ecdc nho Grenache, Syrah, Mourv\u00e8dre v\u00e0 Carignan, C\u00f4t\u00e9 Mas P\u00e9zenas mang \u0111\u1eadm d\u1ea5u \u1ea5n tinh t\u1ebf c\u1ee7a v\u00f9ng \u0111\u1ea5t \u0110\u1ecba Trung H\u1ea3i.<\/span><\/p>\n<p><span style=\"font-family: helvetica, arial, sans-serif;\"><strong>H\u01b0\u01a1ng v\u1ecb \u0111\u1ed9c \u0111\u00e1o<\/strong><\/span><\/p>\n<ul>\n<li><span style=\"font-family: helvetica, arial, sans-serif;\"><strong>M\u0169i (Nose):<\/strong> H\u01b0\u01a1ng th\u01a1m n\u1ed3ng n\u00e0n c\u1ee7a tr\u00e1i c\u00e2y \u0111\u1ecf ch\u00edn m\u1ecdng nh\u01b0 m\u00e2m x\u00f4i v\u00e0 anh \u0111\u00e0o, h\u00f2a quy\u1ec7n c\u00f9ng n\u1ed1t cay nh\u1eb9 c\u1ee7a ti\u00eau \u0111en v\u00e0 ch\u00fat thoang tho\u1ea3ng c\u1ee7a g\u1ed7 s\u1ed3i.<\/span><\/li>\n<li><span style=\"font-family: helvetica, arial, sans-serif;\"><strong>V\u1ecb (Palate):<\/strong> V\u1ecb r\u01b0\u1ee3u \u0111\u1eadm \u0111\u00e0 v\u00e0 c\u00e2n b\u1eb1ng v\u1edbi tannin m\u1ec1m m\u1ea1i, n\u1ed5i b\u1eadt v\u1edbi s\u1ef1 k\u1ebft h\u1ee3p gi\u1eefa tr\u00e1i c\u00e2y v\u00e0 h\u01b0\u01a1ng vani m\u01b0\u1ee3t m\u00e0.<\/span><\/li>\n<li><span style=\"font-family: helvetica, arial, sans-serif;\"><strong>D\u01b0 v\u1ecb (Finish):<\/strong> D\u00e0i l\u00e2u v\u00e0 s\u00e2u l\u1eafng, \u0111\u1ec3 l\u1ea1i d\u1ea5u \u1ea5n c\u1ee7a chocolate \u0111en v\u00e0 gia v\u1ecb.<\/span><\/li>\n<\/ul>\n<p><span style=\"font-family: helvetica, arial, sans-serif;\"><strong>\u0110\u1eb7c \u0111i\u1ec3m s\u1ea3n ph\u1ea9m<\/strong><\/span><\/p>\n<ul>\n<li><span style=\"font-family: helvetica, arial, sans-serif;\">Dung t\u00edch: 750ml<\/span><\/li>\n<li><span style=\"font-family: helvetica, arial, sans-serif;\">N\u1ed3ng \u0111\u1ed9 c\u1ed3n: 14,5% ABV<\/span><\/li>\n<li><span style=\"font-family: helvetica, arial, sans-serif;\">Xu\u1ea5t x\u1ee9: Languedoc, Ph\u00e1p<\/span><\/li>\n<li><span style=\"font-family: helvetica, arial, sans-serif;\">Lo\u1ea1i: R\u01b0\u1ee3u vang \u0111\u1ecf<\/span><\/li>\n<\/ul>\n<p><span style=\"font-family: helvetica, arial, sans-serif;\"><strong>C\u00e1ch th\u01b0\u1edfng th\u1ee9c<\/strong><\/span><br \/>\n<span style=\"font-family: helvetica, arial, sans-serif;\">C\u00f4t\u00e9 Mas P\u00e9zenas l\u00e0 l\u1ef1a ch\u1ecdn tuy\u1ec7t v\u1eddi khi k\u1ebft h\u1ee3p c\u00f9ng c\u00e1c m\u00f3n th\u1ecbt \u0111\u1ecf n\u01b0\u1edbng, th\u1ecbt ngu\u1ed9i, ho\u1eb7c ph\u00f4 mai tr\u01b0\u1edfng th\u00e0nh. Nhi\u1ec7t \u0111\u1ed9 l\u00fd t\u01b0\u1edfng \u0111\u1ec3 th\u01b0\u1edfng th\u1ee9c r\u01b0\u1ee3u l\u00e0 16-18\u00b0C, gi\u00fap t\u00f4n l\u00ean to\u00e0n b\u1ed9 h\u01b0\u01a1ng v\u1ecb v\u00e0 \u0111\u1ed9 ph\u1ee9c h\u1ee3p c\u1ee7a r\u01b0\u1ee3u.<\/span><\/p>\n<p><span style=\"font-family: helvetica, arial, sans-serif;\"><strong>R\u01b0\u1ee3u Ngo\u1ea1i Twine \u2013 Th\u01b0\u01a1ng Hi\u1ec7u T\u1eeb N\u0103m 2021<\/strong><\/span><\/p>\n<ul>\n<li><span style=\"font-family: helvetica, arial, sans-serif;\">\u0110\u1ecba ch\u1ec9: 144, \u0110\u01b0\u1eddng D1, KDC Ph\u00fa H\u00f2a 1, TP. Th\u1ee7 D\u1ea7u M\u1ed9t, B\u00ecnh D\u01b0\u01a1ng<\/span><\/li>\n<li><span style=\"font-family: helvetica, arial, sans-serif;\">Hotline: 0989.819.859 \u2013 0898.683.465<\/span><\/li>\n<li><span style=\"font-family: helvetica, arial, sans-serif;\">Fanpage: fb.com\/ruoungoaitwine | fb.com\/ruouvangtwine<\/span><\/li>\n<\/ul>\n<p><span style=\"font-family: helvetica, arial, sans-serif;\"><strong>Twine \u2013 \u0110\u1ed3ng h\u00e0nh c\u00f9ng b\u1ea1n n\u00e2ng t\u1ea7m phong c\u00e1ch s\u1ed1ng v\u1edbi nh\u1eefng d\u00f2ng r\u01b0\u1ee3u ngo\u1ea1i th\u01b0\u1ee3ng h\u1ea1ng!<\/strong><\/span><\/p>\n<\/div>\n<\/div>\n<\/div>\n<\/div>\n","protected":false},"excerpt":{"rendered":"<p><span style=\"font-family: helvetica, arial, sans-serif;\">C\u00f4t\u00e9 Mas P\u00e9zenas l\u00e0 m\u1ed9t chai r\u01b0\u1ee3u vang \u0111\u1ecf \u0111\u1ebfn t\u1eeb v\u00f9ng Languedoc, mi\u1ec1n Nam n\u01b0\u1edbc Ph\u00e1p \u2013 n\u01a1i n\u1ed5i ti\u1ebfng v\u1edbi nh\u1eefng c\u00e1nh \u0111\u1ed3ng nho tr\u00e0n ng\u1eadp n\u1eafng v\u00e0 truy\u1ec1n th\u1ed1ng l\u00e0m vang l\u00e2u \u0111\u1eddi. Nh\u00e0 s\u1ea3n xu\u1ea5t Jean-Claude Mas, ng\u01b0\u1eddi s\u00e1ng l\u1eadp th\u01b0\u01a1ng hi\u1ec7u C\u00f4t\u00e9 Mas, \u0111\u00e3 k\u1ebft h\u1ee3p gi\u1eefa ph\u01b0\u01a1ng ph\u00e1p l\u00e0m vang truy\u1ec1n th\u1ed1ng v\u00e0 phong c\u00e1ch hi\u1ec7n \u0111\u1ea1i \u0111\u1ec3 t\u1ea1o ra d\u00f2ng s\u1ea3n ph\u1ea9m n\u00e0y. V\u1edbi s\u1ef1 ch\u0103m ch\u00fat t\u1eeb kh\u00e2u ch\u1ecdn l\u1ecdc nho Grenache, Syrah, Mourv\u00e8dre v\u00e0 Carignan, C\u00f4t\u00e9 Mas P\u00e9zenas mang \u0111\u1eadm d\u1ea5u \u1ea5n tinh t\u1ebf c\u1ee7a v\u00f9ng \u0111\u1ea5t \u0110\u1ecba Trung H\u1ea3i.<\/span><\/p>\n","protected":false},"featured_media":25067,"comment_status":"open","ping_status":"closed","template":"","meta":[],"product_cat":[15,152,103],"product_tag":[],"class_list":{"0":"post-25063","1":"product","2":"type-product","3":"status-publish","4":"has-post-thumbnail","6":"product_cat-ruou-vang","7":"product_cat-ruou-vang-phap","8":"product_cat-red-wines","11":"first","12":"instock","13":"shipping-taxable","14":"product-type-simple"},"_links":{"self":[{"href":"https:\/\/twine.vn\/index.php\/wp-json\/wp\/v2\/product\/25063","targetHints":{"allow":["GET"]}}],"collection":[{"href":"https:\/\/twine.vn\/index.php\/wp-json\/wp\/v2\/product"}],"about":[{"href":"https:\/\/twine.vn\/index.php\/wp-json\/wp\/v2\/types\/product"}],"replies":[{"embeddable":true,"href":"https:\/\/twine.vn\/index.php\/wp-json\/wp\/v2\/comments?post=25063"}],"wp:featuredmedia":[{"embeddable":true,"href":"https:\/\/twine.vn\/index.php\/wp-json\/wp\/v2\/media\/25067"}],"wp:attachment":[{"href":"https:\/\/twine.vn\/index.php\/wp-json\/wp\/v2\/media?parent=25063"}],"wp:term":[{"taxonomy":"product_cat","embeddable":true,"href":"https:\/\/twine.vn\/index.php\/wp-json\/wp\/v2\/product_cat?post=25063"},{"taxonomy":"product_tag","embeddable":true,"href":"https:\/\/twine.vn\/index.php\/wp-json\/wp\/v2\/product_tag?post=25063"}],"curies":[{"name":"wp","href":"https:\/\/api.w.org\/{rel}","templated":true}]}}