{"id":25077,"date":"2025-01-06T13:48:25","date_gmt":"2025-01-06T13:48:25","guid":{"rendered":"https:\/\/twine.vn\/?post_type=product&#038;p=25077"},"modified":"2025-01-06T13:48:25","modified_gmt":"2025-01-06T13:48:25","slug":"cote-mas-sauvignon-vermentino-2022","status":"publish","type":"product","link":"https:\/\/twine.vn\/index.php\/product\/cote-mas-sauvignon-vermentino-2022\/","title":{"rendered":"C\u00f4te Mas Sauvignon Vermentino 2022"},"content":{"rendered":"<p><span style=\"font-family: helvetica, arial, sans-serif;\"><strong>L\u1ecbch s\u1eed &amp; ngu\u1ed3n g\u1ed1c<\/strong><\/span><br \/>\n<span style=\"font-family: helvetica, arial, sans-serif;\">C\u00f4te Mas Sauvignon Vermentino 2022 l\u00e0 d\u00f2ng r\u01b0\u1ee3u vang tr\u1eafng tinh t\u1ebf \u0111\u1ebfn t\u1eeb v\u00f9ng Languedoc, mi\u1ec1n Nam n\u01b0\u1edbc Ph\u00e1p. Th\u01b0\u01a1ng hi\u1ec7u C\u00f4te Mas n\u1ed5i ti\u1ebfng v\u1edbi s\u1ef1 s\u00e1ng t\u1ea1o trong s\u1ea3n xu\u1ea5t r\u01b0\u1ee3u, mang \u0111\u1ebfn nh\u1eefng chai vang th\u1ec3 hi\u1ec7n r\u00f5 n\u00e9t c\u00e1 t\u00ednh c\u1ee7a v\u00f9ng \u0111\u1ea5t gi\u00e0u truy\u1ec1n th\u1ed1ng l\u00e0m r\u01b0\u1ee3u n\u00e0y. V\u1edbi s\u1ef1 k\u1ebft h\u1ee3p c\u1ee7a hai gi\u1ed1ng nho Sauvignon Blanc v\u00e0 Vermentino, chai r\u01b0\u1ee3u n\u00e0y h\u1ee9a h\u1eb9n tr\u1ea3i nghi\u1ec7m s\u1ea3ng kho\u00e1i v\u00e0 thanh l\u1ecbch.<\/span><\/p>\n<p><span style=\"font-family: helvetica, arial, sans-serif;\"><strong>H\u01b0\u01a1ng v\u1ecb \u0111\u1ed9c \u0111\u00e1o<\/strong><\/span><\/p>\n<ul>\n<li><span style=\"font-family: helvetica, arial, sans-serif;\"><strong>M\u0169i (Nose):<\/strong> H\u01b0\u01a1ng th\u01a1m n\u1ed5i b\u1eadt c\u1ee7a tr\u00e1i c\u00e2y nhi\u1ec7t \u0111\u1edbi nh\u01b0 chanh d\u00e2y, b\u01b0\u1edfi, c\u00f9ng ch\u00fat h\u01b0\u01a1ng hoa cam tinh t\u1ebf.<\/span><\/li>\n<li><span style=\"font-family: helvetica, arial, sans-serif;\"><strong>V\u1ecb (Palate):<\/strong> V\u1ecb gi\u00f2n tan, t\u01b0\u01a1i m\u1edbi v\u1edbi s\u1ef1 c\u00e2n b\u1eb1ng ho\u00e0n h\u1ea3o gi\u1eefa \u0111\u1ed9 chua nh\u1eb9 nh\u00e0ng v\u00e0 v\u1ecb ng\u1ecdt thanh t\u1eeb tr\u00e1i c\u00e2y.<\/span><\/li>\n<li><span style=\"font-family: helvetica, arial, sans-serif;\"><strong>D\u01b0 v\u1ecb (Finish):<\/strong> H\u01b0\u01a1ng v\u1ecb k\u00e9o d\u00e0i, s\u1ea3ng kho\u00e1i v\u1edbi ch\u00fat h\u1eadu v\u1ecb c\u1ee7a cam qu\u00fdt v\u00e0 kho\u00e1ng ch\u1ea5t nh\u1eb9.<\/span><\/li>\n<\/ul>\n<p><span style=\"font-family: helvetica, arial, sans-serif;\"><strong>\u0110\u1eb7c \u0111i\u1ec3m s\u1ea3n ph\u1ea9m<\/strong><\/span><\/p>\n<ul>\n<li><span style=\"font-family: helvetica, arial, sans-serif;\">Dung t\u00edch: 750ml<\/span><\/li>\n<li><span style=\"font-family: helvetica, arial, sans-serif;\">N\u1ed3ng \u0111\u1ed9 c\u1ed3n: 12.5% ABV<\/span><\/li>\n<li><span style=\"font-family: helvetica, arial, sans-serif;\">Xu\u1ea5t x\u1ee9: Ph\u00e1p<\/span><\/li>\n<li><span style=\"font-family: helvetica, arial, sans-serif;\">Lo\u1ea1i: R\u01b0\u1ee3u vang tr\u1eafng<\/span><\/li>\n<\/ul>\n<p><span style=\"font-family: helvetica, arial, sans-serif;\"><strong>C\u00e1ch th\u01b0\u1edfng th\u1ee9c<\/strong><\/span><br \/>\n<span style=\"font-family: helvetica, arial, sans-serif;\">C\u00f4te Mas Sauvignon Vermentino 2022 ho\u00e0n h\u1ea3o khi d\u00f9ng k\u00e8m v\u1edbi h\u1ea3i s\u1ea3n t\u01b0\u01a1i s\u1ed1ng, c\u00e1c m\u00f3n salad nh\u1eb9, ho\u1eb7c ph\u00f4 mai m\u1ec1m. Th\u01b0\u1edfng th\u1ee9c ngon nh\u1ea5t \u1edf nhi\u1ec7t \u0111\u1ed9 t\u1eeb 8-10\u00b0C \u0111\u1ec3 c\u1ea3m nh\u1eadn \u0111\u1ea7y \u0111\u1ee7 h\u01b0\u01a1ng v\u1ecb t\u01b0\u01a1i m\u00e1t.<\/span><\/p>\n<p><span style=\"font-family: helvetica, arial, sans-serif;\"><strong>R\u01b0\u1ee3u Ngo\u1ea1i Twine \u2013 Th\u01b0\u01a1ng Hi\u1ec7u T\u1eeb N\u0103m 2021<\/strong><\/span><\/p>\n<ul>\n<li><span style=\"font-family: helvetica, arial, sans-serif;\">\u0110\u1ecba ch\u1ec9: 144, \u0110\u01b0\u1eddng D1, KDC Ph\u00fa H\u00f2a 1, TP. Th\u1ee7 D\u1ea7u M\u1ed9t, B\u00ecnh D\u01b0\u01a1ng<\/span><\/li>\n<li><span style=\"font-family: helvetica, arial, sans-serif;\">Hotline: 0989.819.859 \u2013 0898.683.465<\/span><\/li>\n<li><span style=\"font-family: helvetica, arial, sans-serif;\">Fanpage: fb.com\/ruoungoaitwine | fb.com\/ruouvangtwine<\/span><\/li>\n<\/ul>\n<p><span style=\"font-family: helvetica, arial, sans-serif;\"><strong>Twine \u2013 \u0110\u1ed3ng h\u00e0nh c\u00f9ng b\u1ea1n n\u00e2ng t\u1ea7m phong c\u00e1ch s\u1ed1ng v\u1edbi nh\u1eefng d\u00f2ng r\u01b0\u1ee3u ngo\u1ea1i th\u01b0\u1ee3ng h\u1ea1ng!<\/strong><\/span><\/p>\n","protected":false},"excerpt":{"rendered":"<p><span style=\"font-family: helvetica, arial, sans-serif;\">C\u00f4te Mas Sauvignon Vermentino 2022 l\u00e0 d\u00f2ng r\u01b0\u1ee3u vang tr\u1eafng tinh t\u1ebf \u0111\u1ebfn t\u1eeb v\u00f9ng Languedoc, mi\u1ec1n Nam n\u01b0\u1edbc Ph\u00e1p. Th\u01b0\u01a1ng hi\u1ec7u C\u00f4te Mas n\u1ed5i ti\u1ebfng v\u1edbi s\u1ef1 s\u00e1ng t\u1ea1o trong s\u1ea3n xu\u1ea5t r\u01b0\u1ee3u, mang \u0111\u1ebfn nh\u1eefng chai vang th\u1ec3 hi\u1ec7n r\u00f5 n\u00e9t c\u00e1 t\u00ednh c\u1ee7a v\u00f9ng \u0111\u1ea5t gi\u00e0u truy\u1ec1n th\u1ed1ng l\u00e0m r\u01b0\u1ee3u n\u00e0y. V\u1edbi s\u1ef1 k\u1ebft h\u1ee3p c\u1ee7a hai gi\u1ed1ng nho Sauvignon Blanc v\u00e0 Vermentino, chai r\u01b0\u1ee3u n\u00e0y h\u1ee9a h\u1eb9n tr\u1ea3i nghi\u1ec7m s\u1ea3ng kho\u00e1i v\u00e0 thanh l\u1ecbch.<\/span><\/p>\n","protected":false},"featured_media":25081,"comment_status":"open","ping_status":"closed","template":"","meta":[],"product_cat":[15,152,125],"product_tag":[],"class_list":{"0":"post-25077","1":"product","2":"type-product","3":"status-publish","4":"has-post-thumbnail","6":"product_cat-ruou-vang","7":"product_cat-ruou-vang-phap","8":"product_cat-white-wines","11":"first","12":"instock","13":"shipping-taxable","14":"product-type-simple"},"_links":{"self":[{"href":"https:\/\/twine.vn\/index.php\/wp-json\/wp\/v2\/product\/25077","targetHints":{"allow":["GET"]}}],"collection":[{"href":"https:\/\/twine.vn\/index.php\/wp-json\/wp\/v2\/product"}],"about":[{"href":"https:\/\/twine.vn\/index.php\/wp-json\/wp\/v2\/types\/product"}],"replies":[{"embeddable":true,"href":"https:\/\/twine.vn\/index.php\/wp-json\/wp\/v2\/comments?post=25077"}],"wp:featuredmedia":[{"embeddable":true,"href":"https:\/\/twine.vn\/index.php\/wp-json\/wp\/v2\/media\/25081"}],"wp:attachment":[{"href":"https:\/\/twine.vn\/index.php\/wp-json\/wp\/v2\/media?parent=25077"}],"wp:term":[{"taxonomy":"product_cat","embeddable":true,"href":"https:\/\/twine.vn\/index.php\/wp-json\/wp\/v2\/product_cat?post=25077"},{"taxonomy":"product_tag","embeddable":true,"href":"https:\/\/twine.vn\/index.php\/wp-json\/wp\/v2\/product_tag?post=25077"}],"curies":[{"name":"wp","href":"https:\/\/api.w.org\/{rel}","templated":true}]}}