{"id":25106,"date":"2025-01-11T10:57:00","date_gmt":"2025-01-11T10:57:00","guid":{"rendered":"https:\/\/twine.vn\/?post_type=product&#038;p=25106"},"modified":"2025-01-11T10:57:00","modified_gmt":"2025-01-11T10:57:00","slug":"beaujolais-villages-patriarche-2018","status":"publish","type":"product","link":"https:\/\/twine.vn\/index.php\/product\/beaujolais-villages-patriarche-2018\/","title":{"rendered":"Beaujolais-Villages Patriarche 2018"},"content":{"rendered":"<p><span style=\"font-family: helvetica, arial, sans-serif;\"><strong>L\u1ecbch s\u1eed &amp; ngu\u1ed3n g\u1ed1c<\/strong><\/span><\/p>\n<p><span style=\"font-family: helvetica, arial, sans-serif;\">Beaujolais-Villages Patriarche 2018 l\u00e0 m\u1ed9t chai r\u01b0\u1ee3u vang \u0111\u1ecf n\u1ed5i b\u1eadt \u0111\u1ebfn t\u1eeb v\u00f9ng Beaujolais, ph\u00eda Nam Burgundy, Ph\u00e1p \u2013 n\u01a1i \u0111\u01b0\u1ee3c bi\u1ebft \u0111\u1ebfn v\u1edbi nh\u1eefng v\u01b0\u1eddn nho tuy\u1ec7t \u0111\u1eb9p v\u00e0 truy\u1ec1n th\u1ed1ng s\u1ea3n xu\u1ea5t r\u01b0\u1ee3u l\u00e2u \u0111\u1eddi. Th\u01b0\u01a1ng hi\u1ec7u Patriarche P\u00e8re &amp; Fils, \u0111\u01b0\u1ee3c th\u00e0nh l\u1eadp t\u1eeb n\u0103m 1780, lu\u00f4n t\u1ef1 h\u00e0o mang \u0111\u1ebfn nh\u1eefng d\u00f2ng r\u01b0\u1ee3u vang ch\u1ea5t l\u01b0\u1ee3ng cao v\u1edbi s\u1ef1 k\u1ebft h\u1ee3p ho\u00e0n h\u1ea3o gi\u1eefa tay ngh\u1ec1 truy\u1ec1n th\u1ed1ng v\u00e0 k\u1ef9 thu\u1eadt l\u00e0m vang hi\u1ec7n \u0111\u1ea1i. Beaujolais-Villages l\u00e0 ph\u00e2n h\u1ea1ng r\u01b0\u1ee3u \u0111\u1eb7c tr\u01b0ng c\u1ee7a v\u00f9ng n\u00e0y, n\u1ed5i b\u1eadt b\u1edfi s\u1ef1 t\u01b0\u01a1i tr\u1ebb v\u00e0 \u0111\u1eadm \u0111\u00e0 c\u1ee7a gi\u1ed1ng nho Gamay.<\/span><\/p>\n<p><span style=\"font-family: helvetica, arial, sans-serif;\"><strong>H\u01b0\u01a1ng v\u1ecb \u0111\u1ed9c \u0111\u00e1o<\/strong><\/span><\/p>\n<ul>\n<li><span style=\"font-family: helvetica, arial, sans-serif;\"><strong>M\u0169i (Nose):<\/strong> H\u01b0\u01a1ng th\u01a1m n\u1ed5i b\u1eadt c\u1ee7a tr\u00e1i c\u00e2y \u0111\u1ecf nh\u01b0 d\u00e2u t\u00e2y, anh \u0111\u00e0o, k\u1ebft h\u1ee3p c\u00f9ng n\u1ed1t h\u01b0\u01a1ng hoa violet nh\u1eb9 nh\u00e0ng v\u00e0 ch\u00fat gia v\u1ecb tinh t\u1ebf.<\/span><\/li>\n<li><span style=\"font-family: helvetica, arial, sans-serif;\"><strong>V\u1ecb (Palate):<\/strong> V\u1ecb r\u01b0\u1ee3u m\u1ec1m m\u1ea1i, nh\u1eb9 nh\u00e0ng v\u1edbi tannin m\u01b0\u1ee3t m\u00e0 v\u00e0 c\u1ea5u tr\u00fac c\u00e2n b\u1eb1ng, mang \u0111\u1ebfn c\u1ea3m gi\u00e1c t\u01b0\u01a1i m\u1edbi, s\u1ed1ng \u0111\u1ed9ng.<\/span><\/li>\n<li><span style=\"font-family: helvetica, arial, sans-serif;\"><strong>D\u01b0 v\u1ecb (Finish):<\/strong> D\u01b0 v\u1ecb nh\u1eb9 nh\u00e0ng, k\u00e9o d\u00e0i v\u1edbi h\u1eadu v\u1ecb tr\u00e1i c\u00e2y thanh l\u1ecbch v\u00e0 m\u1ed9t ch\u00fat kho\u00e1ng ch\u1ea5t \u0111\u1eb7c tr\u01b0ng c\u1ee7a v\u00f9ng Beaujolais.<\/span><\/li>\n<\/ul>\n<p><span style=\"font-family: helvetica, arial, sans-serif;\"><strong>\u0110\u1eb7c \u0111i\u1ec3m s\u1ea3n ph\u1ea9m<\/strong><\/span><\/p>\n<ul>\n<li><span style=\"font-family: helvetica, arial, sans-serif;\">Dung t\u00edch: 750ml<\/span><\/li>\n<li><span style=\"font-family: helvetica, arial, sans-serif;\">N\u1ed3ng \u0111\u1ed9 c\u1ed3n: 12,5% ABV<\/span><\/li>\n<li><span style=\"font-family: helvetica, arial, sans-serif;\">Xu\u1ea5t x\u1ee9: Beaujolais, Burgundy, Ph\u00e1p<\/span><\/li>\n<li><span style=\"font-family: helvetica, arial, sans-serif;\">Lo\u1ea1i: R\u01b0\u1ee3u vang \u0111\u1ecf (Gamay)<\/span><\/li>\n<\/ul>\n<p><span style=\"font-family: helvetica, arial, sans-serif;\"><strong>C\u00e1ch th\u01b0\u1edfng th\u1ee9c<\/strong><\/span><\/p>\n<p><span style=\"font-family: helvetica, arial, sans-serif;\">Beaujolais-Villages Patriarche 2018 l\u00fd t\u01b0\u1edfng khi k\u1ebft h\u1ee3p c\u00f9ng c\u00e1c m\u00f3n th\u1ecbt ngu\u1ed9i, th\u1ecbt gia c\u1ea7m, ho\u1eb7c ph\u00f4 mai m\u1ec1m nh\u01b0 Brie v\u00e0 Camembert. \u0110\u1ec3 c\u1ea3m nh\u1eadn tr\u1ecdn v\u1eb9n h\u01b0\u01a1ng v\u1ecb, n\u00ean ph\u1ee5c v\u1ee5 r\u01b0\u1ee3u \u1edf nhi\u1ec7t \u0111\u1ed9 13-15\u00b0C. \u0110\u00e2y c\u0169ng l\u00e0 d\u00f2ng vang ho\u00e0n h\u1ea3o \u0111\u1ec3 th\u01b0\u1edfng th\u1ee9c trong nh\u1eefng b\u1eefa ti\u1ec7c nh\u1eb9 hay bu\u1ed5i g\u1eb7p m\u1eb7t b\u1ea1n b\u00e8.<\/span><\/p>\n<p><span style=\"font-family: helvetica, arial, sans-serif;\"><strong>R\u01b0\u1ee3u Ngo\u1ea1i Twine \u2013 Th\u01b0\u01a1ng Hi\u1ec7u T\u1eeb N\u0103m 2021<\/strong><\/span><\/p>\n<ul>\n<li><span style=\"font-family: helvetica, arial, sans-serif;\"><strong>\u0110\u1ecba ch\u1ec9:<\/strong> 144, \u0110\u01b0\u1eddng D1, KDC Ph\u00fa H\u00f2a 1, TP. Th\u1ee7 D\u1ea7u M\u1ed9t, B\u00ecnh D\u01b0\u01a1ng<\/span><\/li>\n<li><span style=\"font-family: helvetica, arial, sans-serif;\"><strong>Hotline:<\/strong> 0989.819.859 \u2013 0898.683.465<\/span><\/li>\n<li><span style=\"font-family: helvetica, arial, sans-serif;\"><strong>Fanpage:<\/strong> <a href=\"https:\/\/fb.com\/ruoungoaitwine\" target=\"_new\" rel=\"noopener\">fb.com\/ruoungoaitwine<\/a> | <a href=\"https:\/\/fb.com\/ruouvangtwine\" target=\"_new\" rel=\"noopener\">fb.com\/ruouvangtwine<\/a><\/span><\/li>\n<\/ul>\n<p><span style=\"font-family: helvetica, arial, sans-serif;\"><strong>Twine \u2013 \u0110\u1ed3ng h\u00e0nh c\u00f9ng b\u1ea1n n\u00e2ng t\u1ea7m phong c\u00e1ch s\u1ed1ng v\u1edbi nh\u1eefng d\u00f2ng r\u01b0\u1ee3u ngo\u1ea1i th\u01b0\u1ee3ng h\u1ea1ng!<\/strong><\/span><\/p>\n","protected":false},"excerpt":{"rendered":"<p><span style=\"font-family: helvetica, arial, sans-serif;\">Beaujolais-Villages Patriarche 2018 l\u00e0 m\u1ed9t chai r\u01b0\u1ee3u vang \u0111\u1ecf n\u1ed5i b\u1eadt \u0111\u1ebfn t\u1eeb v\u00f9ng Beaujolais, ph\u00eda Nam Burgundy, Ph\u00e1p \u2013 n\u01a1i \u0111\u01b0\u1ee3c bi\u1ebft \u0111\u1ebfn v\u1edbi nh\u1eefng v\u01b0\u1eddn nho tuy\u1ec7t \u0111\u1eb9p v\u00e0 truy\u1ec1n th\u1ed1ng s\u1ea3n xu\u1ea5t r\u01b0\u1ee3u l\u00e2u \u0111\u1eddi. Th\u01b0\u01a1ng hi\u1ec7u Patriarche P\u00e8re &amp; Fils, \u0111\u01b0\u1ee3c th\u00e0nh l\u1eadp t\u1eeb n\u0103m 1780, lu\u00f4n t\u1ef1 h\u00e0o mang \u0111\u1ebfn nh\u1eefng d\u00f2ng r\u01b0\u1ee3u vang ch\u1ea5t l\u01b0\u1ee3ng cao v\u1edbi s\u1ef1 k\u1ebft h\u1ee3p ho\u00e0n h\u1ea3o gi\u1eefa tay ngh\u1ec1 truy\u1ec1n th\u1ed1ng v\u00e0 k\u1ef9 thu\u1eadt l\u00e0m vang hi\u1ec7n \u0111\u1ea1i. Beaujolais-Villages l\u00e0 ph\u00e2n h\u1ea1ng r\u01b0\u1ee3u \u0111\u1eb7c tr\u01b0ng c\u1ee7a v\u00f9ng n\u00e0y, n\u1ed5i b\u1eadt b\u1edfi s\u1ef1 t\u01b0\u01a1i tr\u1ebb v\u00e0 \u0111\u1eadm \u0111\u00e0 c\u1ee7a gi\u1ed1ng nho Gamay.<\/span><\/p>\n","protected":false},"featured_media":25107,"comment_status":"open","ping_status":"closed","template":"","meta":[],"product_cat":[15,152,103],"product_tag":[],"class_list":{"0":"post-25106","1":"product","2":"type-product","3":"status-publish","4":"has-post-thumbnail","6":"product_cat-ruou-vang","7":"product_cat-ruou-vang-phap","8":"product_cat-red-wines","11":"first","12":"instock","13":"shipping-taxable","14":"product-type-simple"},"_links":{"self":[{"href":"https:\/\/twine.vn\/index.php\/wp-json\/wp\/v2\/product\/25106","targetHints":{"allow":["GET"]}}],"collection":[{"href":"https:\/\/twine.vn\/index.php\/wp-json\/wp\/v2\/product"}],"about":[{"href":"https:\/\/twine.vn\/index.php\/wp-json\/wp\/v2\/types\/product"}],"replies":[{"embeddable":true,"href":"https:\/\/twine.vn\/index.php\/wp-json\/wp\/v2\/comments?post=25106"}],"wp:featuredmedia":[{"embeddable":true,"href":"https:\/\/twine.vn\/index.php\/wp-json\/wp\/v2\/media\/25107"}],"wp:attachment":[{"href":"https:\/\/twine.vn\/index.php\/wp-json\/wp\/v2\/media?parent=25106"}],"wp:term":[{"taxonomy":"product_cat","embeddable":true,"href":"https:\/\/twine.vn\/index.php\/wp-json\/wp\/v2\/product_cat?post=25106"},{"taxonomy":"product_tag","embeddable":true,"href":"https:\/\/twine.vn\/index.php\/wp-json\/wp\/v2\/product_tag?post=25106"}],"curies":[{"name":"wp","href":"https:\/\/api.w.org\/{rel}","templated":true}]}}