{"id":25138,"date":"2025-01-13T12:29:51","date_gmt":"2025-01-13T12:29:51","guid":{"rendered":"https:\/\/twine.vn\/?post_type=product&#038;p=25138"},"modified":"2025-01-13T12:29:51","modified_gmt":"2025-01-13T12:29:51","slug":"chateau-yon-figeac-2016","status":"publish","type":"product","link":"https:\/\/twine.vn\/index.php\/product\/chateau-yon-figeac-2016\/","title":{"rendered":"Ch\u00e2teau Yon-Figeac 2016"},"content":{"rendered":"<div class=\"flex max-w-full flex-col flex-grow\">\n<div class=\"min-h-8 text-message flex w-full flex-col items-end gap-2 whitespace-normal break-words text-start [.text-message+&amp;]:mt-5\" dir=\"auto\" data-message-author-role=\"assistant\" data-message-id=\"b758041f-5f3c-49cd-955f-6e6b8356f92d\" data-message-model-slug=\"gpt-4o\">\n<div class=\"flex w-full flex-col gap-1 empty:hidden first:pt-[3px]\">\n<div class=\"markdown prose w-full break-words dark:prose-invert dark\">\n<h4><span style=\"font-family: helvetica, arial, sans-serif;\">L\u1ecbch S\u1eed &amp; Ngu\u1ed3n G\u1ed1c<\/span><\/h4>\n<p><span style=\"font-family: helvetica, arial, sans-serif;\">Ch\u00e2teau Yon-Figeac 2016 l\u00e0 chai r\u01b0\u1ee3u vang \u0111\u1ecf \u0111\u1ebfn t\u1eeb v\u00f9ng Saint-\u00c9milion, m\u1ed9t trong nh\u1eefng khu v\u1ef1c l\u00e0m r\u01b0\u1ee3u vang n\u1ed5i ti\u1ebfng nh\u1ea5t c\u1ee7a Bordeaux, Ph\u00e1p. V\u1edbi v\u1ecb th\u1ebf Grand Cru Class\u00e9, Ch\u00e2teau Yon-Figeac \u0111\u01b0\u1ee3c bi\u1ebft \u0111\u1ebfn nh\u01b0 m\u1ed9t bi\u1ec3u t\u01b0\u1ee3ng c\u1ee7a s\u1ef1 \u0111\u1eb3ng c\u1ea5p v\u00e0 truy\u1ec1n th\u1ed1ng. Khu v\u1ef1c Saint-\u00c9milion s\u1edf h\u1eefu kh\u00ed h\u1eadu \u00f4n h\u00f2a v\u00e0 th\u1ed5 nh\u01b0\u1ee1ng gi\u00e0u \u0111\u00e1 v\u00f4i, l\u00e0 \u0111i\u1ec1u ki\u1ec7n l\u00fd t\u01b0\u1edfng \u0111\u1ec3 c\u00e1c gi\u1ed1ng nho ph\u00e1t tri\u1ec3n m\u1ea1nh m\u1ebd. Ch\u00e2teau Yon-Figeac th\u1ec3 hi\u1ec7n s\u1ef1 ch\u0103m ch\u00fat t\u1ec9 m\u1ec9 t\u1eeb vi\u1ec7c ch\u1ecdn l\u1ef1a gi\u1ed1ng nho Merlot, Cabernet Franc v\u00e0 Cabernet Sauvignon \u0111\u1ebfn quy tr\u00ecnh \u1ee7 r\u01b0\u1ee3u trong th\u00f9ng g\u1ed7 s\u1ed3i Ph\u00e1p, mang l\u1ea1i phong c\u00e1ch thanh l\u1ecbch v\u00e0 \u0111\u1ea7y chi\u1ec1u s\u00e2u.<\/span><\/p>\n<hr \/>\n<h4><span style=\"font-family: helvetica, arial, sans-serif;\">H\u01b0\u01a1ng V\u1ecb \u0110\u1ed9c \u0110\u00e1o<\/span><\/h4>\n<ul>\n<li><span style=\"font-family: helvetica, arial, sans-serif;\">M\u0169i (Nose): H\u01b0\u01a1ng th\u01a1m ph\u1ee9c h\u1ee3p c\u1ee7a tr\u00e1i c\u00e2y ch\u00edn nh\u01b0 m\u1eadn, l\u00fd chua \u0111en, k\u1ebft h\u1ee3p v\u1edbi n\u1ed1t h\u01b0\u01a1ng c\u1ee7a g\u1ed7 s\u1ed3i, vani v\u00e0 ch\u00fat gia v\u1ecb cay n\u1ed3ng nh\u01b0 ti\u00eau \u0111en.<\/span><\/li>\n<li><span style=\"font-family: helvetica, arial, sans-serif;\">V\u1ecb (Palate): Tr\u00ean v\u00f2m mi\u1ec7ng, r\u01b0\u1ee3u mang v\u1ecb \u0111\u1eadm \u0111\u00e0, tannin m\u01b0\u1ee3t m\u00e0 v\u00e0 c\u1ea5u tr\u00fac c\u00e2n \u0111\u1ed1i. V\u1ecb tr\u00e1i c\u00e2y \u0111\u1ecf h\u00f2a quy\u1ec7n v\u1edbi ch\u00fat chocolate \u0111en v\u00e0 h\u01b0\u01a1ng thu\u1ed1c l\u00e1 t\u1ea1o n\u00ean chi\u1ec1u s\u00e2u \u0111\u1ed9c \u0111\u00e1o.<\/span><\/li>\n<li><span style=\"font-family: helvetica, arial, sans-serif;\">D\u01b0 v\u1ecb (Finish): D\u01b0 v\u1ecb k\u00e9o d\u00e0i v\u1edbi d\u1ea5u \u1ea5n c\u1ee7a kho\u00e1ng ch\u1ea5t, h\u1eadu v\u1ecb \u00eam d\u1ecbu v\u00e0 thanh tao, \u0111\u1ec3 l\u1ea1i c\u1ea3m gi\u00e1c \u0111\u1ea7y \u1ea5n t\u01b0\u1ee3ng.<\/span><\/li>\n<\/ul>\n<hr \/>\n<h4><span style=\"font-family: helvetica, arial, sans-serif;\">\u0110\u1eb7c \u0110i\u1ec3m S\u1ea3n Ph\u1ea9m<\/span><\/h4>\n<ul>\n<li><span style=\"font-family: helvetica, arial, sans-serif;\">Dung t\u00edch: 750ml<\/span><\/li>\n<li><span style=\"font-family: helvetica, arial, sans-serif;\">N\u1ed3ng \u0111\u1ed9 c\u1ed3n: 14.5% ABV<\/span><\/li>\n<li><span style=\"font-family: helvetica, arial, sans-serif;\">Xu\u1ea5t x\u1ee9: Saint-\u00c9milion, Bordeaux, Ph\u00e1p<\/span><\/li>\n<li><span style=\"font-family: helvetica, arial, sans-serif;\">Lo\u1ea1i: R\u01b0\u1ee3u vang \u0111\u1ecf (Grand Cru Class\u00e9)<\/span><\/li>\n<li><span style=\"font-family: helvetica, arial, sans-serif;\">Gi\u1ed1ng nho: Merlot, Cabernet Franc, Cabernet Sauvignon<\/span><\/li>\n<li><span style=\"font-family: helvetica, arial, sans-serif;\">Ni\u00ean v\u1ee5: 2016<\/span><\/li>\n<\/ul>\n<hr \/>\n<h4><span style=\"font-family: helvetica, arial, sans-serif;\">C\u00e1ch Th\u01b0\u1edfng Th\u1ee9c<\/span><\/h4>\n<p><span style=\"font-family: helvetica, arial, sans-serif;\">Ch\u00e2teau Yon-Figeac 2016 l\u00e0 l\u1ef1a ch\u1ecdn l\u00fd t\u01b0\u1edfng \u0111\u1ec3 k\u1ebft h\u1ee3p v\u1edbi:<\/span><\/p>\n<ul>\n<li><span style=\"font-family: helvetica, arial, sans-serif;\">Th\u1ecbt b\u00f2 n\u01b0\u1edbng, th\u1ecbt c\u1eebu quay ho\u1eb7c c\u00e1c m\u00f3n h\u1ea7m ki\u1ec3u Ph\u00e1p.<\/span><\/li>\n<li><span style=\"font-family: helvetica, arial, sans-serif;\">C\u00e1c m\u00f3n \u0103n ch\u1ebf bi\u1ebfn t\u1eeb n\u1ea5m ho\u1eb7c th\u1ea3o m\u1ed9c.<\/span><\/li>\n<li><span style=\"font-family: helvetica, arial, sans-serif;\">Ph\u00f4 mai tr\u01b0\u1edfng th\u00e0nh, \u0111\u1eb7c bi\u1ec7t l\u00e0 ph\u00f4 mai xanh ho\u1eb7c ph\u00f4 mai c\u1ee9ng nh\u01b0 Comt\u00e9.<\/span><\/li>\n<\/ul>\n<p><span style=\"font-family: helvetica, arial, sans-serif;\">Nhi\u1ec7t \u0111\u1ed9 ph\u1ee5c v\u1ee5 l\u00fd t\u01b0\u1edfng: 16-18\u00b0C. Tr\u01b0\u1edbc khi th\u01b0\u1edfng th\u1ee9c, n\u00ean \u0111\u1ec3 vang &#8220;th\u1edf&#8221; trong decanter kho\u1ea3ng 30 ph\u00fat \u0111\u1ec3 ph\u00e1t huy t\u1ed1i \u0111a h\u01b0\u01a1ng v\u1ecb.<\/span><\/p>\n<hr \/>\n<h4><span style=\"font-family: helvetica, arial, sans-serif;\">R\u01b0\u1ee3u Ngo\u1ea1i Twine \u2013 Th\u01b0\u01a1ng Hi\u1ec7u T\u1eeb N\u0103m 2021<\/span><\/h4>\n<ul>\n<li><span style=\"font-family: helvetica, arial, sans-serif;\">\u0110\u1ecba ch\u1ec9: 144, \u0110\u01b0\u1eddng D1, KDC Ph\u00fa H\u00f2a 1, TP. Th\u1ee7 D\u1ea7u M\u1ed9t, B\u00ecnh D\u01b0\u01a1ng<\/span><\/li>\n<li><span style=\"font-family: helvetica, arial, sans-serif;\">Hotline: 0989.819.859 \u2013 0898.683.465<\/span><\/li>\n<li><span style=\"font-family: helvetica, arial, sans-serif;\">Fanpage: <a href=\"https:\/\/fb.com\/ruoungoaitwine\" target=\"_new\" rel=\"noopener\">fb.com\/ruoungoaitwine<\/a> | <a href=\"https:\/\/fb.com\/ruouvangtwine\" target=\"_new\" rel=\"noopener\">fb.com\/ruouvangtwine<\/a><\/span><\/li>\n<\/ul>\n<p><span style=\"font-family: helvetica, arial, sans-serif;\">Twine \u2013 \u0110\u1ed3ng h\u00e0nh c\u00f9ng b\u1ea1n n\u00e2ng t\u1ea7m phong c\u00e1ch s\u1ed1ng v\u1edbi nh\u1eefng d\u00f2ng r\u01b0\u1ee3u ngo\u1ea1i th\u01b0\u1ee3ng h\u1ea1ng.<\/span><\/p>\n<\/div>\n<\/div>\n<\/div>\n<\/div>\n","protected":false},"excerpt":{"rendered":"<p><span style=\"font-family: helvetica, arial, sans-serif;\">Ch\u00e2teau Yon-Figeac 2016 l\u00e0 chai r\u01b0\u1ee3u vang \u0111\u1ecf \u0111\u1ebfn t\u1eeb v\u00f9ng Saint-\u00c9milion, m\u1ed9t trong nh\u1eefng khu v\u1ef1c l\u00e0m r\u01b0\u1ee3u vang n\u1ed5i ti\u1ebfng nh\u1ea5t c\u1ee7a Bordeaux, Ph\u00e1p. V\u1edbi v\u1ecb th\u1ebf Grand Cru Class\u00e9, Ch\u00e2teau Yon-Figeac \u0111\u01b0\u1ee3c bi\u1ebft \u0111\u1ebfn nh\u01b0 m\u1ed9t bi\u1ec3u t\u01b0\u1ee3ng c\u1ee7a s\u1ef1 \u0111\u1eb3ng c\u1ea5p v\u00e0 truy\u1ec1n th\u1ed1ng. Khu v\u1ef1c Saint-\u00c9milion s\u1edf h\u1eefu kh\u00ed h\u1eadu \u00f4n h\u00f2a v\u00e0 th\u1ed5 nh\u01b0\u1ee1ng gi\u00e0u \u0111\u00e1 v\u00f4i, l\u00e0 \u0111i\u1ec1u ki\u1ec7n l\u00fd t\u01b0\u1edfng \u0111\u1ec3 c\u00e1c gi\u1ed1ng nho ph\u00e1t tri\u1ec3n m\u1ea1nh m\u1ebd. Ch\u00e2teau Yon-Figeac th\u1ec3 hi\u1ec7n s\u1ef1 ch\u0103m ch\u00fat t\u1ec9 m\u1ec9 t\u1eeb vi\u1ec7c ch\u1ecdn l\u1ef1a gi\u1ed1ng nho Merlot, Cabernet Franc v\u00e0 Cabernet Sauvignon \u0111\u1ebfn quy tr\u00ecnh \u1ee7 r\u01b0\u1ee3u trong th\u00f9ng g\u1ed7 s\u1ed3i Ph\u00e1p, mang l\u1ea1i phong c\u00e1ch thanh l\u1ecbch v\u00e0 \u0111\u1ea7y chi\u1ec1u s\u00e2u.<\/span><\/p>\n","protected":false},"featured_media":25142,"comment_status":"open","ping_status":"closed","template":"","meta":[],"product_cat":[15,152,103],"product_tag":[],"class_list":{"0":"post-25138","1":"product","2":"type-product","3":"status-publish","4":"has-post-thumbnail","6":"product_cat-ruou-vang","7":"product_cat-ruou-vang-phap","8":"product_cat-red-wines","11":"first","12":"instock","13":"shipping-taxable","14":"product-type-simple"},"_links":{"self":[{"href":"https:\/\/twine.vn\/index.php\/wp-json\/wp\/v2\/product\/25138","targetHints":{"allow":["GET"]}}],"collection":[{"href":"https:\/\/twine.vn\/index.php\/wp-json\/wp\/v2\/product"}],"about":[{"href":"https:\/\/twine.vn\/index.php\/wp-json\/wp\/v2\/types\/product"}],"replies":[{"embeddable":true,"href":"https:\/\/twine.vn\/index.php\/wp-json\/wp\/v2\/comments?post=25138"}],"wp:featuredmedia":[{"embeddable":true,"href":"https:\/\/twine.vn\/index.php\/wp-json\/wp\/v2\/media\/25142"}],"wp:attachment":[{"href":"https:\/\/twine.vn\/index.php\/wp-json\/wp\/v2\/media?parent=25138"}],"wp:term":[{"taxonomy":"product_cat","embeddable":true,"href":"https:\/\/twine.vn\/index.php\/wp-json\/wp\/v2\/product_cat?post=25138"},{"taxonomy":"product_tag","embeddable":true,"href":"https:\/\/twine.vn\/index.php\/wp-json\/wp\/v2\/product_tag?post=25138"}],"curies":[{"name":"wp","href":"https:\/\/api.w.org\/{rel}","templated":true}]}}