{"id":25196,"date":"2025-01-19T11:17:08","date_gmt":"2025-01-19T11:17:08","guid":{"rendered":"https:\/\/twine.vn\/?post_type=product&#038;p=25196"},"modified":"2025-01-19T11:17:08","modified_gmt":"2025-01-19T11:17:08","slug":"korta-reserva-de-familia-2018","status":"publish","type":"product","link":"https:\/\/twine.vn\/index.php\/product\/korta-reserva-de-familia-2018\/","title":{"rendered":"Korta Reserva de Familia 2018"},"content":{"rendered":"<h3><span style=\"font-family: helvetica, arial, sans-serif;\">L\u1ecbch s\u1eed &amp; ngu\u1ed3n g\u1ed1c<\/span><\/h3>\n<p><span style=\"font-family: helvetica, arial, sans-serif;\"><strong>Korta Reserva de Familia 2018<\/strong> l\u00e0 chai r\u01b0\u1ee3u vang \u0111\u1ecf cao c\u1ea5p \u0111\u1ebfn t\u1eeb <strong>D.O. Sagrada Familia<\/strong>, m\u1ed9t trong nh\u1eefng v\u00f9ng s\u1ea3n xu\u1ea5t r\u01b0\u1ee3u vang danh ti\u1ebfng c\u1ee7a Chile. Nh\u00e0 s\u1ea3n xu\u1ea5t <strong>Korta<\/strong> l\u00e0 th\u01b0\u01a1ng hi\u1ec7u gia \u0111\u00ecnh v\u1edbi truy\u1ec1n th\u1ed1ng l\u00e2u \u0111\u1eddi, chuy\u00ean t\u1ea1o ra nh\u1eefng chai r\u01b0\u1ee3u vang tinh t\u1ebf t\u1eeb c\u00e1c gi\u1ed1ng nho ch\u1ea5t l\u01b0\u1ee3ng cao \u0111\u01b0\u1ee3c tr\u1ed3ng tr\u00ean v\u00f9ng \u0111\u1ea5t gi\u00e0u dinh d\u01b0\u1ee1ng v\u00e0 kh\u00ed h\u1eadu \u00f4n h\u00f2a. D\u00f2ng <strong>Reserva de Familia<\/strong> \u0111\u1ea1i di\u1ec7n cho s\u1ef1 k\u1ebft h\u1ee3p ho\u00e0n h\u1ea3o gi\u1eefa k\u1ef9 thu\u1eadt s\u1ea3n xu\u1ea5t hi\u1ec7n \u0111\u1ea1i v\u00e0 ni\u1ec1m \u0111am m\u00ea v\u1edbi ngh\u1ec7 thu\u1eadt l\u00e0m vang c\u1ee7a nh\u00e0 Korta.<\/span><\/p>\n<hr \/>\n<h3><span style=\"font-family: helvetica, arial, sans-serif;\">H\u01b0\u01a1ng v\u1ecb \u0111\u1ed9c \u0111\u00e1o<\/span><\/h3>\n<ul>\n<li><span style=\"font-family: helvetica, arial, sans-serif;\"><strong>M\u0169i (Nose):<\/strong> H\u01b0\u01a1ng th\u01a1m quy\u1ebfn r\u0169 c\u1ee7a tr\u00e1i c\u00e2y \u0111en ch\u00edn nh\u01b0 m\u00e2m x\u00f4i, vi\u1ec7t qu\u1ea5t, k\u1ebft h\u1ee3p v\u1edbi n\u1ed1t h\u01b0\u01a1ng c\u1ee7a c\u00e0 ph\u00ea, chocolate v\u00e0 g\u1ed7 s\u1ed3i.<\/span><\/li>\n<li><span style=\"font-family: helvetica, arial, sans-serif;\"><strong>V\u1ecb (Palate):<\/strong> R\u01b0\u1ee3u mang c\u1ea5u tr\u00fac c\u00e2n b\u1eb1ng, tannin ch\u1eafc nh\u01b0ng m\u01b0\u1ee3t m\u00e0, v\u1edbi s\u1ef1 h\u00f2a quy\u1ec7n gi\u1eefa v\u1ecb ng\u1ecdt tr\u00e1i c\u00e2y v\u00e0 ch\u00fat gia v\u1ecb cay nh\u1eb9 c\u1ee7a ti\u00eau \u0111en, \u0111inh h\u01b0\u01a1ng.<\/span><\/li>\n<li><span style=\"font-family: helvetica, arial, sans-serif;\"><strong>D\u01b0 v\u1ecb (Finish):<\/strong> H\u1eadu v\u1ecb k\u00e9o d\u00e0i, \u0111\u1eadm \u0111\u00e0 v\u1edbi d\u1ea5u \u1ea5n c\u1ee7a tr\u00e1i c\u00e2y ch\u00edn m\u1ecdng, ch\u00fat vani v\u00e0 chocolate \u0111en.<\/span><\/li>\n<\/ul>\n<hr \/>\n<h3><span style=\"font-family: helvetica, arial, sans-serif;\">\u0110\u1eb7c \u0111i\u1ec3m s\u1ea3n ph\u1ea9m<\/span><\/h3>\n<ul>\n<li><span style=\"font-family: helvetica, arial, sans-serif;\"><strong>Dung t\u00edch:<\/strong> 750ml<\/span><\/li>\n<li><span style=\"font-family: helvetica, arial, sans-serif;\"><strong>N\u1ed3ng \u0111\u1ed9 c\u1ed3n:<\/strong> 14% ABV<\/span><\/li>\n<li><span style=\"font-family: helvetica, arial, sans-serif;\"><strong>Xu\u1ea5t x\u1ee9:<\/strong> D.O. Sagrada Familia, Chile<\/span><\/li>\n<li><span style=\"font-family: helvetica, arial, sans-serif;\"><strong>Lo\u1ea1i:<\/strong> R\u01b0\u1ee3u vang \u0111\u1ecf cao c\u1ea5p<\/span><\/li>\n<\/ul>\n<hr \/>\n<h3><span style=\"font-family: helvetica, arial, sans-serif;\">C\u00e1ch th\u01b0\u1edfng th\u1ee9c<\/span><\/h3>\n<p><span style=\"font-family: helvetica, arial, sans-serif;\"><strong>Korta Reserva de Familia 2018<\/strong> th\u00edch h\u1ee3p nh\u1ea5t khi k\u1ebft h\u1ee3p v\u1edbi:<\/span><\/p>\n<ul>\n<li><span style=\"font-family: helvetica, arial, sans-serif;\">C\u00e1c m\u00f3n th\u1ecbt \u0111\u1ecf nh\u01b0 b\u00f2 n\u01b0\u1edbng, c\u1eebu n\u01b0\u1edbng ho\u1eb7c s\u01b0\u1eddn BBQ.<\/span><\/li>\n<li><span style=\"font-family: helvetica, arial, sans-serif;\">C\u00e1c m\u00f3n \u0103n ch\u1ebf bi\u1ebfn v\u1edbi s\u1ed1t ti\u00eau \u0111en ho\u1eb7c s\u1ed1t n\u1ea5m.<\/span><\/li>\n<li><span style=\"font-family: helvetica, arial, sans-serif;\">Ph\u00f4 mai l\u00e2u n\u0103m nh\u01b0 Manchego, Pecorino ho\u1eb7c Gouda.<\/span><\/li>\n<\/ul>\n<p><span style=\"font-family: helvetica, arial, sans-serif;\"><strong>Nhi\u1ec7t \u0111\u1ed9 l\u00fd t\u01b0\u1edfng:<\/strong> 16-18\u00b0C. Tr\u01b0\u1edbc khi u\u1ed1ng, n\u00ean \u0111\u1ec3 vang \u201cth\u1edf\u201d trong decanter kho\u1ea3ng 30 ph\u00fat \u0111\u1ec3 h\u01b0\u01a1ng v\u1ecb tr\u1edf n\u00ean tr\u1ecdn v\u1eb9n.<\/span><\/p>\n<hr \/>\n<h3><span style=\"font-family: helvetica, arial, sans-serif;\">R\u01b0\u1ee3u Ngo\u1ea1i Twine \u2013 Th\u01b0\u01a1ng Hi\u1ec7u T\u1eeb N\u0103m 2021<\/span><\/h3>\n<ul>\n<li><span style=\"font-family: helvetica, arial, sans-serif;\"><strong>\u0110\u1ecba ch\u1ec9:<\/strong> 144, \u0110\u01b0\u1eddng D1, KDC Ph\u00fa H\u00f2a 1, TP. Th\u1ee7 D\u1ea7u M\u1ed9t, B\u00ecnh D\u01b0\u01a1ng<\/span><\/li>\n<li><span style=\"font-family: helvetica, arial, sans-serif;\"><strong>Hotline:<\/strong> 0989.819.859 \u2013 0898.683.465<\/span><\/li>\n<li><span style=\"font-family: helvetica, arial, sans-serif;\"><strong>Fanpage:<\/strong> <a href=\"https:\/\/fb.com\/ruoungoaitwine\" target=\"_new\" rel=\"noopener\">fb.com\/ruoungoaitwine<\/a> | <a href=\"https:\/\/fb.com\/ruouvangtwine\" target=\"_new\" rel=\"noopener\">fb.com\/ruouvangtwine<\/a><\/span><\/li>\n<\/ul>\n<p><span style=\"font-family: helvetica, arial, sans-serif;\">Twine \u2013 \u0110\u1ed3ng h\u00e0nh c\u00f9ng b\u1ea1n n\u00e2ng t\u1ea7m phong c\u00e1ch s\u1ed1ng v\u1edbi nh\u1eefng d\u00f2ng r\u01b0\u1ee3u ngo\u1ea1i th\u01b0\u1ee3ng h\u1ea1ng.<\/span><\/p>\n","protected":false},"excerpt":{"rendered":"<p><span style=\"font-family: helvetica, arial, sans-serif;\"><strong>Korta Reserva de Familia 2018<\/strong> l\u00e0 chai r\u01b0\u1ee3u vang \u0111\u1ecf cao c\u1ea5p \u0111\u1ebfn t\u1eeb <strong>D.O. Sagrada Familia<\/strong>, m\u1ed9t trong nh\u1eefng v\u00f9ng s\u1ea3n xu\u1ea5t r\u01b0\u1ee3u vang danh ti\u1ebfng c\u1ee7a Chile. Nh\u00e0 s\u1ea3n xu\u1ea5t <strong>Korta<\/strong> l\u00e0 th\u01b0\u01a1ng hi\u1ec7u gia \u0111\u00ecnh v\u1edbi truy\u1ec1n th\u1ed1ng l\u00e2u \u0111\u1eddi, chuy\u00ean t\u1ea1o ra nh\u1eefng chai r\u01b0\u1ee3u vang tinh t\u1ebf t\u1eeb c\u00e1c gi\u1ed1ng nho ch\u1ea5t l\u01b0\u1ee3ng cao \u0111\u01b0\u1ee3c tr\u1ed3ng tr\u00ean v\u00f9ng \u0111\u1ea5t gi\u00e0u dinh d\u01b0\u1ee1ng v\u00e0 kh\u00ed h\u1eadu \u00f4n h\u00f2a. D\u00f2ng <strong>Reserva de Familia<\/strong> \u0111\u1ea1i di\u1ec7n cho s\u1ef1 k\u1ebft h\u1ee3p ho\u00e0n h\u1ea3o gi\u1eefa k\u1ef9 thu\u1eadt s\u1ea3n xu\u1ea5t hi\u1ec7n \u0111\u1ea1i v\u00e0 ni\u1ec1m \u0111am m\u00ea v\u1edbi ngh\u1ec7 thu\u1eadt l\u00e0m vang c\u1ee7a nh\u00e0 Korta.<\/span><\/p>\n","protected":false},"featured_media":25200,"comment_status":"open","ping_status":"closed","template":"","meta":[],"product_cat":[15,150,103],"product_tag":[],"class_list":{"0":"post-25196","1":"product","2":"type-product","3":"status-publish","4":"has-post-thumbnail","6":"product_cat-ruou-vang","7":"product_cat-ruou-vang-y","8":"product_cat-red-wines","11":"first","12":"instock","13":"shipping-taxable","14":"product-type-simple"},"_links":{"self":[{"href":"https:\/\/twine.vn\/index.php\/wp-json\/wp\/v2\/product\/25196","targetHints":{"allow":["GET"]}}],"collection":[{"href":"https:\/\/twine.vn\/index.php\/wp-json\/wp\/v2\/product"}],"about":[{"href":"https:\/\/twine.vn\/index.php\/wp-json\/wp\/v2\/types\/product"}],"replies":[{"embeddable":true,"href":"https:\/\/twine.vn\/index.php\/wp-json\/wp\/v2\/comments?post=25196"}],"wp:featuredmedia":[{"embeddable":true,"href":"https:\/\/twine.vn\/index.php\/wp-json\/wp\/v2\/media\/25200"}],"wp:attachment":[{"href":"https:\/\/twine.vn\/index.php\/wp-json\/wp\/v2\/media?parent=25196"}],"wp:term":[{"taxonomy":"product_cat","embeddable":true,"href":"https:\/\/twine.vn\/index.php\/wp-json\/wp\/v2\/product_cat?post=25196"},{"taxonomy":"product_tag","embeddable":true,"href":"https:\/\/twine.vn\/index.php\/wp-json\/wp\/v2\/product_tag?post=25196"}],"curies":[{"name":"wp","href":"https:\/\/api.w.org\/{rel}","templated":true}]}}