{"id":25233,"date":"2025-01-24T15:54:11","date_gmt":"2025-01-24T15:54:11","guid":{"rendered":"https:\/\/twine.vn\/?post_type=product&#038;p=25233"},"modified":"2025-01-24T15:54:50","modified_gmt":"2025-01-24T15:54:50","slug":"don-anto-primitivo","status":"publish","type":"product","link":"https:\/\/twine.vn\/index.php\/product\/don-anto-primitivo\/","title":{"rendered":"Don Ant\u00f2 Primitivo"},"content":{"rendered":"<p><span style=\"font-family: helvetica, arial, sans-serif;\"><strong>Don Ant\u00f2 Primitivo \u2013 Tinh Hoa R\u01b0\u1ee3u Vang \u00dd<\/strong><\/span><\/p>\n<p><span style=\"font-family: helvetica, arial, sans-serif;\"><strong>L\u1ecbch s\u1eed &amp; Ngu\u1ed3n g\u1ed1c<\/strong><\/span><br \/>\n<span style=\"font-family: helvetica, arial, sans-serif;\">Don Ant\u00f2 Primitivo l\u00e0 m\u1ed9t trong nh\u1eefng chai r\u01b0\u1ee3u vang cao c\u1ea5p \u0111\u1ebfn t\u1eeb v\u00f9ng Puglia, \u00dd. \u0110\u01b0\u1ee3c l\u00e0m t\u1eeb gi\u1ed1ng nho Primitivo tr\u1ee9 danh, r\u01b0\u1ee3u mang \u0111\u1eadm n\u00e9t \u0111\u1eb7c tr\u01b0ng c\u1ee7a v\u00f9ng \u0111\u1ea5t \u0111\u1ea7y n\u1eafng gi\u00f3, t\u1ea1o n\u00ean h\u01b0\u01a1ng v\u1ecb m\u1ea1nh m\u1ebd v\u00e0 quy\u1ebfn r\u0169. Thi\u1ebft k\u1ebf h\u1ed9p \u0111\u1ef1ng v\u1edbi s\u1eafc m\u00e0u ngh\u1ec7 thu\u1eadt \u0111\u1ed9c \u0111\u00e1o c\u00f9ng h\u00ecnh \u1ea3nh thi\u00ean nga v\u00e0ng bi\u1ec3u t\u01b0\u1ee3ng cho s\u1ef1 sang tr\u1ecdng v\u00e0 qu\u00fd ph\u00e1i.<\/span><\/p>\n<p><span style=\"font-family: helvetica, arial, sans-serif;\"><strong>H\u01b0\u01a1ng v\u1ecb \u0111\u1eb7c tr\u01b0ng<\/strong><\/span><\/p>\n<ul>\n<li><span style=\"font-family: helvetica, arial, sans-serif;\"><strong>M\u0169i (Nose):<\/strong> H\u01b0\u01a1ng th\u01a1m ph\u1ee9c h\u1ee3p c\u1ee7a qu\u1ea3 m\u1ecdng ch\u00edn, m\u1ee9t m\u1eadn, d\u00e2u t\u00e2y, h\u00f2a quy\u1ec7n c\u00f9ng ch\u00fat gia v\u1ecb cay nh\u1eb9 c\u1ee7a qu\u1ebf v\u00e0 vani.<\/span><\/li>\n<li><span style=\"font-family: helvetica, arial, sans-serif;\"><strong>V\u1ecb (Palate):<\/strong> \u0110\u1eadm \u0111\u00e0, c\u00e2n b\u1eb1ng v\u1edbi tannin m\u1ec1m m\u01b0\u1ee3t, mang \u0111\u1ebfn c\u1ea3m gi\u00e1c \u00eam d\u1ecbu nh\u01b0ng v\u1eabn m\u1ea1nh m\u1ebd.<\/span><\/li>\n<li><span style=\"font-family: helvetica, arial, sans-serif;\"><strong>D\u01b0 v\u1ecb (Finish):<\/strong> K\u00e9o d\u00e0i, s\u00e2u l\u1eafng v\u1edbi ch\u00fat g\u1ee3i \u00fd c\u1ee7a socola \u0111en v\u00e0 c\u00e0 ph\u00ea rang.<\/span><\/li>\n<\/ul>\n<p><span style=\"font-family: helvetica, arial, sans-serif;\"><strong>\u0110\u1eb7c \u0111i\u1ec3m s\u1ea3n ph\u1ea9m<\/strong><\/span><\/p>\n<ul>\n<li><span style=\"font-family: helvetica, arial, sans-serif;\"><strong>Dung t\u00edch:<\/strong> 750ml<\/span><\/li>\n<li><span style=\"font-family: helvetica, arial, sans-serif;\"><strong>N\u1ed3ng \u0111\u1ed9 c\u1ed3n:<\/strong> 14.5% ABV<\/span><\/li>\n<li><span style=\"font-family: helvetica, arial, sans-serif;\"><strong>Xu\u1ea5t x\u1ee9:<\/strong> Puglia, \u00dd<\/span><\/li>\n<li><span style=\"font-family: helvetica, arial, sans-serif;\"><strong>Lo\u1ea1i:<\/strong> R\u01b0\u1ee3u vang \u0111\u1ecf cao c\u1ea5p (Premium Red Wine)<\/span><\/li>\n<\/ul>\n<p><span style=\"font-family: helvetica, arial, sans-serif;\"><strong>C\u00e1ch th\u01b0\u1edfng th\u1ee9c<\/strong><\/span><br \/>\n<span style=\"font-family: helvetica, arial, sans-serif;\">Don Ant\u00f2 Primitivo ngon nh\u1ea5t khi \u0111\u01b0\u1ee3c ph\u1ee5c v\u1ee5 \u1edf nhi\u1ec7t \u0111\u1ed9 16-18\u00b0C. L\u00fd t\u01b0\u1edfng \u0111\u1ec3 k\u1ebft h\u1ee3p v\u1edbi th\u1ecbt \u0111\u1ecf, ph\u00f4 mai l\u00e2u n\u0103m ho\u1eb7c c\u00e1c m\u00f3n n\u01b0\u1edbng \u0111\u1eadm v\u1ecb. \u0110\u00e2y l\u00e0 l\u1ef1a ch\u1ecdn ho\u00e0n h\u1ea3o cho nh\u1eefng bu\u1ed5i ti\u1ec7c sang tr\u1ecdng ho\u1eb7c l\u00e0m qu\u00e0 t\u1eb7ng cao c\u1ea5p.<\/span><\/p>\n<hr \/>\n<p><span style=\"font-family: helvetica, arial, sans-serif;\"><strong>R\u01b0\u1ee3u Ngo\u1ea1i Twine \u2013 Th\u01b0\u01a1ng Hi\u1ec7u T\u1eeb N\u0103m 2021<\/strong><\/span><br \/>\n<span style=\"font-family: helvetica, arial, sans-serif;\"><strong>\u0110\u1ecba ch\u1ec9:<\/strong> 144, \u0110\u01b0\u1eddng D1, KDC Ph\u00fa H\u00f2a 1, TP. Th\u1ee7 D\u1ea7u M\u1ed9t, B\u00ecnh D\u01b0\u01a1ng<\/span><br \/>\n<span style=\"font-family: helvetica, arial, sans-serif;\"><strong>Hotline:<\/strong> 0989.819.859 \u2013 0898.683.465<\/span><br \/>\n<span style=\"font-family: helvetica, arial, sans-serif;\"><strong>Fanpage:<\/strong> <a href=\"https:\/\/fb.com\/ruoungoaitwine\" target=\"_new\" rel=\"noopener\">fb.com\/ruoungoaitwine<\/a> | <a href=\"https:\/\/fb.com\/ruouvangtwine\" target=\"_new\" rel=\"noopener\">fb.com\/ruouvangtwine<\/a><\/span><br \/>\n<span style=\"font-family: helvetica, arial, sans-serif;\"><strong>Twine \u2013 \u0110\u1ed3ng h\u00e0nh c\u00f9ng b\u1ea1n n\u00e2ng t\u1ea7m phong c\u00e1ch s\u1ed1ng v\u1edbi nh\u1eefng d\u00f2ng r\u01b0\u1ee3u ngo\u1ea1i th\u01b0\u1ee3ng h\u1ea1ng!<\/strong><\/span><\/p>\n","protected":false},"excerpt":{"rendered":"<p><span style=\"font-family: helvetica, arial, sans-serif;\">Don Ant\u00f2 Primitivo l\u00e0 m\u1ed9t trong nh\u1eefng chai r\u01b0\u1ee3u vang cao c\u1ea5p \u0111\u1ebfn t\u1eeb v\u00f9ng Puglia, \u00dd. \u0110\u01b0\u1ee3c l\u00e0m t\u1eeb gi\u1ed1ng nho Primitivo tr\u1ee9 danh, r\u01b0\u1ee3u mang \u0111\u1eadm n\u00e9t \u0111\u1eb7c tr\u01b0ng c\u1ee7a v\u00f9ng \u0111\u1ea5t \u0111\u1ea7y n\u1eafng gi\u00f3, t\u1ea1o n\u00ean h\u01b0\u01a1ng v\u1ecb m\u1ea1nh m\u1ebd v\u00e0 quy\u1ebfn r\u0169. Thi\u1ebft k\u1ebf h\u1ed9p \u0111\u1ef1ng v\u1edbi s\u1eafc m\u00e0u ngh\u1ec7 thu\u1eadt \u0111\u1ed9c \u0111\u00e1o c\u00f9ng h\u00ecnh \u1ea3nh thi\u00ean nga v\u00e0ng bi\u1ec3u t\u01b0\u1ee3ng cho s\u1ef1 sang tr\u1ecdng v\u00e0 qu\u00fd ph\u00e1i.<\/span><\/p>\n","protected":false},"featured_media":25237,"comment_status":"open","ping_status":"closed","template":"","meta":[],"product_cat":[15,150],"product_tag":[],"class_list":{"0":"post-25233","1":"product","2":"type-product","3":"status-publish","4":"has-post-thumbnail","6":"product_cat-ruou-vang","7":"product_cat-ruou-vang-y","10":"first","11":"instock","12":"shipping-taxable","13":"product-type-simple"},"_links":{"self":[{"href":"https:\/\/twine.vn\/index.php\/wp-json\/wp\/v2\/product\/25233","targetHints":{"allow":["GET"]}}],"collection":[{"href":"https:\/\/twine.vn\/index.php\/wp-json\/wp\/v2\/product"}],"about":[{"href":"https:\/\/twine.vn\/index.php\/wp-json\/wp\/v2\/types\/product"}],"replies":[{"embeddable":true,"href":"https:\/\/twine.vn\/index.php\/wp-json\/wp\/v2\/comments?post=25233"}],"wp:featuredmedia":[{"embeddable":true,"href":"https:\/\/twine.vn\/index.php\/wp-json\/wp\/v2\/media\/25237"}],"wp:attachment":[{"href":"https:\/\/twine.vn\/index.php\/wp-json\/wp\/v2\/media?parent=25233"}],"wp:term":[{"taxonomy":"product_cat","embeddable":true,"href":"https:\/\/twine.vn\/index.php\/wp-json\/wp\/v2\/product_cat?post=25233"},{"taxonomy":"product_tag","embeddable":true,"href":"https:\/\/twine.vn\/index.php\/wp-json\/wp\/v2\/product_tag?post=25233"}],"curies":[{"name":"wp","href":"https:\/\/api.w.org\/{rel}","templated":true}]}}