{"id":25248,"date":"2025-01-25T14:59:17","date_gmt":"2025-01-25T14:59:17","guid":{"rendered":"https:\/\/twine.vn\/?post_type=product&#038;p=25248"},"modified":"2025-01-25T14:59:17","modified_gmt":"2025-01-25T14:59:17","slug":"victory-primitivo-del-salento-igp","status":"publish","type":"product","link":"https:\/\/twine.vn\/index.php\/product\/victory-primitivo-del-salento-igp\/","title":{"rendered":"Victory Primitivo del Salento IGP"},"content":{"rendered":"<h3><span style=\"font-family: helvetica, arial, sans-serif;\">Gi\u1edbi thi\u1ec7u<\/span><\/h3>\n<p><span style=\"font-family: helvetica, arial, sans-serif;\"><strong>Victory Primitivo del Salento IGP<\/strong> l\u00e0 d\u00f2ng r\u01b0\u1ee3u vang \u0111\u1ecf cao c\u1ea5p \u0111\u1ebfn t\u1eeb v\u00f9ng <strong>Salento<\/strong>, mi\u1ec1n Nam n\u01b0\u1edbc \u00dd, mang \u0111\u1eadm d\u1ea5u \u1ea5n c\u1ee7a gi\u1ed1ng nho <strong>Primitivo<\/strong>. V\u1edbi bi\u1ec3u t\u01b0\u1ee3ng m\u1ea1nh m\u1ebd v\u00e0 tinh th\u1ea7n chi\u1ebfn th\u1eafng, Victory kh\u00f4ng ch\u1ec9 l\u00e0 m\u1ed9t chai vang m\u00e0 c\u00f2n l\u00e0 hi\u1ec7n th\u00e2n c\u1ee7a s\u1ef1 ki\u00eau h\u00e3nh v\u00e0 tinh t\u1ebf.<\/span><\/p>\n<hr \/>\n<h3><span style=\"font-family: helvetica, arial, sans-serif;\">\u0110\u1eb7c tr\u01b0ng h\u01b0\u01a1ng v\u1ecb<\/span><\/h3>\n<ul>\n<li><span style=\"font-family: helvetica, arial, sans-serif;\"><strong>H\u01b0\u01a1ng th\u01a1m (Nose):<\/strong> N\u1ed5i b\u1eadt v\u1edbi h\u01b0\u01a1ng m\u1eadn ch\u00edn, qu\u1ea3 anh \u0111\u00e0o \u0111en c\u00f9ng m\u1ed9t ch\u00fat gia v\u1ecb ng\u1ecdt nh\u01b0 vani v\u00e0 g\u1ed7 s\u1ed3i.<\/span><\/li>\n<li><span style=\"font-family: helvetica, arial, sans-serif;\"><strong>V\u1ecb (Palate):<\/strong> \u0110\u1eadm \u0111\u00e0, tr\u00f2n tr\u1ecba v\u1edbi c\u1ea5u tr\u00fac tannin m\u1ec1m m\u1ea1i. H\u01b0\u01a1ng tr\u00e1i c\u00e2y ch\u00edn h\u00f2a quy\u1ec7n c\u00f9ng v\u1ecb cay nh\u1eb9 nh\u00e0ng, t\u1ea1o n\u00ean m\u1ed9t b\u1ea3n giao h\u01b0\u1edfng v\u1ecb gi\u00e1c tuy\u1ec7t v\u1eddi.<\/span><\/li>\n<li><span style=\"font-family: helvetica, arial, sans-serif;\"><strong>H\u1eadu v\u1ecb (Finish):<\/strong> D\u00e0i l\u00e2u, \u0111\u1ec3 l\u1ea1i \u1ea5n t\u01b0\u1ee3ng m\u1ea1nh m\u1ebd v\u1edbi ch\u00fat v\u1ecb chocolate v\u00e0 h\u01b0\u01a1ng g\u1ed7 n\u01b0\u1edbng.<\/span><\/li>\n<\/ul>\n<hr \/>\n<h3><span style=\"font-family: helvetica, arial, sans-serif;\">\u0110\u1eb7c \u0111i\u1ec3m s\u1ea3n ph\u1ea9m<\/span><\/h3>\n<ul>\n<li><span style=\"font-family: helvetica, arial, sans-serif;\"><strong>Dung t\u00edch:<\/strong> 750ml<\/span><\/li>\n<li><span style=\"font-family: helvetica, arial, sans-serif;\"><strong>N\u1ed3ng \u0111\u1ed9 c\u1ed3n:<\/strong> 14.5% ABV<\/span><\/li>\n<li><span style=\"font-family: helvetica, arial, sans-serif;\"><strong>Xu\u1ea5t x\u1ee9:<\/strong> Salento, Puglia, \u00dd<\/span><\/li>\n<li><span style=\"font-family: helvetica, arial, sans-serif;\"><strong>Ph\u00e2n h\u1ea1ng:<\/strong> Indicazione Geografica Protetta (IGP)<\/span><\/li>\n<li><span style=\"font-family: helvetica, arial, sans-serif;\"><strong>Lo\u1ea1i nho:<\/strong> Primitivo<\/span><\/li>\n<\/ul>\n<hr \/>\n<h3><span style=\"font-family: helvetica, arial, sans-serif;\">Th\u01b0\u1edfng th\u1ee9c<\/span><\/h3>\n<ul>\n<li><span style=\"font-family: helvetica, arial, sans-serif;\"><strong>K\u1ebft h\u1ee3p m\u00f3n \u0103n:<\/strong> Ho\u00e0n h\u1ea3o v\u1edbi c\u00e1c m\u00f3n th\u1ecbt b\u00f2, th\u1ecbt c\u1eebu n\u01b0\u1edbng, ph\u00f4 mai ch\u00edn, ho\u1eb7c m\u00ec \u00dd s\u1ed1t th\u1ecbt \u0111\u1ecf.<\/span><\/li>\n<li><span style=\"font-family: helvetica, arial, sans-serif;\"><strong>Nhi\u1ec7t \u0111\u1ed9 ph\u1ee5c v\u1ee5:<\/strong> 16-18\u00b0C. \u0110\u1ec3 r\u01b0\u1ee3u th\u1edf trong decanter 30 ph\u00fat tr\u01b0\u1edbc khi u\u1ed1ng \u0111\u1ec3 c\u1ea3m nh\u1eadn tr\u1ecdn v\u1eb9n h\u01b0\u01a1ng v\u1ecb.<\/span><\/li>\n<\/ul>\n<hr \/>\n<h3><span style=\"font-family: helvetica, arial, sans-serif;\">T\u1ea1i sao ch\u1ecdn Victory Primitivo del Salento IGP?<\/span><\/h3>\n<ul>\n<li><span style=\"font-family: helvetica, arial, sans-serif;\">H\u01b0\u01a1ng v\u1ecb \u0111\u1eadm ch\u1ea5t c\u1ed5 \u0111i\u1ec3n t\u1eeb v\u00f9ng Salento.<\/span><\/li>\n<li><span style=\"font-family: helvetica, arial, sans-serif;\">Bi\u1ec3u t\u01b0\u1ee3ng chi\u1ebfn th\u1eafng mang \u0111\u1ebfn c\u1ea3m gi\u00e1c t\u1ef1 tin v\u00e0 \u0111\u1eb3ng c\u1ea5p.<\/span><\/li>\n<li><span style=\"font-family: helvetica, arial, sans-serif;\">Ch\u1ea5t l\u01b0\u1ee3ng v\u01b0\u1ee3t tr\u1ed9i t\u1eeb m\u1ed9t trong nh\u1eefng v\u00f9ng r\u01b0\u1ee3u vang h\u00e0ng \u0111\u1ea7u n\u01b0\u1edbc \u00dd.<\/span><\/li>\n<\/ul>\n<hr \/>\n<h3><span style=\"font-family: helvetica, arial, sans-serif;\">Li\u00ean h\u1ec7 ngay \u0111\u1ec3 s\u1edf h\u1eefu chai vang Victory \u0111\u1ec9nh cao<\/span><\/h3>\n<ul>\n<li><span style=\"font-family: helvetica, arial, sans-serif;\"><strong>R\u01b0\u1ee3u Ngo\u1ea1i Twine<\/strong><\/span>\n<ul>\n<li><span style=\"font-family: helvetica, arial, sans-serif;\"><strong>\u0110\u1ecba ch\u1ec9:<\/strong> 144, \u0110\u01b0\u1eddng D1, KDC Ph\u00fa H\u00f2a 1, TP. Th\u1ee7 D\u1ea7u M\u1ed9t, B\u00ecnh D\u01b0\u01a1ng<\/span><\/li>\n<li><span style=\"font-family: helvetica, arial, sans-serif;\"><strong>Hotline:<\/strong> 0989.819.859 \u2013 0898.683.465<\/span><\/li>\n<li><span style=\"font-family: helvetica, arial, sans-serif;\"><strong>Fanpage:<\/strong> <a href=\"https:\/\/fb.com\/ruoungoaitwine\" target=\"_new\" rel=\"noopener\">fb.com\/ruoungoaitwine<\/a> | <a href=\"https:\/\/fb.com\/ruouvangtwine\" target=\"_new\" rel=\"noopener\">fb.com\/ruouvangtwine<\/a><\/span><\/li>\n<\/ul>\n<\/li>\n<\/ul>\n<p><span style=\"font-family: helvetica, arial, sans-serif;\">Twine \u2013 Tinh hoa vang th\u01b0\u1ee3ng h\u1ea1ng, tr\u1ea3i nghi\u1ec7m \u0111\u1ec9nh cao! \ud83c\udf77<\/span><\/p>\n","protected":false},"excerpt":{"rendered":"<p><span style=\"font-family: helvetica, arial, sans-serif;\"><strong>Victory Primitivo del Salento IGP<\/strong> l\u00e0 d\u00f2ng r\u01b0\u1ee3u vang \u0111\u1ecf cao c\u1ea5p \u0111\u1ebfn t\u1eeb v\u00f9ng <strong>Salento<\/strong>, mi\u1ec1n Nam n\u01b0\u1edbc \u00dd, mang \u0111\u1eadm d\u1ea5u \u1ea5n c\u1ee7a gi\u1ed1ng nho <strong>Primitivo<\/strong>. V\u1edbi bi\u1ec3u t\u01b0\u1ee3ng m\u1ea1nh m\u1ebd v\u00e0 tinh th\u1ea7n chi\u1ebfn th\u1eafng, Victory kh\u00f4ng ch\u1ec9 l\u00e0 m\u1ed9t chai vang m\u00e0 c\u00f2n l\u00e0 hi\u1ec7n th\u00e2n c\u1ee7a s\u1ef1 ki\u00eau h\u00e3nh v\u00e0 tinh t\u1ebf.<\/span><\/p>\n","protected":false},"featured_media":25252,"comment_status":"open","ping_status":"closed","template":"","meta":[],"product_cat":[15,150,103],"product_tag":[],"class_list":{"0":"post-25248","1":"product","2":"type-product","3":"status-publish","4":"has-post-thumbnail","6":"product_cat-ruou-vang","7":"product_cat-ruou-vang-y","8":"product_cat-red-wines","11":"first","12":"instock","13":"shipping-taxable","14":"product-type-simple"},"_links":{"self":[{"href":"https:\/\/twine.vn\/index.php\/wp-json\/wp\/v2\/product\/25248","targetHints":{"allow":["GET"]}}],"collection":[{"href":"https:\/\/twine.vn\/index.php\/wp-json\/wp\/v2\/product"}],"about":[{"href":"https:\/\/twine.vn\/index.php\/wp-json\/wp\/v2\/types\/product"}],"replies":[{"embeddable":true,"href":"https:\/\/twine.vn\/index.php\/wp-json\/wp\/v2\/comments?post=25248"}],"wp:featuredmedia":[{"embeddable":true,"href":"https:\/\/twine.vn\/index.php\/wp-json\/wp\/v2\/media\/25252"}],"wp:attachment":[{"href":"https:\/\/twine.vn\/index.php\/wp-json\/wp\/v2\/media?parent=25248"}],"wp:term":[{"taxonomy":"product_cat","embeddable":true,"href":"https:\/\/twine.vn\/index.php\/wp-json\/wp\/v2\/product_cat?post=25248"},{"taxonomy":"product_tag","embeddable":true,"href":"https:\/\/twine.vn\/index.php\/wp-json\/wp\/v2\/product_tag?post=25248"}],"curies":[{"name":"wp","href":"https:\/\/api.w.org\/{rel}","templated":true}]}}